{"id":930,"date":"2016-04-03T17:54:12","date_gmt":"2016-04-03T17:54:12","guid":{"rendered":"http:\/\/cebilbilitanos.com\/?page_id=930"},"modified":"2016-04-03T17:54:31","modified_gmt":"2016-04-03T17:54:31","slug":"930-2","status":"publish","type":"page","link":"http:\/\/cebilbilitanos.com\/?page_id=930","title":{"rendered":"Noche en jard\u00edn destruido [2004-2008]"},"content":{"rendered":"<p><a href=\"http:\/\/cebilbilitanos.com\/wp-content\/uploads\/2016\/04\/noche.jpg\"><img decoding=\"async\" loading=\"lazy\" class=\"aligncenter size-full wp-image-931\" src=\"http:\/\/cebilbilitanos.com\/wp-content\/uploads\/2016\/04\/noche.jpg\" alt=\"noche\" width=\"184\" height=\"250\" \/><\/a><\/p>\n<p>AUTOR:\u00a0Cabrera Cartaya, Iv\u00e1n<br \/>\nNOTAS: Premio de Poes\u00eda<\/p>\n<ul>\n<li>EDICI\u00d3N:Editado por:IFC &#8211; CEB<\/li>\n<li>Edici\u00f3n:62 p., 21,5&#215;15,5 cm,<\/li>\n<li>ISBN 978-84-9911-338-8<\/li>\n<li>A\u00f1o edici\u00f3n: 2015<\/li>\n<li>COLECCI\u00d3N:Centro de Estudios Bilbilitanos<\/li>\n<li>N\u00ba PUBLICACI\u00d3N:3393<\/li>\n<li>PRECIO: 5,00 \u20ac<\/li>\n<\/ul>\n<p>MATERIAS:<br \/>\nLENGUA y LITERATURA &gt; Literatura contempor\u00e1nea<br \/>\nNARRATIVA, POES\u00cdA y TEATRO &gt; Poes\u00eda<\/p>\n<p>INFORMACI\u00d3N ADICIONAL:<br \/>\nEl Premio de Poes\u00eda \u00abJos\u00e9 Ver\u00f3n Gormaz\u00bb de 2014 ha correspondido al libro Noche en jard\u00edn destruido, de Iv\u00e1n Cabrera Cartaya, que atrajo al jurado por sus valores l\u00edricos y su capacidad de emoci\u00f3n. El t\u00edtulo del poemario es revelador de su contenido, pues, efectivamente, los poemas nos presentan una visi\u00f3n de un jard\u00edn desmoronado, un jard\u00edn arruinado y en sombras por donde vaga el poeta como un fantasma que busca en vano rastros de s\u00ed mismo. Desaz\u00f3n y desaliento es la sensaci\u00f3n que produce esta b\u00fasqueda afanosa en medio de la nada, a trav\u00e9s de la cual se plantean las preguntas esenciales de la vida: la identidad de yo, la existencia del otro, el sentido o sinsentido de la realidad. Emoci\u00f3n, ciertamente, pero no de la superficial y vana, sino de la m\u00e1s radical y asociada a problemas hondamente metaf\u00edsicos. Este es uno de los valores del libro: el saber aunar la meditaci\u00f3n con lo emocional. Como dijo don Miguel de Unamuno: \u00abSiente el pensamiento, piensa el sentimiento\u00bb.<\/p>\n","protected":false},"excerpt":{"rendered":"<p>AUTOR:\u00a0Cabrera Cartaya, Iv\u00e1n NOTAS: Premio de Poes\u00eda EDICI\u00d3N:Editado por:IFC &#8211; CEB Edici\u00f3n:62 p., 21,5&#215;15,5 cm, ISBN 978-84-9911-338-8 A\u00f1o edici\u00f3n: 2015 COLECCI\u00d3N:Centro de Estudios Bilbilitanos N\u00ba PUBLICACI\u00d3N:3393 PRECIO: 5,00 \u20ac MATERIAS: LENGUA y LITERATURA &gt; Literatura contempor\u00e1nea NARRATIVA, POES\u00cdA y TEATRO &hellip; <a href=\"http:\/\/cebilbilitanos.com\/?page_id=930\">Sigue leyendo <span class=\"meta-nav\">&rarr;<\/span><\/a><\/p>\n","protected":false},"author":1,"featured_media":0,"parent":193,"menu_order":0,"comment_status":"open","ping_status":"open","template":"","meta":[],"_links":{"self":[{"href":"http:\/\/cebilbilitanos.com\/index.php?rest_route=\/wp\/v2\/pages\/930"}],"collection":[{"href":"http:\/\/cebilbilitanos.com\/index.php?rest_route=\/wp\/v2\/pages"}],"about":[{"href":"http:\/\/cebilbilitanos.com\/index.php?rest_route=\/wp\/v2\/types\/page"}],"author":[{"embeddable":true,"href":"http:\/\/cebilbilitanos.com\/index.php?rest_route=\/wp\/v2\/users\/1"}],"replies":[{"embeddable":true,"href":"http:\/\/cebilbilitanos.com\/index.php?rest_route=%2Fwp%2Fv2%2Fcomments&post=930"}],"version-history":[{"count":2,"href":"http:\/\/cebilbilitanos.com\/index.php?rest_route=\/wp\/v2\/pages\/930\/revisions"}],"predecessor-version":[{"id":933,"href":"http:\/\/cebilbilitanos.com\/index.php?rest_route=\/wp\/v2\/pages\/930\/revisions\/933"}],"up":[{"embeddable":true,"href":"http:\/\/cebilbilitanos.com\/index.php?rest_route=\/wp\/v2\/pages\/193"}],"wp:attachment":[{"href":"http:\/\/cebilbilitanos.com\/index.php?rest_route=%2Fwp%2Fv2%2Fmedia&parent=930"}],"curies":[{"name":"wp","href":"https:\/\/api.w.org\/{rel}","templated":true}]}}

Noche en jardín destruido [2004-2008]

<p><a href="http://cebilbilitanos.com/wp-content/uploads/2016/04/noche.jpg"><img decoding="async" loading="lazy" class="aligncenter size-full wp-image-931" src="http://cebilbilitanos.com/wp-content/uploads/2016/04/noche.jpg" alt="noche" width="184" height="250" /></a></p>
<p>AUTOR: Cabrera Cartaya, Iván<br />
NOTAS: Premio de Poesía</p>
<ul>
<li>EDICIÓN:Editado por:IFC &#8211; CEB</li>
<li>Edición:62 p., 21,5&#215;15,5 cm,</li>
<li>ISBN 978-84-9911-338-8</li>
<li>Año edición: 2015</li>
<li>COLECCIÓN:Centro de Estudios Bilbilitanos</li>
<li>Nº PUBLICACIÓN:3393</li>
<li>PRECIO: 5,00 €</li>
</ul>
<p>MATERIAS:<br />
LENGUA y LITERATURA &gt; Literatura contemporánea<br />
NARRATIVA, POESÍA y TEATRO &gt; Poesía</p>
<p>INFORMACIÓN ADICIONAL:<br />
El Premio de Poesía «José Verón Gormaz» de 2014 ha correspondido al libro Noche en jardín destruido, de Iván Cabrera Cartaya, que atrajo al jurado por sus valores líricos y su capacidad de emoción. El título del poemario es revelador de su contenido, pues, efectivamente, los poemas nos presentan una visión de un jardín desmoronado, un jardín arruinado y en sombras por donde vaga el poeta como un fantasma que busca en vano rastros de sí mismo. Desazón y desaliento es la sensación que produce esta búsqueda afanosa en medio de la nada, a través de la cual se plantean las preguntas esenciales de la vida: la identidad de yo, la existencia del otro, el sentido o sinsentido de la realidad. Emoción, ciertamente, pero no de la superficial y vana, sino de la más radical y asociada a problemas hondamente metafísicos. Este es uno de los valores del libro: el saber aunar la meditación con lo emocional. Como dijo don Miguel de Unamuno: «Siente el pensamiento, piensa el sentimiento».</p>

<p>AUTOR: Cabrera Cartaya, Iván NOTAS: Premio de Poesía EDICIÓN:Editado por:IFC &#8211; CEB Edición:62 p., 21,5&#215;15,5 cm, ISBN 978-84-9911-338-8 Año edición: 2015 COLECCIÓN:Centro de Estudios Bilbilitanos Nº PUBLICACIÓN:3393 PRECIO: 5,00 € MATERIAS: LENGUA y LITERATURA &gt; Literatura contemporánea NARRATIVA, POESÍA y TEATRO &hellip; <a href="http://cebilbilitanos.com/?page_id=930">Sigue leyendo <span class="meta-nav">&rarr;</span></a></p>
