{"id":927,"date":"2016-04-03T17:51:47","date_gmt":"2016-04-03T17:51:47","guid":{"rendered":"http:\/\/cebilbilitanos.com\/?page_id=927"},"modified":"2016-04-03T17:51:47","modified_gmt":"2016-04-03T17:51:47","slug":"hijos-de-homero","status":"publish","type":"page","link":"http:\/\/cebilbilitanos.com\/?page_id=927","title":{"rendered":"Hijos de Homero"},"content":{"rendered":"<p><a href=\"http:\/\/cebilbilitanos.com\/wp-content\/uploads\/2016\/04\/hijos.jpg\"><img decoding=\"async\" loading=\"lazy\" class=\"aligncenter size-full wp-image-928\" src=\"http:\/\/cebilbilitanos.com\/wp-content\/uploads\/2016\/04\/hijos.jpg\" alt=\"hijos\" width=\"180\" height=\"250\" \/><\/a><\/p>\n<p>AUTOR:\u00a0Gracia, Antonio<br \/>\nNOTAS:Premio de Poes\u00eda 2009<\/p>\n<ul>\n<li>EDICI\u00d3N:Editado por:IFC &#8211; CEB<\/li>\n<li>Edici\u00f3n:80 p., 21&#215;15 cm,<\/li>\n<li>ISBN 978-84-9911-054-7<\/li>\n<li>A\u00f1o edici\u00f3n: 2010<\/li>\n<li>COLECCI\u00d3N:Centro de Estudios Bilbilitanos<\/li>\n<li>N\u00ba PUBLICACI\u00d3N:2953P<\/li>\n<li>RECIO: Agotado<\/li>\n<\/ul>\n<p>MATERIAS:<br \/>\nNARRATIVA, POES\u00cdA y TEATRO &gt; Poes\u00eda<\/p>\n","protected":false},"excerpt":{"rendered":"<p>AUTOR:\u00a0Gracia, Antonio NOTAS:Premio de Poes\u00eda 2009 EDICI\u00d3N:Editado por:IFC &#8211; CEB Edici\u00f3n:80 p., 21&#215;15 cm, ISBN 978-84-9911-054-7 A\u00f1o edici\u00f3n: 2010 COLECCI\u00d3N:Centro de Estudios Bilbilitanos N\u00ba PUBLICACI\u00d3N:2953P RECIO: Agotado MATERIAS: NARRATIVA, POES\u00cdA y TEATRO &gt; Poes\u00eda<\/p>\n","protected":false},"author":1,"featured_media":0,"parent":193,"menu_order":0,"comment_status":"open","ping_status":"open","template":"","meta":[],"_links":{"self":[{"href":"http:\/\/cebilbilitanos.com\/index.php?rest_route=\/wp\/v2\/pages\/927"}],"collection":[{"href":"http:\/\/cebilbilitanos.com\/index.php?rest_route=\/wp\/v2\/pages"}],"about":[{"href":"http:\/\/cebilbilitanos.com\/index.php?rest_route=\/wp\/v2\/types\/page"}],"author":[{"embeddable":true,"href":"http:\/\/cebilbilitanos.com\/index.php?rest_route=\/wp\/v2\/users\/1"}],"replies":[{"embeddable":true,"href":"http:\/\/cebilbilitanos.com\/index.php?rest_route=%2Fwp%2Fv2%2Fcomments&post=927"}],"version-history":[{"count":1,"href":"http:\/\/cebilbilitanos.com\/index.php?rest_route=\/wp\/v2\/pages\/927\/revisions"}],"predecessor-version":[{"id":929,"href":"http:\/\/cebilbilitanos.com\/index.php?rest_route=\/wp\/v2\/pages\/927\/revisions\/929"}],"up":[{"embeddable":true,"href":"http:\/\/cebilbilitanos.com\/index.php?rest_route=\/wp\/v2\/pages\/193"}],"wp:attachment":[{"href":"http:\/\/cebilbilitanos.com\/index.php?rest_route=%2Fwp%2Fv2%2Fmedia&parent=927"}],"curies":[{"name":"wp","href":"https:\/\/api.w.org\/{rel}","templated":true}]}}

<p><a href="http://cebilbilitanos.com/wp-content/uploads/2016/04/hijos.jpg"><img decoding="async" loading="lazy" class="aligncenter size-full wp-image-928" src="http://cebilbilitanos.com/wp-content/uploads/2016/04/hijos.jpg" alt="hijos" width="180" height="250" /></a></p>
<p>AUTOR: Gracia, Antonio<br />
NOTAS:Premio de Poesía 2009</p>
<ul>
<li>EDICIÓN:Editado por:IFC &#8211; CEB</li>
<li>Edición:80 p., 21&#215;15 cm,</li>
<li>ISBN 978-84-9911-054-7</li>
<li>Año edición: 2010</li>
<li>COLECCIÓN:Centro de Estudios Bilbilitanos</li>
<li>Nº PUBLICACIÓN:2953P</li>
<li>RECIO: Agotado</li>
</ul>
<p>MATERIAS:<br />
NARRATIVA, POESÍA y TEATRO &gt; Poesía</p>

<p>AUTOR: Gracia, Antonio NOTAS:Premio de Poesía 2009 EDICIÓN:Editado por:IFC &#8211; CEB Edición:80 p., 21&#215;15 cm, ISBN 978-84-9911-054-7 Año edición: 2010 COLECCIÓN:Centro de Estudios Bilbilitanos Nº PUBLICACIÓN:2953P RECIO: Agotado MATERIAS: NARRATIVA, POESÍA y TEATRO &gt; Poesía</p>
