{"id":565,"date":"2015-09-13T13:39:27","date_gmt":"2015-09-13T13:39:27","guid":{"rendered":"http:\/\/cebilbilitanos.com\/?page_id=565"},"modified":"2015-09-13T17:59:06","modified_gmt":"2015-09-13T17:59:06","slug":"sombras-perseguidas-qalat-ayyub","status":"publish","type":"page","link":"http:\/\/cebilbilitanos.com\/?page_id=565","title":{"rendered":"Sombras perseguidas (Qal\u2018at-Ayyub)"},"content":{"rendered":"<p><b><a href=\"http:\/\/cebilbilitanos.com\/wp-content\/uploads\/2015\/09\/image_th1-17.jpg\"><img decoding=\"async\" loading=\"lazy\" class=\"aligncenter size-full wp-image-566\" src=\"http:\/\/cebilbilitanos.com\/wp-content\/uploads\/2015\/09\/image_th1-17.jpg\" alt=\"_image_th1 (17)\" width=\"178\" height=\"250\" \/><\/a>JIM\u00c9NEZ SALCEDO, Gregorio F.<\/b>, <i>Sombras perseguidas (Qal\u2018at-Ayyub)<\/i>, CEB, Calatayud, 1994, Centro de Estudios Bilbilitanos, 46, 96 p., 15&#215;21 cm. ISBN: 84-7820-201-3.<\/p>\n<p><b>Sinopsis<\/b>: Este libro que aqu\u00ed se ofrece, es un poemario, dedicado a la visi\u00f3n del Calatayud musulm\u00e1n, emocionalmente recreado en melanc\u00f3lica visi\u00f3n, con el recuerdo puesto en su doble aspecto de un pasado de hace siglos un hoy en el que algo de aquel ayer perdura entre las sombras de la evocaci\u00f3n.<\/p>\n<div class=\"item\">\n<div class=\"nom\"><strong><span class=\"ficha_txt1\">EDICI\u00d3N:<\/span><\/strong><\/div>\n<div class=\"items_block\">\n<ul>\n<li class=\"items_block_nom\"><span class=\"ficha_txt2\">Editado por:\u00a0<\/span><span class=\"normal\">IFC-CEB<\/span><\/li>\n<li class=\"items_block_nom\"><span class=\"ficha_txt2\">Edici\u00f3n:\u00a0<\/span><span class=\"normal\">96 p.,15&#215;21 cm, ISBN 84-7820-201-3<\/span><\/li>\n<li class=\"items_block_nom\"><span class=\"ficha_txt2\">A\u00f1o edici\u00f3n:\u00a0<\/span><span class=\"normal\">1994<\/span><\/li>\n<\/ul>\n<\/div>\n<\/div>\n<div class=\"item\">\n<div class=\"nom\"><span class=\"ficha_txt1\"><strong>COLECCI\u00d3N<\/strong>:\u00a0<\/span><span class=\"normal\">Centro de Estudios Bilbilitanos<\/span><\/div>\n<div class=\"nom\"><\/div>\n<\/div>\n<div class=\"item\">\n<div class=\"nom\"><span class=\"ficha_txt1\"><strong>N\u00ba PUBLICACI\u00d3N:<\/strong>\u00a0<\/span><span class=\"normal\">1628 (IFC) &#8211; 46\u00a0(CEB)<\/span><\/div>\n<div class=\"nom\"><\/div>\n<\/div>\n<div class=\"item\">\n<div class=\"nom\"><span class=\"ficha_txt1\"><strong>PRECIO:<\/strong>\u00a0<\/span><span class=\"normal\">No venal<\/span><\/div>\n<div class=\"nom\"><\/div>\n<\/div>\n<div class=\"item\">\n<div class=\"nom\"><strong><span class=\"ficha_txt1\">MATERIAS:<\/span><\/strong><\/div>\n<div class=\"dat\">\n<div class=\"options2\">NARRATIVA, POES\u00cdA y TEATRO &gt; Poes\u00eda<\/div>\n<\/div>\n<\/div>\n","protected":false},"excerpt":{"rendered":"<p>JIM\u00c9NEZ SALCEDO, Gregorio F., Sombras perseguidas (Qal\u2018at-Ayyub), CEB, Calatayud, 1994, Centro de Estudios Bilbilitanos, 46, 96 p., 15&#215;21 cm. ISBN: 84-7820-201-3. Sinopsis: Este libro que aqu\u00ed se ofrece, es un poemario, dedicado a la visi\u00f3n del Calatayud musulm\u00e1n, emocionalmente recreado &hellip; <a href=\"http:\/\/cebilbilitanos.com\/?page_id=565\">Sigue leyendo <span class=\"meta-nav\">&rarr;<\/span><\/a><\/p>\n","protected":false},"author":1,"featured_media":0,"parent":193,"menu_order":0,"comment_status":"open","ping_status":"open","template":"","meta":[],"_links":{"self":[{"href":"http:\/\/cebilbilitanos.com\/index.php?rest_route=\/wp\/v2\/pages\/565"}],"collection":[{"href":"http:\/\/cebilbilitanos.com\/index.php?rest_route=\/wp\/v2\/pages"}],"about":[{"href":"http:\/\/cebilbilitanos.com\/index.php?rest_route=\/wp\/v2\/types\/page"}],"author":[{"embeddable":true,"href":"http:\/\/cebilbilitanos.com\/index.php?rest_route=\/wp\/v2\/users\/1"}],"replies":[{"embeddable":true,"href":"http:\/\/cebilbilitanos.com\/index.php?rest_route=%2Fwp%2Fv2%2Fcomments&post=565"}],"version-history":[{"count":2,"href":"http:\/\/cebilbilitanos.com\/index.php?rest_route=\/wp\/v2\/pages\/565\/revisions"}],"predecessor-version":[{"id":696,"href":"http:\/\/cebilbilitanos.com\/index.php?rest_route=\/wp\/v2\/pages\/565\/revisions\/696"}],"up":[{"embeddable":true,"href":"http:\/\/cebilbilitanos.com\/index.php?rest_route=\/wp\/v2\/pages\/193"}],"wp:attachment":[{"href":"http:\/\/cebilbilitanos.com\/index.php?rest_route=%2Fwp%2Fv2%2Fmedia&parent=565"}],"curies":[{"name":"wp","href":"https:\/\/api.w.org\/{rel}","templated":true}]}}

<p><b><a href="http://cebilbilitanos.com/wp-content/uploads/2015/09/image_th1-17.jpg"><img decoding="async" loading="lazy" class="aligncenter size-full wp-image-566" src="http://cebilbilitanos.com/wp-content/uploads/2015/09/image_th1-17.jpg" alt="_image_th1 (17)" width="178" height="250" /></a>JIMÉNEZ SALCEDO, Gregorio F.</b>, <i>Sombras perseguidas (Qal‘at-Ayyub)</i>, CEB, Calatayud, 1994, Centro de Estudios Bilbilitanos, 46, 96 p., 15&#215;21 cm. ISBN: 84-7820-201-3.</p>
<p><b>Sinopsis</b>: Este libro que aquí se ofrece, es un poemario, dedicado a la visión del Calatayud musulmán, emocionalmente recreado en melancólica visión, con el recuerdo puesto en su doble aspecto de un pasado de hace siglos un hoy en el que algo de aquel ayer perdura entre las sombras de la evocación.</p>
<div class="item">
<div class="nom"><strong><span class="ficha_txt1">EDICIÓN:</span></strong></div>
<div class="items_block">
<ul>
<li class="items_block_nom"><span class="ficha_txt2">Editado por: </span><span class="normal">IFC-CEB</span></li>
<li class="items_block_nom"><span class="ficha_txt2">Edición: </span><span class="normal">96 p.,15&#215;21 cm, ISBN 84-7820-201-3</span></li>
<li class="items_block_nom"><span class="ficha_txt2">Año edición: </span><span class="normal">1994</span></li>
</ul>
</div>
</div>
<div class="item">
<div class="nom"><span class="ficha_txt1"><strong>COLECCIÓN</strong>: </span><span class="normal">Centro de Estudios Bilbilitanos</span></div>
<div class="nom"></div>
</div>
<div class="item">
<div class="nom"><span class="ficha_txt1"><strong>Nº PUBLICACIÓN:</strong> </span><span class="normal">1628 (IFC) &#8211; 46 (CEB)</span></div>
<div class="nom"></div>
</div>
<div class="item">
<div class="nom"><span class="ficha_txt1"><strong>PRECIO:</strong> </span><span class="normal">No venal</span></div>
<div class="nom"></div>
</div>
<div class="item">
<div class="nom"><strong><span class="ficha_txt1">MATERIAS:</span></strong></div>
<div class="dat">
<div class="options2">NARRATIVA, POESÍA y TEATRO &gt; Poesía</div>
</div>
</div>

<p>JIMÉNEZ SALCEDO, Gregorio F., Sombras perseguidas (Qal‘at-Ayyub), CEB, Calatayud, 1994, Centro de Estudios Bilbilitanos, 46, 96 p., 15&#215;21 cm. ISBN: 84-7820-201-3. Sinopsis: Este libro que aquí se ofrece, es un poemario, dedicado a la visión del Calatayud musulmán, emocionalmente recreado &hellip; <a href="http://cebilbilitanos.com/?page_id=565">Sigue leyendo <span class="meta-nav">&rarr;</span></a></p>
