{"id":561,"date":"2015-09-13T13:27:36","date_gmt":"2015-09-13T13:27:36","guid":{"rendered":"http:\/\/cebilbilitanos.com\/?page_id=561"},"modified":"2015-09-13T16:51:25","modified_gmt":"2015-09-13T16:51:25","slug":"calatayud-mudejar","status":"publish","type":"page","link":"http:\/\/cebilbilitanos.com\/?page_id=561","title":{"rendered":"Calatayud mud\u00e9jar"},"content":{"rendered":"<p><a style=\"clear: left; float: left; margin-bottom: 1em; margin-right: 1em;\" href=\"https:\/\/lh6.googleusercontent.com\/-YrfeF5YOgg0\/TXJ09YtSCKI\/AAAAAAAAADc\/5TarJNxaSXA\/s1600\/cat_31.jpg\"><img decoding=\"async\" src=\"http:\/\/lh6.googleusercontent.com\/-YrfeF5YOgg0\/TXJ09YtSCKI\/AAAAAAAAADc\/5TarJNxaSXA\/s1600\/cat_31.jpg\" alt=\"\" border=\"0\" \/><\/a><b>SANMIGUEL MATEO, Agust\u00edn<\/b>: <i>Calatayud mud\u00e9jar<\/i>, Zaragoza, 1989, Centro de Estudios Bilbilitanos, 31, 32 p., 14 il., 21&#215;31 cm. ISBN: 84-7820-030-4.<\/p>\n<p><b>Sinopsis<\/b>: Carpeta en la que se recogen dieciseis dibujos del autor, representando diversas obras realizadas por los alarifes mud\u00e9jares que trabajaron en Calatayud. Son obras de la arquitectura religiosa y civil, algunas de ellas ya desaparecidas, ambientadas en la \u00e9poca en que se supone fueron constru\u00eddas. Acompa\u00f1a a las l\u00e1minas un amplio estudio introductorio en el que se apunta la teor\u00eda de que varios de estos edificios sean de \u00e9poca anterior a la reconquista cristiana, teor\u00eda que ser\u00e1 posterioremente reiterada y demostrada en otros estudios del mismo autor.<\/p>\n<div class=\"item\">\n<div class=\"nom\"><strong><span class=\"ficha_txt1\">EDICI\u00d3N:<\/span><\/strong><\/div>\n<div class=\"items_block\">\n<ul>\n<li class=\"items_block_nom\"><span class=\"ficha_txt2\">Editado por:\u00a0<\/span><span class=\"normal\">IFC-CEB<\/span><\/li>\n<li class=\"items_block_nom\"><span class=\"ficha_txt2\">Edici\u00f3n:\u00a0<\/span><span class=\"normal\">32 p., 14 il., 21&#215;31 cm, ISBN 84-7820-030-4<\/span><\/li>\n<li class=\"items_block_nom\"><span class=\"ficha_txt2\">A\u00f1o edici\u00f3n:\u00a0<\/span><span class=\"normal\">1989<\/span><\/li>\n<\/ul>\n<\/div>\n<\/div>\n<div class=\"item\">\n<div class=\"nom\"><span class=\"ficha_txt1\"><strong>COLECCI\u00d3N:<\/strong>\u00a0<\/span><span class=\"normal\">Centro de Estudios Bilbilitanos<\/span><\/div>\n<div class=\"nom\"><\/div>\n<\/div>\n<div class=\"item\">\n<div class=\"nom\"><span class=\"ficha_txt1\"><strong>N\u00ba PUBLICACI\u00d3N:<\/strong>\u00a0<\/span><span class=\"normal\">1192 (IFC) &#8211; 31\u00a0(CEB)<\/span><\/div>\n<div class=\"nom\"><\/div>\n<\/div>\n<div class=\"item\">\n<div class=\"nom\"><span class=\"ficha_txt1\"><strong>PRECIO:<\/strong>\u00a0<\/span><span class=\"normal\">10,00 \u20ac<\/span><\/div>\n<div class=\"nom\"><\/div>\n<\/div>\n<div class=\"item\">\n<div class=\"nom\"><strong><span class=\"ficha_txt1\">MATERIAS:<\/span><\/strong><\/div>\n<div class=\"dat\">\n<div class=\"options2\">ARTE &gt; Arte mud\u00e9jar<\/div>\n<div class=\"options2\">ESTUDIOS LOCALES Y COMARCALES &gt; Calatayud<\/div>\n<\/div>\n<\/div>\n","protected":false},"excerpt":{"rendered":"<p>SANMIGUEL MATEO, Agust\u00edn: Calatayud mud\u00e9jar, Zaragoza, 1989, Centro de Estudios Bilbilitanos, 31, 32 p., 14 il., 21&#215;31 cm. ISBN: 84-7820-030-4. Sinopsis: Carpeta en la que se recogen dieciseis dibujos del autor, representando diversas obras realizadas por los alarifes mud\u00e9jares que &hellip; <a href=\"http:\/\/cebilbilitanos.com\/?page_id=561\">Sigue leyendo <span class=\"meta-nav\">&rarr;<\/span><\/a><\/p>\n","protected":false},"author":1,"featured_media":0,"parent":193,"menu_order":0,"comment_status":"open","ping_status":"open","template":"","meta":[],"_links":{"self":[{"href":"http:\/\/cebilbilitanos.com\/index.php?rest_route=\/wp\/v2\/pages\/561"}],"collection":[{"href":"http:\/\/cebilbilitanos.com\/index.php?rest_route=\/wp\/v2\/pages"}],"about":[{"href":"http:\/\/cebilbilitanos.com\/index.php?rest_route=\/wp\/v2\/types\/page"}],"author":[{"embeddable":true,"href":"http:\/\/cebilbilitanos.com\/index.php?rest_route=\/wp\/v2\/users\/1"}],"replies":[{"embeddable":true,"href":"http:\/\/cebilbilitanos.com\/index.php?rest_route=%2Fwp%2Fv2%2Fcomments&post=561"}],"version-history":[{"count":2,"href":"http:\/\/cebilbilitanos.com\/index.php?rest_route=\/wp\/v2\/pages\/561\/revisions"}],"predecessor-version":[{"id":594,"href":"http:\/\/cebilbilitanos.com\/index.php?rest_route=\/wp\/v2\/pages\/561\/revisions\/594"}],"up":[{"embeddable":true,"href":"http:\/\/cebilbilitanos.com\/index.php?rest_route=\/wp\/v2\/pages\/193"}],"wp:attachment":[{"href":"http:\/\/cebilbilitanos.com\/index.php?rest_route=%2Fwp%2Fv2%2Fmedia&parent=561"}],"curies":[{"name":"wp","href":"https:\/\/api.w.org\/{rel}","templated":true}]}}