{"id":549,"date":"2015-09-13T12:06:06","date_gmt":"2015-09-13T12:06:06","guid":{"rendered":"http:\/\/cebilbilitanos.com\/?page_id=549"},"modified":"2015-09-13T17:33:21","modified_gmt":"2015-09-13T17:33:21","slug":"inspirarte","status":"publish","type":"page","link":"http:\/\/cebilbilitanos.com\/?page_id=549","title":{"rendered":"Inspirarte"},"content":{"rendered":"<h4><a href=\"http:\/\/cebilbilitanos.com\/wp-content\/uploads\/2015\/09\/insp\u00ecrarte.jpg\"><img decoding=\"async\" loading=\"lazy\" class=\"aligncenter size-full wp-image-550\" src=\"http:\/\/cebilbilitanos.com\/wp-content\/uploads\/2015\/09\/insp\u00ecrarte.jpg\" alt=\"insp\u00ecrarte\" width=\"177\" height=\"250\" \/><\/a><\/h4>\n<p><strong>Ramos Ruiz, Mariano<\/strong>, <em><a href=\"http:\/\/cebilbilitanos.com\/?page_id=549\">Inspirarte<\/a><\/em>.\u00a0CEB, Calatayud, 2014, Centro de Estudios Bilbilitanos, 129,\u00a038 p., il., 20,9 x 29,7 cm, ISBN 978-84-9911-316-6.<\/p>\n<p>Para el poeta la vida unas veces es hermosa y otras triste, pero frente al plegamiento y a la resignaci\u00f3n, el poeta nos pide que la llenemos \u00abde alegr\u00eda\/ con claridad, con amor, con esperanza\u00bb. Siempre confianza y solidaridad. \u00abNo dejes que arranquen de ella\/ tus pensamientos m\u00e1s puros:\/ demos consuelo al afligido,\/ ternura al que llora,\/ amor al cansado\u00bb.<\/p>\n<p>La Asociaci\u00f3n de Minusv\u00e1lidos B\u00edlbilis se constituy\u00f3 all\u00e1 por 1994, con el objetivo de mejorar la calidad de vida de sus asociados. Desde entonces es toda una realidad, en la que encontramos la pasi\u00f3n necesaria, la dedicaci\u00f3n precisa y la generosidad m\u00e1s humana y desinteresada de unos padres que luchan y trabajan, convencidos de que est\u00e1n construyendo un mejor presente y un futuro todav\u00eda mejor para todas las personas discapacitadas.<\/p>\n<div class=\"item\">\n<div class=\"nom\"><span class=\"ficha_txt1\"><strong>NOTAS:<\/strong>\u00a0<\/span><span class=\"normal\">Poemas de Mariano Ramos Ruiz. Im\u00e1genes de Jos\u00e9 Javier Ib\u00e1\u00f1ez Pablo, Jos\u00e9 Luis Lorente Nu\u00f1o, Jos\u00e9 Antonio Morte Narvi\u00f3n, Manuel Ruiz Mart\u00edn y Yolanda Tello Guajardo. Pr\u00f3logo y edici\u00f3n de Jos\u00e9 Ram\u00f3n Olalla<\/span><\/div>\n<div class=\"nom\"><\/div>\n<\/div>\n<div class=\"item\">\n<div class=\"nom\"><strong><span class=\"ficha_txt1\">EDICI\u00d3N:\u00a0<\/span><\/strong><\/div>\n<div class=\"items_block\">\n<ul>\n<li class=\"items_block_nom\"><span class=\"ficha_txt2\">Editado por:\u00a0<\/span><span class=\"normal\">IFC &#8211; CEB<\/span><\/li>\n<li class=\"items_block_nom\"><span class=\"ficha_txt2\">Edici\u00f3n:\u00a0<\/span><span class=\"normal\">38 p., il., 20,9 x 29,7 cm, ISBN 978-84-9911-316-6<\/span><\/li>\n<li class=\"items_block_nom\"><span class=\"ficha_txt2\">A\u00f1o edici\u00f3n:\u00a0<\/span><span class=\"normal\">2014<\/span><\/li>\n<\/ul>\n<\/div>\n<\/div>\n<div class=\"item\">\n<div class=\"nom\"><span class=\"ficha_txt1\"><strong>COLECCI\u00d3N:<\/strong>\u00a0<\/span><span class=\"normal\">Centro de Estudios Bilbilitanos<\/span><\/div>\n<div class=\"nom\"><\/div>\n<\/div>\n<div class=\"item\">\n<div class=\"nom\"><span class=\"ficha_txt1\"><strong>N\u00ba PUBLICACI\u00d3N:<\/strong>\u00a0<\/span><span class=\"normal\">3357 (IFC) &#8211; 129 (CEB)<\/span><\/div>\n<div class=\"nom\"><\/div>\n<\/div>\n<div class=\"item\">\n<div class=\"nom\"><span class=\"ficha_txt1\"><strong>PRECIO:<\/strong>\u00a0<\/span><span class=\"normal\">6,00 \u20ac<\/span><\/div>\n<div class=\"nom\"><\/div>\n<\/div>\n<div class=\"item\">\n<div class=\"nom\"><strong><span class=\"ficha_txt1\">MATERIAS:<\/span><\/strong><\/div>\n<div class=\"dat\">\n<div class=\"options2\">NARRATIVA, POES\u00cdA y TEATRO &gt; Poes\u00eda<\/div>\n<\/div>\n<\/div>\n<p>&nbsp;<\/p>\n","protected":false},"excerpt":{"rendered":"<p>Ramos Ruiz, Mariano, Inspirarte.\u00a0CEB, Calatayud, 2014, Centro de Estudios Bilbilitanos, 129,\u00a038 p., il., 20,9 x 29,7 cm, ISBN 978-84-9911-316-6. Para el poeta la vida unas veces es hermosa y otras triste, pero frente al plegamiento y a la resignaci\u00f3n, el &hellip; <a href=\"http:\/\/cebilbilitanos.com\/?page_id=549\">Sigue leyendo <span class=\"meta-nav\">&rarr;<\/span><\/a><\/p>\n","protected":false},"author":1,"featured_media":0,"parent":193,"menu_order":0,"comment_status":"open","ping_status":"open","template":"","meta":[],"_links":{"self":[{"href":"http:\/\/cebilbilitanos.com\/index.php?rest_route=\/wp\/v2\/pages\/549"}],"collection":[{"href":"http:\/\/cebilbilitanos.com\/index.php?rest_route=\/wp\/v2\/pages"}],"about":[{"href":"http:\/\/cebilbilitanos.com\/index.php?rest_route=\/wp\/v2\/types\/page"}],"author":[{"embeddable":true,"href":"http:\/\/cebilbilitanos.com\/index.php?rest_route=\/wp\/v2\/users\/1"}],"replies":[{"embeddable":true,"href":"http:\/\/cebilbilitanos.com\/index.php?rest_route=%2Fwp%2Fv2%2Fcomments&post=549"}],"version-history":[{"count":2,"href":"http:\/\/cebilbilitanos.com\/index.php?rest_route=\/wp\/v2\/pages\/549\/revisions"}],"predecessor-version":[{"id":649,"href":"http:\/\/cebilbilitanos.com\/index.php?rest_route=\/wp\/v2\/pages\/549\/revisions\/649"}],"up":[{"embeddable":true,"href":"http:\/\/cebilbilitanos.com\/index.php?rest_route=\/wp\/v2\/pages\/193"}],"wp:attachment":[{"href":"http:\/\/cebilbilitanos.com\/index.php?rest_route=%2Fwp%2Fv2%2Fmedia&parent=549"}],"curies":[{"name":"wp","href":"https:\/\/api.w.org\/{rel}","templated":true}]}}

<h4><a href="http://cebilbilitanos.com/wp-content/uploads/2015/09/inspìrarte.jpg"><img decoding="async" loading="lazy" class="aligncenter size-full wp-image-550" src="http://cebilbilitanos.com/wp-content/uploads/2015/09/inspìrarte.jpg" alt="inspìrarte" width="177" height="250" /></a></h4>
<p><strong>Ramos Ruiz, Mariano</strong>, <em><a href="http://cebilbilitanos.com/?page_id=549">Inspirarte</a></em>. CEB, Calatayud, 2014, Centro de Estudios Bilbilitanos, 129, 38 p., il., 20,9 x 29,7 cm, ISBN 978-84-9911-316-6.</p>
<p>Para el poeta la vida unas veces es hermosa y otras triste, pero frente al plegamiento y a la resignación, el poeta nos pide que la llenemos «de alegría/ con claridad, con amor, con esperanza». Siempre confianza y solidaridad. «No dejes que arranquen de ella/ tus pensamientos más puros:/ demos consuelo al afligido,/ ternura al que llora,/ amor al cansado».</p>
<p>La Asociación de Minusválidos Bílbilis se constituyó allá por 1994, con el objetivo de mejorar la calidad de vida de sus asociados. Desde entonces es toda una realidad, en la que encontramos la pasión necesaria, la dedicación precisa y la generosidad más humana y desinteresada de unos padres que luchan y trabajan, convencidos de que están construyendo un mejor presente y un futuro todavía mejor para todas las personas discapacitadas.</p>
<div class="item">
<div class="nom"><span class="ficha_txt1"><strong>NOTAS:</strong> </span><span class="normal">Poemas de Mariano Ramos Ruiz. Imágenes de José Javier Ibáñez Pablo, José Luis Lorente Nuño, José Antonio Morte Narvión, Manuel Ruiz Martín y Yolanda Tello Guajardo. Prólogo y edición de José Ramón Olalla</span></div>
<div class="nom"></div>
</div>
<div class="item">
<div class="nom"><strong><span class="ficha_txt1">EDICIÓN: </span></strong></div>
<div class="items_block">
<ul>
<li class="items_block_nom"><span class="ficha_txt2">Editado por: </span><span class="normal">IFC &#8211; CEB</span></li>
<li class="items_block_nom"><span class="ficha_txt2">Edición: </span><span class="normal">38 p., il., 20,9 x 29,7 cm, ISBN 978-84-9911-316-6</span></li>
<li class="items_block_nom"><span class="ficha_txt2">Año edición: </span><span class="normal">2014</span></li>
</ul>
</div>
</div>
<div class="item">
<div class="nom"><span class="ficha_txt1"><strong>COLECCIÓN:</strong> </span><span class="normal">Centro de Estudios Bilbilitanos</span></div>
<div class="nom"></div>
</div>
<div class="item">
<div class="nom"><span class="ficha_txt1"><strong>Nº PUBLICACIÓN:</strong> </span><span class="normal">3357 (IFC) &#8211; 129 (CEB)</span></div>
<div class="nom"></div>
</div>
<div class="item">
<div class="nom"><span class="ficha_txt1"><strong>PRECIO:</strong> </span><span class="normal">6,00 €</span></div>
<div class="nom"></div>
</div>
<div class="item">
<div class="nom"><strong><span class="ficha_txt1">MATERIAS:</span></strong></div>
<div class="dat">
<div class="options2">NARRATIVA, POESÍA y TEATRO &gt; Poesía</div>
</div>
</div>
<p>&nbsp;</p>

<p>Ramos Ruiz, Mariano, Inspirarte. CEB, Calatayud, 2014, Centro de Estudios Bilbilitanos, 129, 38 p., il., 20,9 x 29,7 cm, ISBN 978-84-9911-316-6. Para el poeta la vida unas veces es hermosa y otras triste, pero frente al plegamiento y a la resignación, el &hellip; <a href="http://cebilbilitanos.com/?page_id=549">Sigue leyendo <span class="meta-nav">&rarr;</span></a></p>
