{"id":545,"date":"2015-09-13T12:01:15","date_gmt":"2015-09-13T12:01:15","guid":{"rendered":"http:\/\/cebilbilitanos.com\/?page_id=545"},"modified":"2015-09-13T17:08:34","modified_gmt":"2015-09-13T17:08:34","slug":"el-sistema-defensivo-musulman-entre-las-marcas-media-y-superior-de-al-andalus-siglos-x-xii","status":"publish","type":"page","link":"http:\/\/cebilbilitanos.com\/?page_id=545","title":{"rendered":"El sistema defensivo musulm\u00e1n entre las Marcas Media y Superior de al-Andalus (Siglos X-XII)"},"content":{"rendered":"<h4><a href=\"http:\/\/cebilbilitanos.com\/wp-content\/uploads\/2015\/09\/alejandre.jpg\"><img decoding=\"async\" loading=\"lazy\" class=\"aligncenter size-full wp-image-546\" src=\"http:\/\/cebilbilitanos.com\/wp-content\/uploads\/2015\/09\/alejandre.jpg\" alt=\"alejandre\" width=\"163\" height=\"250\" \/><\/a><\/h4>\n<p><strong>Alejandre Alcalde, Vicente<\/strong>.\u00a0<em>El sistema defensivo musulm\u00e1n entre las Marcas Media y Superior de al-Andalus (Siglos X-XII).\u00a0<\/em>CEB, Calatayud, 2014, Centro de Estudios Bilbilitanos,\u00a0126, 491 p., il., 17&#215;24 cm, ISBN 978-84-9911-296-1.<\/p>\n<p>El libro se compone de cuatro cap\u00edtulos, cinco anexos y la correspondiente bibliograf\u00eda. En el primer cap\u00edtulo se analiza el concepto de frontera, adelantando un esquema de la disposici\u00f3n de las fortificaciones que compon\u00edan el sistema castral. En tiempos del emirato y califato de C\u00f3rdoba, la frontera estaba organizada en tres sectores: La Marca Superior, que se extend\u00eda desde el Mediterr\u00e1neo hasta el Moncayo, con capital en Zaragoza, la Marca Media, que comprend\u00eda los territorios comprendidos al sur del Sistema Central, con capital en Toledo, aunque posteriormente se traslad\u00f3 a Medinaceli, y la Marca Inferior, que abarcaba desde la Extremadura hasta el Atl\u00e1ntico, con capital en M\u00e9rida.<\/p>\n<p>Para impedir el avance del enemigo del norte y proteger a los pobladores de la frontera, se ide\u00f3 un sistema de fortalezas, torres y atalayas de car\u00e1cter militar. La poblaci\u00f3n de estos distritos fronterizos era de car\u00e1cter rural, aunque estaba muy jerarquizado. Las fuentes documentales musulmanas citaban una veintena de top\u00f3nimos, aunque no todos ellos est\u00e1n identificados. De la fuentes cristianas resultan interesantes las que se refieren al momento de la reconquista cristiana. La toponimia ha resultado tambi\u00e9n de gran ayuda para complementar estas relaciones. En la provincia de Soria se han podido identificar 50 top\u00f3nimos de origen ar\u00e1bigo, localizados en los sectores de Medinaceli y Almaz\u00e1n, mientras que para las provincias de Zaragoza y Guadalajara, s\u00f3lo se han podido reconocer unos 15 top\u00f3nimos para cada una de ellas.<\/p>\n<p>La arqueolog\u00eda ha completado el trabajo de campo, localizando unos 35 enclaves fortificados, con otros 25 puntos en que se han encontrado solamente restos de cer\u00e1mica medieval. Otros 20 enclaves, en los que no se han encontrado restos de ning\u00fan tipo, pod\u00edan servir de puntos de intervisibilidad. Por su parte, la bibliograf\u00eda de castillos ha dado una lista de unas 50 fortificaciones, repartidas en las tres provincias. El total de fortificaciones, asentamientos y yacimientos musulmanes asciende a unos 250, que no parecen excesivos, pues se corresponden con 4,2 enclaves por cada 100 kil\u00f3metros.<\/p>\n<p>Los asentamientos, en su mayor parte, se disponen en los cursos de los r\u00edos, aprovechando alg\u00fan saliente rocoso o cerro, donde se levanta la fortificaci\u00f3n. Algunos de ellos son fundaciones isl\u00e1micas, en cambio otros ocupan antiguos yacimientos celtib\u00e9ricos o incluso de la Edad del Bronce.<\/p>\n<p>El segundo cap\u00edtulo de este libro marca los l\u00edmites temporales del estudio y explica en su contexto hist\u00f3rico, la organizaci\u00f3n territorial de la regi\u00f3n situada entre las marcas Media y Superior de la frontera entre el-Andalus y los territorios cristianos.<\/p>\n<p>El distrito de Calatayud limitaba con los de Zaragoza, Tudela, Medinaceli y con <em>Barusa<\/em>. Comprend\u00eda el valle del Jal\u00f3n Medio, entre Alhama de Arag\u00f3n y Morata de Jal\u00f3n, adem\u00e1s de los valles de sus afluentes Henar, Manubles, Ribota, Piedra, Mesa, Jiloca y Perejiles. Las fortalezas m\u00e1s importantes de este distrito eran Daroca, Somed, Pe\u00f1alc\u00e1zar, Deza, Ateca, Aranda de Moncayo y Maluenda. En el distrito de Tudela, sector \u00c1greda, destacaban las fortalezas de Tudela, Alfaro, Calahorra, Tarazona, \u00c1greda, Borja, N\u00e1jera, Viguera y Arnedo.<\/p>\n<p>Los Banu Mada, importante familia ber\u00e9ber, controlaba un territorio comprendido entre Pe\u00f1alc\u00e1zar, Deza y Ateca<\/p>\n<p>El tercer cap\u00edtulo est\u00e1 dedicado a describir las caracter\u00edsticas generales del sistema defensivo dise\u00f1ado por los musulmanes, detallando las fortificaciones y sus comunicaciones, tanto \u00f3pticas como terrestres. A todo esto se a\u00f1ade una descripci\u00f3n geol\u00f3gica, hidrol\u00f3gica, ortogr\u00e1fica, clim\u00e1tica y geogr\u00e1fica.<\/p>\n<p>Los dos centros de poder que controlaban esta regi\u00f3n fronteriza, eran las medinas de Medinaceli y Calatayud. La retaguardia del sistema defensivo se alineaba con el r\u00edo Jal\u00f3n, con Ariza en medio de las dos medinas. La l\u00ednea de vanguardia ven\u00eda definida por el r\u00edo Duero, desde Gormaz hasta Almaz\u00e1n, prolong\u00e1ndose hasta Atienza. Esta marca fronteriza, entre los r\u00edos Duero y Jal\u00f3n, abarcaba una franja de terreno entre los 40 y 60 kil\u00f3metros de profundidad. En el extremo septentrional de la regi\u00f3n estudiada, se encontraba la fortaleza de \u00c1greda. Estos ocho enclaves, Gormaz, Almaz\u00e1n, Pe\u00f1alc\u00e1zar, \u00c1greda, Atienza, Medinaceli, Ariza y Calatayud, distribuidos regularmente a lo largo y ancho de la regi\u00f3n estudiada, remarcan claramente dos l\u00edneas de defensa. Cada uno de ellos se completaba con torres y atalayas, que aseguraban una r\u00e1pida y segura comunicaci\u00f3n entre las diversas fortificaciones.<\/p>\n<p>En el cuarto cap\u00edtulo se incluye una descripci\u00f3n breve de cada fortificaci\u00f3n o enclave, a modo de cat\u00e1logo o inventario, que conformaba el grupo defensivo, especificando el tipo, su localizaci\u00f3n, los restos arquitect\u00f3nicos y arqueol\u00f3gicos conservados y sus contactos visuales, as\u00ed como algunos comentarios referidos a su construcci\u00f3n, funcionalidad y contexto hist\u00f3rico, con una fotograf\u00eda ilustrativa de cada una de ellas.<\/p>\n<div class=\"item\">\n<div class=\"nom\"><strong><span class=\"ficha_txt1\">EDICI\u00d3N:<\/span><\/strong><\/div>\n<div class=\"items_block\">\n<ul>\n<li class=\"items_block_nom\"><span class=\"ficha_txt2\">Editado por:\u00a0<\/span><span class=\"normal\">IFC &#8211; CEB<\/span><\/li>\n<li class=\"items_block_nom\"><span class=\"ficha_txt2\">Edici\u00f3n:\u00a0<\/span><span class=\"normal\">491 p., il., 17&#215;24 cm, ISBN 978-84-9911-296-1<\/span><\/li>\n<li class=\"items_block_nom\"><span class=\"ficha_txt2\">A\u00f1o edici\u00f3n:\u00a0<\/span><span class=\"normal\">2014<\/span><\/li>\n<\/ul>\n<\/div>\n<\/div>\n<div class=\"item\">\n<div class=\"nom\"><span class=\"ficha_txt1\"><strong>COLECCI\u00d3N:<\/strong>\u00a0<\/span><span class=\"normal\">Centro de Estudios Bilbilitanos<\/span><\/div>\n<div class=\"nom\"><\/div>\n<\/div>\n<div class=\"item\">\n<div class=\"nom\"><strong><span class=\"ficha_txt1\">N\u00ba PUBLICACI\u00d3N:\u00a0<\/span><\/strong><span class=\"normal\">3330 (IFC) &#8211; 126 (CEB)<\/span><\/div>\n<div class=\"nom\"><\/div>\n<\/div>\n<div class=\"item\">\n<div class=\"nom\"><span class=\"ficha_txt1\"><strong>PRECIO:<\/strong>\u00a0<\/span><span class=\"normal\">25,00 \u20ac<\/span><\/div>\n<div class=\"nom\"><\/div>\n<\/div>\n<div class=\"item\">\n<div class=\"nom\"><strong><span class=\"ficha_txt1\">MATERIAS:<\/span><\/strong><\/div>\n<div class=\"dat\">\n<div class=\"options2\">ARQUITECTURA y URBANISMO<\/div>\n<div class=\"options2\">HISTORIA &gt; Historia medieval<\/div>\n<div class=\"options2\">ESTUDIOS LOCALES Y COMARCALES &gt; Calatayud<\/div>\n<\/div>\n<\/div>\n","protected":false},"excerpt":{"rendered":"<p>Alejandre Alcalde, Vicente.\u00a0El sistema defensivo musulm\u00e1n entre las Marcas Media y Superior de al-Andalus (Siglos X-XII).\u00a0CEB, Calatayud, 2014, Centro de Estudios Bilbilitanos,\u00a0126, 491 p., il., 17&#215;24 cm, ISBN 978-84-9911-296-1. El libro se compone de cuatro cap\u00edtulos, cinco anexos y la &hellip; <a href=\"http:\/\/cebilbilitanos.com\/?page_id=545\">Sigue leyendo <span class=\"meta-nav\">&rarr;<\/span><\/a><\/p>\n","protected":false},"author":1,"featured_media":0,"parent":193,"menu_order":0,"comment_status":"open","ping_status":"open","template":"","meta":[],"_links":{"self":[{"href":"http:\/\/cebilbilitanos.com\/index.php?rest_route=\/wp\/v2\/pages\/545"}],"collection":[{"href":"http:\/\/cebilbilitanos.com\/index.php?rest_route=\/wp\/v2\/pages"}],"about":[{"href":"http:\/\/cebilbilitanos.com\/index.php?rest_route=\/wp\/v2\/types\/page"}],"author":[{"embeddable":true,"href":"http:\/\/cebilbilitanos.com\/index.php?rest_route=\/wp\/v2\/users\/1"}],"replies":[{"embeddable":true,"href":"http:\/\/cebilbilitanos.com\/index.php?rest_route=%2Fwp%2Fv2%2Fcomments&post=545"}],"version-history":[{"count":3,"href":"http:\/\/cebilbilitanos.com\/index.php?rest_route=\/wp\/v2\/pages\/545\/revisions"}],"predecessor-version":[{"id":614,"href":"http:\/\/cebilbilitanos.com\/index.php?rest_route=\/wp\/v2\/pages\/545\/revisions\/614"}],"up":[{"embeddable":true,"href":"http:\/\/cebilbilitanos.com\/index.php?rest_route=\/wp\/v2\/pages\/193"}],"wp:attachment":[{"href":"http:\/\/cebilbilitanos.com\/index.php?rest_route=%2Fwp%2Fv2%2Fmedia&parent=545"}],"curies":[{"name":"wp","href":"https:\/\/api.w.org\/{rel}","templated":true}]}}