{"id":523,"date":"2015-09-13T10:39:35","date_gmt":"2015-09-13T10:39:35","guid":{"rendered":"http:\/\/cebilbilitanos.com\/?page_id=523"},"modified":"2015-09-13T17:40:46","modified_gmt":"2015-09-13T17:40:46","slug":"la-pequena-llama","status":"publish","type":"page","link":"http:\/\/cebilbilitanos.com\/?page_id=523","title":{"rendered":"La peque\u00f1a llama"},"content":{"rendered":"<p><a href=\"http:\/\/cebilbilitanos.com\/wp-content\/uploads\/2015\/09\/llama.jpg\"><img decoding=\"async\" loading=\"lazy\" class=\"aligncenter size-full wp-image-524\" src=\"http:\/\/cebilbilitanos.com\/wp-content\/uploads\/2015\/09\/llama.jpg\" alt=\"llama\" width=\"185\" height=\"250\" \/><\/a><\/p>\n<p><b>MURIEL GARC\u00cdA, Nieves<\/b>,\u00a0<i>La peque\u00f1a llama<\/i>, CEB, Calatayud, 2013, Premio Internacional de Poes\u00eda Jos\u00e9 Ver\u00f3n Gormaz, 2012, Centro de Estudios Bilbilitanos, 120, 84 p., 15&#215;21 cm. ISBN: 978-84-9911-227-5.<\/p>\n<div class=\"item\">\n<div class=\"nom\"><span class=\"ficha_txt1\"><strong>NOTAS:<\/strong>\u00a0<\/span><span class=\"normal\">Premio Internacional de Poes\u00eda \u00abJos\u00e9 Ver\u00f3n Gormaz\u00bb<\/span><\/div>\n<div class=\"nom\"><\/div>\n<\/div>\n<div class=\"item\">\n<div class=\"nom\"><strong><span class=\"ficha_txt1\">EDICI\u00d3N:\u00a0<\/span><\/strong><\/div>\n<ul>\n<li class=\"nom\">Editado por: IFC &#8211; CEB<\/li>\n<li class=\"items_block\">\n<div class=\"items_block_nom\"><span class=\"ficha_txt2\">Edici\u00f3n:\u00a0<\/span><span class=\"normal\">81 p., 15,5&#215;21,5 cm, ISBN 978-84-9911-227-5<\/span><\/div>\n<\/li>\n<li class=\"items_block\">\n<div class=\"items_block_nom\"><span class=\"ficha_txt2\">A\u00f1o edici\u00f3n:\u00a0<\/span><span class=\"normal\">2013<\/span><\/div>\n<\/li>\n<\/ul>\n<\/div>\n<div class=\"item\">\n<div class=\"nom\"><strong><span class=\"ficha_txt1\">COLECCI\u00d3N:\u00a0<\/span><\/strong><span class=\"normal\">Centro de Estudios Bilbilitanos<\/span><\/div>\n<div class=\"nom\"><\/div>\n<\/div>\n<div class=\"item\">\n<div class=\"nom\"><span class=\"ficha_txt1\">N\u00ba PUBLICACI\u00d3N:\u00a0<\/span><span class=\"normal\">3226 (IFC) &#8211; 120 (CEB)<\/span><\/div>\n<div class=\"nom\"><\/div>\n<\/div>\n<div class=\"item\">\n<div class=\"nom\"><strong><span class=\"ficha_txt1\">PRECIO:\u00a0<\/span><\/strong><span class=\"normal\">Agotado<\/span><\/div>\n<div class=\"nom\"><\/div>\n<\/div>\n<div class=\"item\">\n<div class=\"nom\"><strong><span class=\"ficha_txt1\">MATERIAS:<\/span><\/strong><\/div>\n<div class=\"dat\">\n<div class=\"options2\">LENGUA y LITERATURA &gt; Literatura contempor\u00e1nea<\/div>\n<div class=\"options2\">NARRATIVA, POES\u00cdA y TEATRO &gt; Poes\u00eda<\/div>\n<\/div>\n<\/div>\n","protected":false},"excerpt":{"rendered":"<p>MURIEL GARC\u00cdA, Nieves,\u00a0La peque\u00f1a llama, CEB, Calatayud, 2013, Premio Internacional de Poes\u00eda Jos\u00e9 Ver\u00f3n Gormaz, 2012, Centro de Estudios Bilbilitanos, 120, 84 p., 15&#215;21 cm. ISBN: 978-84-9911-227-5. NOTAS:\u00a0Premio Internacional de Poes\u00eda \u00abJos\u00e9 Ver\u00f3n Gormaz\u00bb EDICI\u00d3N:\u00a0 Editado por: IFC &#8211; CEB &hellip; <a href=\"http:\/\/cebilbilitanos.com\/?page_id=523\">Sigue leyendo <span class=\"meta-nav\">&rarr;<\/span><\/a><\/p>\n","protected":false},"author":1,"featured_media":0,"parent":193,"menu_order":0,"comment_status":"open","ping_status":"open","template":"","meta":[],"_links":{"self":[{"href":"http:\/\/cebilbilitanos.com\/index.php?rest_route=\/wp\/v2\/pages\/523"}],"collection":[{"href":"http:\/\/cebilbilitanos.com\/index.php?rest_route=\/wp\/v2\/pages"}],"about":[{"href":"http:\/\/cebilbilitanos.com\/index.php?rest_route=\/wp\/v2\/types\/page"}],"author":[{"embeddable":true,"href":"http:\/\/cebilbilitanos.com\/index.php?rest_route=\/wp\/v2\/users\/1"}],"replies":[{"embeddable":true,"href":"http:\/\/cebilbilitanos.com\/index.php?rest_route=%2Fwp%2Fv2%2Fcomments&post=523"}],"version-history":[{"count":2,"href":"http:\/\/cebilbilitanos.com\/index.php?rest_route=\/wp\/v2\/pages\/523\/revisions"}],"predecessor-version":[{"id":660,"href":"http:\/\/cebilbilitanos.com\/index.php?rest_route=\/wp\/v2\/pages\/523\/revisions\/660"}],"up":[{"embeddable":true,"href":"http:\/\/cebilbilitanos.com\/index.php?rest_route=\/wp\/v2\/pages\/193"}],"wp:attachment":[{"href":"http:\/\/cebilbilitanos.com\/index.php?rest_route=%2Fwp%2Fv2%2Fmedia&parent=523"}],"curies":[{"name":"wp","href":"https:\/\/api.w.org\/{rel}","templated":true}]}}