{"id":442,"date":"2015-09-13T08:39:15","date_gmt":"2015-09-13T08:39:15","guid":{"rendered":"http:\/\/cebilbilitanos.com\/?page_id=442"},"modified":"2015-09-13T17:19:29","modified_gmt":"2015-09-13T17:19:29","slug":"cronica-bilbilitana-del-s-xix","status":"publish","type":"page","link":"http:\/\/cebilbilitanos.com\/?page_id=442","title":{"rendered":"Cr\u00f3nica bilbilitana del s. XIX"},"content":{"rendered":"<p><a style=\"clear: left; float: left; margin-bottom: 1em; margin-right: 1em;\" href=\"https:\/\/lh6.googleusercontent.com\/-d6KsP3oha6Y\/TXNtTeopfWI\/AAAAAAAAAGk\/Bp5ycMWXDP8\/s1600\/_image_th1.jpg\"><img decoding=\"async\" src=\"http:\/\/lh6.googleusercontent.com\/-d6KsP3oha6Y\/TXNtTeopfWI\/AAAAAAAAAGk\/Bp5ycMWXDP8\/s1600\/_image_th1.jpg\" alt=\"\" border=\"0\" \/><\/a><b>GALINDO ANT\u00d3N, Jos\u00e9<\/b>, <i>Cr\u00f3nica bilbilitana del s. XIX<\/i>, CEB, Calatayud, 2005, Centro de Estudios Bilbilitanos, 86, 352 p., 34 il., 17&#215;24 cm. ISBN: 84-7820-795-3.<\/p>\n<p>\u00bfC\u00f3mo viv\u00edan los bilbilitanos en el siglo XIX? \u00bfCu\u00e1les eran sus preocupaciones? A estas y a otras preguntas que hoy se pueden hacer quienes ocupan, en este momento, su espacio vital, pretenden responder en las p\u00e1ginas de este libro. Los sobresaltos originados por epidemias, desastres atmosf\u00e9ricos o episodios b\u00e9licos de distinta intensidad, los compensaban con distracciones, actividad mercantil, devociones o planeando un futuro cuyos beneficios llegan a nuestros d\u00edas. Tal cual protagonista de ese tiempo ha podido trascender, en l\u00ednea directa, hasta alg\u00fan convecino de hoy. Pero de su esp\u00edritu colectivo, del af\u00e1n para que esta ciudad prospere en todos los \u00f3rdenes, son herederos todos los bilbilitanos.<\/p>\n<div class=\"item\">\n<div class=\"nom\"><strong><span class=\"ficha_txt1\">EDICI\u00d3N:<\/span><\/strong><\/div>\n<div class=\"items_block\">\n<ul>\n<li class=\"items_block_nom\"><span class=\"ficha_txt2\">Editado por:\u00a0<\/span><span class=\"normal\">IFC-CEB<\/span><\/li>\n<li class=\"items_block_nom\"><span class=\"ficha_txt2\">Edici\u00f3n:\u00a0<\/span><span class=\"normal\">352 p., 34 il., 17&#215;24 cm. ISBN 84-7820-795-3<\/span><\/li>\n<li class=\"items_block_nom\"><span class=\"ficha_txt2\">A\u00f1o edici\u00f3n:\u00a0<\/span><span class=\"normal\">2005<\/span><\/li>\n<\/ul>\n<\/div>\n<\/div>\n<div class=\"item\">\n<div class=\"nom\"><span class=\"ficha_txt1\"><strong>COLECCI\u00d3N:<\/strong>\u00a0<\/span><span class=\"normal\">Centro de Estudios Bilbilitanos<\/span><\/div>\n<div class=\"nom\"><\/div>\n<\/div>\n<div class=\"item\">\n<div class=\"nom\"><span class=\"ficha_txt1\"><strong>N\u00ba PUBLICACI\u00d3N:<\/strong>\u00a0<\/span><span class=\"normal\">2549\u00a0 (IFC) &#8211; 86\u00a0(CEB)<\/span><\/div>\n<div class=\"nom\"><\/div>\n<\/div>\n<div class=\"item\">\n<div class=\"nom\"><span class=\"ficha_txt1\"><strong>PRECIO:<\/strong>\u00a0<\/span><span class=\"normal\">12,00 \u20ac<\/span><\/div>\n<div class=\"nom\"><\/div>\n<\/div>\n<div class=\"item\">\n<div class=\"nom\"><strong><span class=\"ficha_txt1\">MATERIAS:<\/span><\/strong><\/div>\n<div class=\"dat\">\n<div class=\"options2\">ESTUDIOS LOCALES Y COMARCALES &gt; Calatayud<\/div>\n<div class=\"options2\">HISTORIA &gt; Historia Contempor\u00e1nea<\/div>\n<\/div>\n<\/div>\n","protected":false},"excerpt":{"rendered":"<p>GALINDO ANT\u00d3N, Jos\u00e9, Cr\u00f3nica bilbilitana del s. XIX, CEB, Calatayud, 2005, Centro de Estudios Bilbilitanos, 86, 352 p., 34 il., 17&#215;24 cm. ISBN: 84-7820-795-3. \u00bfC\u00f3mo viv\u00edan los bilbilitanos en el siglo XIX? \u00bfCu\u00e1les eran sus preocupaciones? A estas y a &hellip; <a href=\"http:\/\/cebilbilitanos.com\/?page_id=442\">Sigue leyendo <span class=\"meta-nav\">&rarr;<\/span><\/a><\/p>\n","protected":false},"author":1,"featured_media":0,"parent":193,"menu_order":0,"comment_status":"open","ping_status":"open","template":"","meta":[],"_links":{"self":[{"href":"http:\/\/cebilbilitanos.com\/index.php?rest_route=\/wp\/v2\/pages\/442"}],"collection":[{"href":"http:\/\/cebilbilitanos.com\/index.php?rest_route=\/wp\/v2\/pages"}],"about":[{"href":"http:\/\/cebilbilitanos.com\/index.php?rest_route=\/wp\/v2\/types\/page"}],"author":[{"embeddable":true,"href":"http:\/\/cebilbilitanos.com\/index.php?rest_route=\/wp\/v2\/users\/1"}],"replies":[{"embeddable":true,"href":"http:\/\/cebilbilitanos.com\/index.php?rest_route=%2Fwp%2Fv2%2Fcomments&post=442"}],"version-history":[{"count":2,"href":"http:\/\/cebilbilitanos.com\/index.php?rest_route=\/wp\/v2\/pages\/442\/revisions"}],"predecessor-version":[{"id":632,"href":"http:\/\/cebilbilitanos.com\/index.php?rest_route=\/wp\/v2\/pages\/442\/revisions\/632"}],"up":[{"embeddable":true,"href":"http:\/\/cebilbilitanos.com\/index.php?rest_route=\/wp\/v2\/pages\/193"}],"wp:attachment":[{"href":"http:\/\/cebilbilitanos.com\/index.php?rest_route=%2Fwp%2Fv2%2Fmedia&parent=442"}],"curies":[{"name":"wp","href":"https:\/\/api.w.org\/{rel}","templated":true}]}}

Crónica bilbilitana del s. XIX

<p><a style="clear: left; float: left; margin-bottom: 1em; margin-right: 1em;" href="https://lh6.googleusercontent.com/-d6KsP3oha6Y/TXNtTeopfWI/AAAAAAAAAGk/Bp5ycMWXDP8/s1600/_image_th1.jpg"><img decoding="async" src="http://lh6.googleusercontent.com/-d6KsP3oha6Y/TXNtTeopfWI/AAAAAAAAAGk/Bp5ycMWXDP8/s1600/_image_th1.jpg" alt="" border="0" /></a><b>GALINDO ANTÓN, José</b>, <i>Crónica bilbilitana del s. XIX</i>, CEB, Calatayud, 2005, Centro de Estudios Bilbilitanos, 86, 352 p., 34 il., 17&#215;24 cm. ISBN: 84-7820-795-3.</p>
<p>¿Cómo vivían los bilbilitanos en el siglo XIX? ¿Cuáles eran sus preocupaciones? A estas y a otras preguntas que hoy se pueden hacer quienes ocupan, en este momento, su espacio vital, pretenden responder en las páginas de este libro. Los sobresaltos originados por epidemias, desastres atmosféricos o episodios bélicos de distinta intensidad, los compensaban con distracciones, actividad mercantil, devociones o planeando un futuro cuyos beneficios llegan a nuestros días. Tal cual protagonista de ese tiempo ha podido trascender, en línea directa, hasta algún convecino de hoy. Pero de su espíritu colectivo, del afán para que esta ciudad prospere en todos los órdenes, son herederos todos los bilbilitanos.</p>
<div class="item">
<div class="nom"><strong><span class="ficha_txt1">EDICIÓN:</span></strong></div>
<div class="items_block">
<ul>
<li class="items_block_nom"><span class="ficha_txt2">Editado por: </span><span class="normal">IFC-CEB</span></li>
<li class="items_block_nom"><span class="ficha_txt2">Edición: </span><span class="normal">352 p., 34 il., 17&#215;24 cm. ISBN 84-7820-795-3</span></li>
<li class="items_block_nom"><span class="ficha_txt2">Año edición: </span><span class="normal">2005</span></li>
</ul>
</div>
</div>
<div class="item">
<div class="nom"><span class="ficha_txt1"><strong>COLECCIÓN:</strong> </span><span class="normal">Centro de Estudios Bilbilitanos</span></div>
<div class="nom"></div>
</div>
<div class="item">
<div class="nom"><span class="ficha_txt1"><strong>Nº PUBLICACIÓN:</strong> </span><span class="normal">2549  (IFC) &#8211; 86 (CEB)</span></div>
<div class="nom"></div>
</div>
<div class="item">
<div class="nom"><span class="ficha_txt1"><strong>PRECIO:</strong> </span><span class="normal">12,00 €</span></div>
<div class="nom"></div>
</div>
<div class="item">
<div class="nom"><strong><span class="ficha_txt1">MATERIAS:</span></strong></div>
<div class="dat">
<div class="options2">ESTUDIOS LOCALES Y COMARCALES &gt; Calatayud</div>
<div class="options2">HISTORIA &gt; Historia Contemporánea</div>
</div>
</div>

<p>GALINDO ANTÓN, José, Crónica bilbilitana del s. XIX, CEB, Calatayud, 2005, Centro de Estudios Bilbilitanos, 86, 352 p., 34 il., 17&#215;24 cm. ISBN: 84-7820-795-3. ¿Cómo vivían los bilbilitanos en el siglo XIX? ¿Cuáles eran sus preocupaciones? A estas y a &hellip; <a href="http://cebilbilitanos.com/?page_id=442">Sigue leyendo <span class="meta-nav">&rarr;</span></a></p>
