{"id":436,"date":"2015-09-13T08:30:22","date_gmt":"2015-09-13T08:30:22","guid":{"rendered":"http:\/\/cebilbilitanos.com\/?page_id=436"},"modified":"2015-09-13T17:45:52","modified_gmt":"2015-09-13T17:45:52","slug":"mi-viejo-y-querido-pueblo","status":"publish","type":"page","link":"http:\/\/cebilbilitanos.com\/?page_id=436","title":{"rendered":"Mi viejo y querido pueblo"},"content":{"rendered":"<div class=\"separator\" style=\"clear: both; text-align: center;\"><a style=\"clear: left; float: left; margin-bottom: 1em; margin-right: 1em;\" href=\"https:\/\/lh5.googleusercontent.com\/-Sq4792pivUI\/TXNldHx57GI\/AAAAAAAAAGY\/n9AN-pEyguc\/s1600\/_image_th1.jpg\"><img decoding=\"async\" src=\"http:\/\/lh5.googleusercontent.com\/-Sq4792pivUI\/TXNldHx57GI\/AAAAAAAAAGY\/n9AN-pEyguc\/s1600\/_image_th1.jpg\" alt=\"\" border=\"0\" \/><\/a><\/div>\n<p><b>LARREA S\u00c1NCHEZ, Rafael<\/b>, <i>Mi viejo y querido pueblo<\/i>. (Calatayud en la fotograf\u00eda), CEB, Calatayud, 2004, Centro de Estudios Bilbilitanos, 84, 76 p., 33 il., 21&#215;30 cm. ISBN: 84-7820-762-7.<\/p>\n<p>Cuando yo hac\u00eda 3\u00ba del antiguo bachillerato, Rafael Larrea ya iba a Preu, era de los \u00abmayores\u00bb, con los que los peque\u00f1os casi no ten\u00edamos relaci\u00f3n. As\u00ed que no nos conocimos personalmente hasta principios de los ochenta, cuando ambos, entre otros iluminados, acudimos a resucitar la procesi\u00f3n del Santo Entierro.<\/p>\n<p>Muy pocos eran, o \u00e9ramos, los ni\u00f1os y adolescentes que hace aproximadamente medio siglo ten\u00edan acceso a una c\u00e1mara fotogr\u00e1fica, y pod\u00edan iniciarse en ese mundo m\u00e1gico donde con solo accionar el disparador se reten\u00eda para siempre la imagen contemplada por el visor.<\/p>\n<p>Lo normal era fotografiar torres, castillos, o paisajes, pero, adem\u00e1s de esto, Larrea tuvo la feliz idea de plasmar su entorno m\u00e1s pr\u00f3ximo, su barrio de la Estaci\u00f3n y cosas que a otros parecer\u00edan banales, y que son sin embargo las que m\u00e1s han cambiado en los \u00faltimos treinta o cuarenta a\u00f1os.<\/p>\n<p>Por ello esta serie de fotograf\u00edas, ordenadas cronol\u00f3gicamente, son una evocaci\u00f3n nost\u00e1lgica, y casi dir\u00eda que po\u00e9tica, de su viejo y querido pueblo, el de su ni\u00f1ez, su adolescencia y juventud, que a muchos otros tambi\u00e9n traer\u00e1 recuerdos. (Agust\u00edn Sanmiguel Mateo).<\/p>\n<div class=\"item\">\n<div class=\"nom\"><strong><span class=\"ficha_txt1\">EDICI\u00d3N:<\/span><\/strong><\/div>\n<div class=\"items_block\">\n<ul>\n<li class=\"items_block_nom\"><span class=\"ficha_txt2\">Editado por:\u00a0<\/span><span class=\"normal\">IFC-CEB<\/span><\/li>\n<li class=\"items_block_nom\"><span class=\"ficha_txt2\">Edici\u00f3n:\u00a0<\/span><span class=\"normal\">76 p., 33 il., 21&#215;30 cm.<\/span><\/li>\n<li class=\"items_block_nom\"><span class=\"ficha_txt2\">A\u00f1o edici\u00f3n:\u00a0<\/span><span class=\"normal\">2004<\/span><\/li>\n<\/ul>\n<\/div>\n<\/div>\n<div class=\"item\">\n<div class=\"nom\"><strong><span class=\"ficha_txt1\">COLECCI\u00d3N:\u00a0<\/span><\/strong><span class=\"normal\">Centro de Estudios Bilbilitanos<\/span><\/div>\n<div class=\"nom\"><\/div>\n<\/div>\n<div class=\"item\">\n<div class=\"nom\"><strong><span class=\"ficha_txt1\">N\u00ba PUBLICACI\u00d3N:\u00a0<\/span><\/strong><span class=\"normal\">2490 (IFC) &#8211; 84\u00a0(CEB)<\/span><\/div>\n<div class=\"nom\"><\/div>\n<\/div>\n<div class=\"item\">\n<div class=\"nom\"><span class=\"ficha_txt1\"><strong>PRECIO:<\/strong>\u00a0<\/span><span class=\"normal\">No venal<\/span><\/div>\n<div class=\"nom\"><\/div>\n<\/div>\n<div class=\"item\">\n<div class=\"nom\"><strong><span class=\"ficha_txt1\">MATERIAS:<\/span><\/strong><\/div>\n<div class=\"dat\">\n<div class=\"options2\">FOTOGRAF\u00cdA E ILUSTRACIONES<\/div>\n<div class=\"options2\">ESTUDIOS LOCALES Y COMARCALES &gt; Calatayud<\/div>\n<\/div>\n<\/div>\n","protected":false},"excerpt":{"rendered":"<p>LARREA S\u00c1NCHEZ, Rafael, Mi viejo y querido pueblo. (Calatayud en la fotograf\u00eda), CEB, Calatayud, 2004, Centro de Estudios Bilbilitanos, 84, 76 p., 33 il., 21&#215;30 cm. ISBN: 84-7820-762-7. Cuando yo hac\u00eda 3\u00ba del antiguo bachillerato, Rafael Larrea ya iba a &hellip; <a href=\"http:\/\/cebilbilitanos.com\/?page_id=436\">Sigue leyendo <span class=\"meta-nav\">&rarr;<\/span><\/a><\/p>\n","protected":false},"author":1,"featured_media":0,"parent":193,"menu_order":0,"comment_status":"open","ping_status":"open","template":"","meta":[],"_links":{"self":[{"href":"http:\/\/cebilbilitanos.com\/index.php?rest_route=\/wp\/v2\/pages\/436"}],"collection":[{"href":"http:\/\/cebilbilitanos.com\/index.php?rest_route=\/wp\/v2\/pages"}],"about":[{"href":"http:\/\/cebilbilitanos.com\/index.php?rest_route=\/wp\/v2\/types\/page"}],"author":[{"embeddable":true,"href":"http:\/\/cebilbilitanos.com\/index.php?rest_route=\/wp\/v2\/users\/1"}],"replies":[{"embeddable":true,"href":"http:\/\/cebilbilitanos.com\/index.php?rest_route=%2Fwp%2Fv2%2Fcomments&post=436"}],"version-history":[{"count":2,"href":"http:\/\/cebilbilitanos.com\/index.php?rest_route=\/wp\/v2\/pages\/436\/revisions"}],"predecessor-version":[{"id":673,"href":"http:\/\/cebilbilitanos.com\/index.php?rest_route=\/wp\/v2\/pages\/436\/revisions\/673"}],"up":[{"embeddable":true,"href":"http:\/\/cebilbilitanos.com\/index.php?rest_route=\/wp\/v2\/pages\/193"}],"wp:attachment":[{"href":"http:\/\/cebilbilitanos.com\/index.php?rest_route=%2Fwp%2Fv2%2Fmedia&parent=436"}],"curies":[{"name":"wp","href":"https:\/\/api.w.org\/{rel}","templated":true}]}}