{"id":430,"date":"2015-09-13T08:20:53","date_gmt":"2015-09-13T08:20:53","guid":{"rendered":"http:\/\/cebilbilitanos.com\/?page_id=430"},"modified":"2015-09-13T16:41:37","modified_gmt":"2015-09-13T16:41:37","slug":"analisis-de-calatayud-seminario-de-urbanismo","status":"publish","type":"page","link":"http:\/\/cebilbilitanos.com\/?page_id=430","title":{"rendered":"An\u00e1lisis de Calatayud (Seminario de urbanismo)"},"content":{"rendered":"<div class=\"separator\" style=\"clear: both; text-align: center;\"><a style=\"clear: left; float: left; margin-bottom: 1em; margin-right: 1em;\" href=\"https:\/\/lh5.googleusercontent.com\/-utX0FFmUYeQ\/TXNjqjdL3PI\/AAAAAAAAAGU\/gvKXIAUkJd4\/s1600\/_image_th1.jpg\"><img decoding=\"async\" src=\"http:\/\/lh5.googleusercontent.com\/-utX0FFmUYeQ\/TXNjqjdL3PI\/AAAAAAAAAGU\/gvKXIAUkJd4\/s1600\/_image_th1.jpg\" alt=\"\" border=\"0\" \/><\/a><\/div>\n<p><b>LARRODERA L\u00d3PEZ, Emilio<\/b>, <i>An\u00e1lisis de Calatayud (Seminario de urbanismo)<\/i>, edici\u00f3n facs\u00edmil de 1955, coeditores IFC-CEB-Ayuntamiento de Calatayud, Centro de Estudios Bilbilitanos, 81, Calatayud, 2004, 80 p., 16 il., 24 map., 1 encarte, 21&#215;30 cm. ISBN: 84-7820-743-0.<\/p>\n<div class=\"item\">\n<div class=\"nom\"><strong><span class=\"ficha_txt1\">EDICI\u00d3N:<\/span><\/strong><\/div>\n<div class=\"items_block\">\n<ul>\n<li class=\"items_block_nom\"><span class=\"ficha_txt2\">Editado por:\u00a0<\/span><span class=\"normal\">IFC-CEB-Ayuntamiento de Calatayud<\/span><\/li>\n<li class=\"items_block_nom\"><span class=\"ficha_txt2\">Edici\u00f3n:\u00a0<\/span><span class=\"normal\">Edici\u00f3n facs\u00edmil de la de 1955, 80 p., 16 il., 24 map., 1 encarte, 21&#215;30 cm.<\/span><\/li>\n<li class=\"items_block_nom\"><span class=\"ficha_txt2\">A\u00f1o edici\u00f3n:\u00a0<\/span><span class=\"normal\">2004<\/span><\/li>\n<\/ul>\n<div class=\"items_block_nom\"><\/div>\n<\/div>\n<\/div>\n<div class=\"item\">\n<div class=\"nom\"><strong><span class=\"ficha_txt1\">COLECCI\u00d3N:\u00a0<\/span><\/strong><span class=\"normal\">Centro de Estudios Bilbilitanos<\/span><\/div>\n<div class=\"nom\"><\/div>\n<\/div>\n<div class=\"item\">\n<div class=\"nom\"><strong><span class=\"ficha_txt1\">N\u00ba PUBLICACI\u00d3N:\u00a0<\/span><\/strong><span class=\"normal\">2467\u00a0(IFC) &#8211; 81 (CEB)<\/span><\/div>\n<div class=\"nom\"><\/div>\n<\/div>\n<div class=\"item\">\n<div class=\"nom\"><strong><span class=\"ficha_txt1\">PRECIO:\u00a0<\/span><\/strong><span class=\"normal\">No venal<\/span><\/div>\n<div class=\"nom\"><\/div>\n<\/div>\n<div class=\"item\">\n<div class=\"nom\"><strong><span class=\"ficha_txt1\">MATERIAS:<\/span><\/strong><\/div>\n<div class=\"dat\">\n<div class=\"options2\">ARQUITECTURA y URBANISMO &gt; Urbanismo<\/div>\n<div class=\"options2\">ESTUDIOS LOCALES Y COMARCALES &gt; Calatayud<\/div>\n<\/div>\n<\/div>\n","protected":false},"excerpt":{"rendered":"<p>LARRODERA L\u00d3PEZ, Emilio, An\u00e1lisis de Calatayud (Seminario de urbanismo), edici\u00f3n facs\u00edmil de 1955, coeditores IFC-CEB-Ayuntamiento de Calatayud, Centro de Estudios Bilbilitanos, 81, Calatayud, 2004, 80 p., 16 il., 24 map., 1 encarte, 21&#215;30 cm. ISBN: 84-7820-743-0. EDICI\u00d3N: Editado por:\u00a0IFC-CEB-Ayuntamiento de &hellip; <a href=\"http:\/\/cebilbilitanos.com\/?page_id=430\">Sigue leyendo <span class=\"meta-nav\">&rarr;<\/span><\/a><\/p>\n","protected":false},"author":1,"featured_media":0,"parent":193,"menu_order":0,"comment_status":"open","ping_status":"open","template":"","meta":[],"_links":{"self":[{"href":"http:\/\/cebilbilitanos.com\/index.php?rest_route=\/wp\/v2\/pages\/430"}],"collection":[{"href":"http:\/\/cebilbilitanos.com\/index.php?rest_route=\/wp\/v2\/pages"}],"about":[{"href":"http:\/\/cebilbilitanos.com\/index.php?rest_route=\/wp\/v2\/types\/page"}],"author":[{"embeddable":true,"href":"http:\/\/cebilbilitanos.com\/index.php?rest_route=\/wp\/v2\/users\/1"}],"replies":[{"embeddable":true,"href":"http:\/\/cebilbilitanos.com\/index.php?rest_route=%2Fwp%2Fv2%2Fcomments&post=430"}],"version-history":[{"count":2,"href":"http:\/\/cebilbilitanos.com\/index.php?rest_route=\/wp\/v2\/pages\/430\/revisions"}],"predecessor-version":[{"id":581,"href":"http:\/\/cebilbilitanos.com\/index.php?rest_route=\/wp\/v2\/pages\/430\/revisions\/581"}],"up":[{"embeddable":true,"href":"http:\/\/cebilbilitanos.com\/index.php?rest_route=\/wp\/v2\/pages\/193"}],"wp:attachment":[{"href":"http:\/\/cebilbilitanos.com\/index.php?rest_route=%2Fwp%2Fv2%2Fmedia&parent=430"}],"curies":[{"name":"wp","href":"https:\/\/api.w.org\/{rel}","templated":true}]}}