{"id":428,"date":"2015-09-13T08:17:24","date_gmt":"2015-09-13T08:17:24","guid":{"rendered":"http:\/\/cebilbilitanos.com\/?page_id=428"},"modified":"2015-09-13T17:16:07","modified_gmt":"2015-09-13T17:16:07","slug":"ecos-de-la-vieja-roma-xix-centenario-de-marco-valerio-marcial","status":"publish","type":"page","link":"http:\/\/cebilbilitanos.com\/?page_id=428","title":{"rendered":"Ecos de la vieja Roma, (XIX Centenario de Marco Valerio Marcial)"},"content":{"rendered":"<div class=\"separator\" style=\"clear: both; text-align: center;\"><a style=\"clear: left; float: left; margin-bottom: 1em; margin-right: 1em;\" href=\"https:\/\/lh3.googleusercontent.com\/-ugch9jIAYD0\/TXNhxgWJHlI\/AAAAAAAAAGM\/QH16TA_7nhA\/s1600\/_image_th1.jpg\"><img decoding=\"async\" src=\"http:\/\/lh3.googleusercontent.com\/-ugch9jIAYD0\/TXNhxgWJHlI\/AAAAAAAAAGM\/QH16TA_7nhA\/s1600\/_image_th1.jpg\" alt=\"\" border=\"0\" \/><\/a><\/div>\n<p><b>MART\u00cdN BUENO, Manuel; VER\u00d3N GORMAZ, Jos\u00e9<\/b> (textos), <i>Ecos de la vieja Roma, (XIX Centenario de Marco Valerio Marcial)<\/i>, CEB, Zaragoza, 2003, Centro de Estudios Bilbilitanos, 80, 80 p., 32 il. en color, 21&#215;30 cm. ISBN: 84-7820-723-6.<\/p>\n<p>Se cumplen ahora diecinueve siglos de la muerte de Marco Valerio Marcial en B\u00edlbilis, la majestuosa ciudad romana que lo vio nacer, cuyos restos se conservan y se estudian, situada a escasa distancia de Calatayud, entonces inexistente como ciudad.<\/p>\n<p>No fue en B\u00edlbilis, sino en la capital del Imperio, en Roma, donde alcanz\u00f3 la gloria Marcial, como epigramista. Al cabo de bastantes a\u00f1os, y quiz\u00e1 por cambios pol\u00edticos, regres\u00f3 para morir a su ciudad natal.<\/p>\n<p>Su talento literario es reconocido a nivel mundial y el Gobierno de Arag\u00f3n, junto con la Universidad Nacional de Educaci\u00f3n a Distancia, celebran actos conmemorativos de la efem\u00e9ride.<\/p>\n<p>Como ocurriera con el cuarto centenario del nacimiento de Graci\u00e1n, el Centro de Estudios Bilbilitanos colabora modestamente con este libro de fotograf\u00edas, donde se muestran paisajes o espacios urbanos que pudieron acompa\u00f1ar a Marco Valerio. Aunque, eso s\u00ed, en esos mil novecientos a\u00f1os no s\u00f3lo las ciudades, sino los paisajes, no pueden ofrecer la misma imagen.<\/p>\n<p>Pero la imagen urbana e hist\u00f3rica de Roma es recreada por el arque\u00f3logo Manuel Mart\u00edn Bueno, y la figura del epigramista bilbilitano por Jos\u00e9 Ver\u00f3n Gormaz, bilbilitano y epigramista.<\/p>\n<p>Correspondi\u00e9ndose con breves epigramas de Marcial, sus paisanos Ricardo Cort\u00e9s L\u00e1zaro, \u00c1ngel Esteban Clemente, Ra\u00fal Fern\u00e1ndez Moros, Jes\u00fas Macipe Roy, Manuel Micheto Ruiz de Morales, Jos\u00e9 Ram\u00f3n Olalla Celma, Agust\u00edn Sanmiguel Mateo, adem\u00e1s del ya nombrado, Jos\u00e9 Ver\u00f3n, ilustran el libro con algunas de sus mejores obras fotogr\u00e1ficas, reflejando la actualidad de B\u00edlbilis, la patria del poeta, y sus alrededores.<\/p>\n<div class=\"item\">\n<div class=\"nom\"><strong><span class=\"ficha_txt1\">EDICI\u00d3N:<\/span><\/strong><\/div>\n<div class=\"items_block\">\n<ul>\n<li class=\"items_block_nom\"><span class=\"ficha_txt2\">Editado por:\u00a0<\/span><span class=\"normal\">IFC-CEB<\/span><\/li>\n<li class=\"items_block_nom\"><span class=\"ficha_txt2\">Edici\u00f3n:\u00a0<\/span><span class=\"normal\">80 p., 32 il. en color, 21&#215;30 cm.<\/span><\/li>\n<li class=\"items_block_nom\"><span class=\"ficha_txt2\">A\u00f1o edici\u00f3n:\u00a0<\/span><span class=\"normal\">2003<\/span><\/li>\n<\/ul>\n<\/div>\n<\/div>\n<div class=\"item\">\n<div class=\"nom\"><span class=\"ficha_txt1\"><strong>COLECCI\u00d3N:<\/strong>\u00a0<\/span><span class=\"normal\">Centro de Estudios Bilbilitanos<\/span><\/div>\n<div class=\"nom\"><\/div>\n<\/div>\n<div class=\"item\">\n<div class=\"nom\"><strong><span class=\"ficha_txt1\">N\u00ba PUBLICACI\u00d3N:\u00a0<\/span><\/strong><span class=\"normal\">2415\u00a0 (IFC) &#8211; 80\u00a0(CEB)<\/span><\/div>\n<div class=\"nom\"><\/div>\n<\/div>\n<div class=\"item\">\n<div class=\"nom\"><span class=\"ficha_txt1\"><strong>PRECIO:<\/strong>\u00a0<\/span><span class=\"normal\">No venal<\/span><\/div>\n<div class=\"nom\"><\/div>\n<\/div>\n<div class=\"item\">\n<div class=\"nom\"><strong><span class=\"ficha_txt1\">MATERIAS:<\/span><\/strong><\/div>\n<div class=\"dat\">\n<div class=\"options2\">ARQUEOLOG\u00cdA. PREHISTORIA. CIENCIAS DE LA ANTIG\u00dcEDAD &gt;Arqueolog\u00eda y Ciencias de la Antig\u00fcedad &gt; Filolog\u00eda Cl\u00e1sica<\/div>\n<div class=\"options2\">FOTOGRAF\u00cdA E ILUSTRACIONES<\/div>\n<div class=\"options2\">ESTUDIOS LOCALES Y COMARCALES &gt; Calatayud<\/div>\n<\/div>\n<\/div>\n","protected":false},"excerpt":{"rendered":"<p>MART\u00cdN BUENO, Manuel; VER\u00d3N GORMAZ, Jos\u00e9 (textos), Ecos de la vieja Roma, (XIX Centenario de Marco Valerio Marcial), CEB, Zaragoza, 2003, Centro de Estudios Bilbilitanos, 80, 80 p., 32 il. en color, 21&#215;30 cm. ISBN: 84-7820-723-6. Se cumplen ahora diecinueve &hellip; <a href=\"http:\/\/cebilbilitanos.com\/?page_id=428\">Sigue leyendo <span class=\"meta-nav\">&rarr;<\/span><\/a><\/p>\n","protected":false},"author":1,"featured_media":0,"parent":193,"menu_order":0,"comment_status":"open","ping_status":"open","template":"","meta":[],"_links":{"self":[{"href":"http:\/\/cebilbilitanos.com\/index.php?rest_route=\/wp\/v2\/pages\/428"}],"collection":[{"href":"http:\/\/cebilbilitanos.com\/index.php?rest_route=\/wp\/v2\/pages"}],"about":[{"href":"http:\/\/cebilbilitanos.com\/index.php?rest_route=\/wp\/v2\/types\/page"}],"author":[{"embeddable":true,"href":"http:\/\/cebilbilitanos.com\/index.php?rest_route=\/wp\/v2\/users\/1"}],"replies":[{"embeddable":true,"href":"http:\/\/cebilbilitanos.com\/index.php?rest_route=%2Fwp%2Fv2%2Fcomments&post=428"}],"version-history":[{"count":2,"href":"http:\/\/cebilbilitanos.com\/index.php?rest_route=\/wp\/v2\/pages\/428\/revisions"}],"predecessor-version":[{"id":624,"href":"http:\/\/cebilbilitanos.com\/index.php?rest_route=\/wp\/v2\/pages\/428\/revisions\/624"}],"up":[{"embeddable":true,"href":"http:\/\/cebilbilitanos.com\/index.php?rest_route=\/wp\/v2\/pages\/193"}],"wp:attachment":[{"href":"http:\/\/cebilbilitanos.com\/index.php?rest_route=%2Fwp%2Fv2%2Fmedia&parent=428"}],"curies":[{"name":"wp","href":"https:\/\/api.w.org\/{rel}","templated":true}]}}

<div class="separator" style="clear: both; text-align: center;"><a style="clear: left; float: left; margin-bottom: 1em; margin-right: 1em;" href="https://lh3.googleusercontent.com/-ugch9jIAYD0/TXNhxgWJHlI/AAAAAAAAAGM/QH16TA_7nhA/s1600/_image_th1.jpg"><img decoding="async" src="http://lh3.googleusercontent.com/-ugch9jIAYD0/TXNhxgWJHlI/AAAAAAAAAGM/QH16TA_7nhA/s1600/_image_th1.jpg" alt="" border="0" /></a></div>
<p><b>MARTÍN BUENO, Manuel; VERÓN GORMAZ, José</b> (textos), <i>Ecos de la vieja Roma, (XIX Centenario de Marco Valerio Marcial)</i>, CEB, Zaragoza, 2003, Centro de Estudios Bilbilitanos, 80, 80 p., 32 il. en color, 21&#215;30 cm. ISBN: 84-7820-723-6.</p>
<p>Se cumplen ahora diecinueve siglos de la muerte de Marco Valerio Marcial en Bílbilis, la majestuosa ciudad romana que lo vio nacer, cuyos restos se conservan y se estudian, situada a escasa distancia de Calatayud, entonces inexistente como ciudad.</p>
<p>No fue en Bílbilis, sino en la capital del Imperio, en Roma, donde alcanzó la gloria Marcial, como epigramista. Al cabo de bastantes años, y quizá por cambios políticos, regresó para morir a su ciudad natal.</p>
<p>Su talento literario es reconocido a nivel mundial y el Gobierno de Aragón, junto con la Universidad Nacional de Educación a Distancia, celebran actos conmemorativos de la efeméride.</p>
<p>Como ocurriera con el cuarto centenario del nacimiento de Gracián, el Centro de Estudios Bilbilitanos colabora modestamente con este libro de fotografías, donde se muestran paisajes o espacios urbanos que pudieron acompañar a Marco Valerio. Aunque, eso sí, en esos mil novecientos años no sólo las ciudades, sino los paisajes, no pueden ofrecer la misma imagen.</p>
<p>Pero la imagen urbana e histórica de Roma es recreada por el arqueólogo Manuel Martín Bueno, y la figura del epigramista bilbilitano por José Verón Gormaz, bilbilitano y epigramista.</p>
<p>Correspondiéndose con breves epigramas de Marcial, sus paisanos Ricardo Cortés Lázaro, Ángel Esteban Clemente, Raúl Fernández Moros, Jesús Macipe Roy, Manuel Micheto Ruiz de Morales, José Ramón Olalla Celma, Agustín Sanmiguel Mateo, además del ya nombrado, José Verón, ilustran el libro con algunas de sus mejores obras fotográficas, reflejando la actualidad de Bílbilis, la patria del poeta, y sus alrededores.</p>
<div class="item">
<div class="nom"><strong><span class="ficha_txt1">EDICIÓN:</span></strong></div>
<div class="items_block">
<ul>
<li class="items_block_nom"><span class="ficha_txt2">Editado por: </span><span class="normal">IFC-CEB</span></li>
<li class="items_block_nom"><span class="ficha_txt2">Edición: </span><span class="normal">80 p., 32 il. en color, 21&#215;30 cm.</span></li>
<li class="items_block_nom"><span class="ficha_txt2">Año edición: </span><span class="normal">2003</span></li>
</ul>
</div>
</div>
<div class="item">
<div class="nom"><span class="ficha_txt1"><strong>COLECCIÓN:</strong> </span><span class="normal">Centro de Estudios Bilbilitanos</span></div>
<div class="nom"></div>
</div>
<div class="item">
<div class="nom"><strong><span class="ficha_txt1">Nº PUBLICACIÓN: </span></strong><span class="normal">2415  (IFC) &#8211; 80 (CEB)</span></div>
<div class="nom"></div>
</div>
<div class="item">
<div class="nom"><span class="ficha_txt1"><strong>PRECIO:</strong> </span><span class="normal">No venal</span></div>
<div class="nom"></div>
</div>
<div class="item">
<div class="nom"><strong><span class="ficha_txt1">MATERIAS:</span></strong></div>
<div class="dat">
<div class="options2">ARQUEOLOGÍA. PREHISTORIA. CIENCIAS DE LA ANTIGÜEDAD &gt;Arqueología y Ciencias de la Antigüedad &gt; Filología Clásica</div>
<div class="options2">FOTOGRAFÍA E ILUSTRACIONES</div>
<div class="options2">ESTUDIOS LOCALES Y COMARCALES &gt; Calatayud</div>
</div>
</div>

<p>MARTÍN BUENO, Manuel; VERÓN GORMAZ, José (textos), Ecos de la vieja Roma, (XIX Centenario de Marco Valerio Marcial), CEB, Zaragoza, 2003, Centro de Estudios Bilbilitanos, 80, 80 p., 32 il. en color, 21&#215;30 cm. ISBN: 84-7820-723-6. Se cumplen ahora diecinueve &hellip; <a href="http://cebilbilitanos.com/?page_id=428">Sigue leyendo <span class="meta-nav">&rarr;</span></a></p>
