{"id":412,"date":"2015-09-13T07:49:42","date_gmt":"2015-09-13T07:49:42","guid":{"rendered":"http:\/\/cebilbilitanos.com\/?page_id=412"},"modified":"2015-09-13T16:59:27","modified_gmt":"2015-09-13T16:59:27","slug":"cantos-de-tierra-y-verso","status":"publish","type":"page","link":"http:\/\/cebilbilitanos.com\/?page_id=412","title":{"rendered":"Cantos de tierra y verso"},"content":{"rendered":"<p><a style=\"clear: left; float: left; margin-bottom: 1em; margin-right: 1em;\" href=\"https:\/\/lh3.googleusercontent.com\/-4qPyIproNVE\/TXLq_HeYR5I\/AAAAAAAAAF0\/jH1zKVuFbbY\/s1600\/_image_th1.jpg\"><img decoding=\"async\" src=\"http:\/\/lh3.googleusercontent.com\/-4qPyIproNVE\/TXLq_HeYR5I\/AAAAAAAAAF0\/jH1zKVuFbbY\/s1600\/_image_th1.jpg\" alt=\"\" border=\"0\" \/><\/a><b>VER\u00d3N GORMAZ, Jos\u00e9<\/b>, <i>Cantos de tierra y verso<\/i>, CEB, Calatayud, 2002, Centro de Estudios Bilbilitanos, 73, 78 p., 2 il., 16&#215;22 cm. ISBN: 84-7820-643-4.<\/p>\n<p>Este libro de Jos\u00e9 Ver\u00f3n Gormaz es una obra at\u00edpica, posiblemente \u00fanica. Su incursi\u00f3n en las coplas de la jota, una forma po\u00e9tica desprestigiada, supone un intento de renovaci\u00f3n del g\u00e9nero, adem\u00e1s de un ajuste de cuentas con los t\u00f3picos. Los Coplistas ap\u00f3crifos, una antolog\u00eda de coplas compuestas imaginativamente por personajes de ficci\u00f3n, pretenden recorrer los temas m\u00e1s frecuentes en la jota aragonesa, aunque despoj\u00e1ndolos de sus elementos m\u00e1s groseros. La segunda parte del libro toma el soneto como forma po\u00e9tica, aunque siempre referidos a los temas habituales del autor (y quiz\u00e1 de todos los poetas). Un libro, en suma, arriesgado, que trata de conversar po\u00e9ticamente con toda clase de lectores.<\/p>\n<div class=\"item\">\n<div class=\"nom\"><strong><span class=\"ficha_txt1\">EDICI\u00d3N:<\/span><\/strong><\/div>\n<div class=\"items_block\">\n<ul>\n<li class=\"items_block_nom\"><span class=\"ficha_txt2\">Editado por:\u00a0<\/span><span class=\"normal\">IFC-CEB<\/span><\/li>\n<li class=\"items_block_nom\"><span class=\"ficha_txt2\">Edici\u00f3n:\u00a0<\/span><span class=\"normal\">78 p., 15,5&#215;21,5 cm, ISBN 84-7820-643-4<\/span><\/li>\n<li class=\"items_block_nom\"><span class=\"ficha_txt2\">A\u00f1o edici\u00f3n:\u00a0<\/span><span class=\"normal\">2002<\/span><\/li>\n<\/ul>\n<\/div>\n<\/div>\n<div class=\"item\">\n<div class=\"nom\"><span class=\"ficha_txt1\"><strong>N\u00ba PUBLICACI\u00d3N:<\/strong>\u00a0<\/span><span class=\"normal\">2243 (IFC) &#8211; 73 (CEB)<\/span><\/div>\n<div class=\"nom\"><\/div>\n<\/div>\n<div class=\"item\">\n<div class=\"nom\"><strong><span class=\"ficha_txt1\">PRECIO:\u00a0<\/span><\/strong><span class=\"normal\">No venal<\/span><\/div>\n<div class=\"nom\"><\/div>\n<\/div>\n<div class=\"item\">\n<div class=\"nom\"><strong><span class=\"ficha_txt1\">MATERIAS:<\/span><\/strong><\/div>\n<div class=\"dat\">\n<div class=\"options2\">NARRATIVA, POES\u00cdA y TEATRO &gt; Poes\u00eda<\/div>\n<\/div>\n<\/div>\n","protected":false},"excerpt":{"rendered":"<p>VER\u00d3N GORMAZ, Jos\u00e9, Cantos de tierra y verso, CEB, Calatayud, 2002, Centro de Estudios Bilbilitanos, 73, 78 p., 2 il., 16&#215;22 cm. ISBN: 84-7820-643-4. Este libro de Jos\u00e9 Ver\u00f3n Gormaz es una obra at\u00edpica, posiblemente \u00fanica. Su incursi\u00f3n en las &hellip; <a href=\"http:\/\/cebilbilitanos.com\/?page_id=412\">Sigue leyendo <span class=\"meta-nav\">&rarr;<\/span><\/a><\/p>\n","protected":false},"author":1,"featured_media":0,"parent":193,"menu_order":0,"comment_status":"open","ping_status":"open","template":"","meta":[],"_links":{"self":[{"href":"http:\/\/cebilbilitanos.com\/index.php?rest_route=\/wp\/v2\/pages\/412"}],"collection":[{"href":"http:\/\/cebilbilitanos.com\/index.php?rest_route=\/wp\/v2\/pages"}],"about":[{"href":"http:\/\/cebilbilitanos.com\/index.php?rest_route=\/wp\/v2\/types\/page"}],"author":[{"embeddable":true,"href":"http:\/\/cebilbilitanos.com\/index.php?rest_route=\/wp\/v2\/users\/1"}],"replies":[{"embeddable":true,"href":"http:\/\/cebilbilitanos.com\/index.php?rest_route=%2Fwp%2Fv2%2Fcomments&post=412"}],"version-history":[{"count":2,"href":"http:\/\/cebilbilitanos.com\/index.php?rest_route=\/wp\/v2\/pages\/412\/revisions"}],"predecessor-version":[{"id":604,"href":"http:\/\/cebilbilitanos.com\/index.php?rest_route=\/wp\/v2\/pages\/412\/revisions\/604"}],"up":[{"embeddable":true,"href":"http:\/\/cebilbilitanos.com\/index.php?rest_route=\/wp\/v2\/pages\/193"}],"wp:attachment":[{"href":"http:\/\/cebilbilitanos.com\/index.php?rest_route=%2Fwp%2Fv2%2Fmedia&parent=412"}],"curies":[{"name":"wp","href":"https:\/\/api.w.org\/{rel}","templated":true}]}}