{"id":382,"date":"2015-09-13T07:06:46","date_gmt":"2015-09-13T07:06:46","guid":{"rendered":"http:\/\/cebilbilitanos.com\/?page_id=382"},"modified":"2015-09-13T17:55:20","modified_gmt":"2015-09-13T17:55:20","slug":"retratos-de-la-vida-cultural","status":"publish","type":"page","link":"http:\/\/cebilbilitanos.com\/?page_id=382","title":{"rendered":"Retratos de la vida cultural"},"content":{"rendered":"<p><a style=\"clear: left; float: left; margin-bottom: 1em; margin-right: 1em;\" href=\"https:\/\/lh4.googleusercontent.com\/-oNejxon3lUU\/TXLeJolnZSI\/AAAAAAAAAFQ\/d-RROxYRaAg\/s1600\/_image_th1.jpg\"><img decoding=\"async\" src=\"http:\/\/lh4.googleusercontent.com\/-oNejxon3lUU\/TXLeJolnZSI\/AAAAAAAAAFQ\/d-RROxYRaAg\/s1600\/_image_th1.jpg\" alt=\"\" border=\"0\" \/><\/a><b>LARREA, Rafael<\/b>, <i>Retratos de la vida cultural<\/i>, Calatayud, 1998, Centro de Estudios Bilbilitanos, 60, 88 p., 38 il., 21&#215;30 cm. ISBN: 84-7820-409-1.<\/p>\n<p><b>Presentaci\u00f3n<\/b>: \u00ab&#8230; La fotograf\u00eda es un lenguaje, una forma de expresi\u00f3n que permite obtener im\u00e1genes. Estas im\u00e1genes pueden alzanzar y cruzar las fronteras del arte, pero no siempre es \u00e9se el destino que busca el autor&#8230;<\/p>\n<p>Estos conceptos los tiene muy claros Rafael Larrea, fot\u00f3grafo ya veterano, aunque m\u00e9dico de profesi\u00f3n. Es inquieto en sus b\u00fasquedas y sensible en sus hallazgos. Trasladando el lenguaje fotogr\u00e1fico al de las palabras, podr\u00edamos decir que escribe en prosa o en verso, seg\u00fan el instante y la intenci\u00f3n&#8230; Se exposici\u00f3n sobre edificios de Madrid&#8230; marc\u00f3 un punto de inflexi\u00f3n que promet\u00eda nuevos caminos en la obra de este excelente fot\u00f3grafo. Uno de ellos, transitado con paso firme, dio lugar a una exposici\u00f3n titulada \u00abFiguras de la cultura bilbilitana\u00bb&#8230;<\/p>\n<p>Y de la exposici\u00f3n naci\u00f3 este libro, que recoge los retratos de algunos personajes relacionados con la cultura de Calatayud. Al hablar de cultura y al hablar de personajes, hay algo que matizar. Cuando Rafael Larrea empez\u00f3 a dar forma a esta colecci\u00f3n de im\u00e1genes, jam\u00e1s pens\u00f3 en reunir a los personajes m\u00e1s representativos de la cultura bilbilitana, sino en plasmar los rostros y los ambientes de algunas personas relacionadas con la mentada cultura, pero huyendo de cualquier matiz selectivo. No se trata de una antolog\u00eda de personalidades, sino de un recorrido particular y abierto (el autor contin\u00faa con este trabajo) por las personas que, relacionadas con la cultura poco o mucho, han inspirado al fot\u00f3grafo la realizaci\u00f3n de un retrato m\u00e1s o menos psicol\u00f3gico. En este sentido, la contemplaci\u00f3n de las fotograf\u00edas aqu\u00ed reunidas constituyen un canto a la cultura como totalidad, puesto que en el libro conviven artistas relevantes con pintores aficionados, profesores con poetas, escultores con fot\u00f3grafos, investigadores con t\u00e9cnicos&#8230; Si se tratata de un cat\u00e1logo de personajes ilustres, echar\u00edamos en falta a gente muy valiosa, tranto entre los que conviven con nosotros como entre los que fallecieron. Por fortuna, no se trata de eso;\u00a0 tenemos ante nosotros una colecci\u00f3n de fotograf\u00edas obtenidas por un destacado artista: Rafael Larrea. Ve\u00e1moslas, disfrutemos de las im\u00e1genes creadas por el fot\u00f3grafo, y olvidemos cualquier sospecha de catalogaci\u00f3n, que nada significa cuando el lenguaje fotogr\u00e1fico marcha en busca del arte.\u00bb<\/p>\n<div class=\"item\">\n<div class=\"nom\"><strong><span class=\"ficha_txt1\">EDICI\u00d3N:<\/span><\/strong><\/div>\n<div class=\"items_block\">\n<ul>\n<li class=\"items_block_nom\"><span class=\"ficha_txt2\">Editado por:\u00a0<\/span><span class=\"normal\">IFC-CEB<\/span><\/li>\n<li class=\"items_block_nom\"><span class=\"ficha_txt2\">Edici\u00f3n:\u00a0<\/span><span class=\"normal\">88 p., 38 il., 21&#215;30 cm, ISBN 84-7820-409-1<\/span><\/li>\n<li class=\"items_block_nom\"><span class=\"ficha_txt2\">A\u00f1o edici\u00f3n:\u00a0<\/span><span class=\"normal\">1998<\/span><\/li>\n<\/ul>\n<\/div>\n<\/div>\n<div class=\"item\">\n<div class=\"nom\"><span class=\"ficha_txt1\"><strong>COLECCI\u00d3N:<\/strong>\u00a0<\/span><span class=\"normal\">Centro de Estudios Bilbilitanos<\/span><\/div>\n<div class=\"nom\"><\/div>\n<\/div>\n<div class=\"item\">\n<div class=\"nom\"><span class=\"ficha_txt1\"><strong>N\u00ba PUBLICACI\u00d3N:<\/strong>\u00a0<\/span><span class=\"normal\">1899 (IFC) &#8211; 60\u00a0(CEB)<\/span><\/div>\n<div class=\"nom\"><\/div>\n<\/div>\n<div class=\"item\">\n<div class=\"nom\"><span class=\"ficha_txt1\"><strong>PRECIO:<\/strong>\u00a0<\/span><span class=\"normal\">5,00 \u20ac<\/span><\/div>\n<div class=\"nom\"><\/div>\n<\/div>\n<div class=\"item\">\n<div class=\"nom\"><strong><span class=\"ficha_txt1\">MATERIAS:<\/span><\/strong><\/div>\n<div class=\"dat\">\n<div class=\"options2\">BIOGRAF\u00cdAS y MEMORIAS<\/div>\n<div class=\"options2\">ESTUDIOS LOCALES Y COMARCALES &gt; Calatayud<\/div>\n<div class=\"options2\">FOTOGRAF\u00cdA<\/div>\n<\/div>\n<\/div>\n","protected":false},"excerpt":{"rendered":"<p>LARREA, Rafael, Retratos de la vida cultural, Calatayud, 1998, Centro de Estudios Bilbilitanos, 60, 88 p., 38 il., 21&#215;30 cm. ISBN: 84-7820-409-1. Presentaci\u00f3n: \u00ab&#8230; La fotograf\u00eda es un lenguaje, una forma de expresi\u00f3n que permite obtener im\u00e1genes. Estas im\u00e1genes pueden &hellip; <a href=\"http:\/\/cebilbilitanos.com\/?page_id=382\">Sigue leyendo <span class=\"meta-nav\">&rarr;<\/span><\/a><\/p>\n","protected":false},"author":1,"featured_media":0,"parent":193,"menu_order":0,"comment_status":"open","ping_status":"open","template":"","meta":[],"_links":{"self":[{"href":"http:\/\/cebilbilitanos.com\/index.php?rest_route=\/wp\/v2\/pages\/382"}],"collection":[{"href":"http:\/\/cebilbilitanos.com\/index.php?rest_route=\/wp\/v2\/pages"}],"about":[{"href":"http:\/\/cebilbilitanos.com\/index.php?rest_route=\/wp\/v2\/types\/page"}],"author":[{"embeddable":true,"href":"http:\/\/cebilbilitanos.com\/index.php?rest_route=\/wp\/v2\/users\/1"}],"replies":[{"embeddable":true,"href":"http:\/\/cebilbilitanos.com\/index.php?rest_route=%2Fwp%2Fv2%2Fcomments&post=382"}],"version-history":[{"count":2,"href":"http:\/\/cebilbilitanos.com\/index.php?rest_route=\/wp\/v2\/pages\/382\/revisions"}],"predecessor-version":[{"id":691,"href":"http:\/\/cebilbilitanos.com\/index.php?rest_route=\/wp\/v2\/pages\/382\/revisions\/691"}],"up":[{"embeddable":true,"href":"http:\/\/cebilbilitanos.com\/index.php?rest_route=\/wp\/v2\/pages\/193"}],"wp:attachment":[{"href":"http:\/\/cebilbilitanos.com\/index.php?rest_route=%2Fwp%2Fv2%2Fmedia&parent=382"}],"curies":[{"name":"wp","href":"https:\/\/api.w.org\/{rel}","templated":true}]}}

<p><a style="clear: left; float: left; margin-bottom: 1em; margin-right: 1em;" href="https://lh4.googleusercontent.com/-oNejxon3lUU/TXLeJolnZSI/AAAAAAAAAFQ/d-RROxYRaAg/s1600/_image_th1.jpg"><img decoding="async" src="http://lh4.googleusercontent.com/-oNejxon3lUU/TXLeJolnZSI/AAAAAAAAAFQ/d-RROxYRaAg/s1600/_image_th1.jpg" alt="" border="0" /></a><b>LARREA, Rafael</b>, <i>Retratos de la vida cultural</i>, Calatayud, 1998, Centro de Estudios Bilbilitanos, 60, 88 p., 38 il., 21&#215;30 cm. ISBN: 84-7820-409-1.</p>
<p><b>Presentación</b>: «&#8230; La fotografía es un lenguaje, una forma de expresión que permite obtener imágenes. Estas imágenes pueden alzanzar y cruzar las fronteras del arte, pero no siempre es ése el destino que busca el autor&#8230;</p>
<p>Estos conceptos los tiene muy claros Rafael Larrea, fotógrafo ya veterano, aunque médico de profesión. Es inquieto en sus búsquedas y sensible en sus hallazgos. Trasladando el lenguaje fotográfico al de las palabras, podríamos decir que escribe en prosa o en verso, según el instante y la intención&#8230; Se exposición sobre edificios de Madrid&#8230; marcó un punto de inflexión que prometía nuevos caminos en la obra de este excelente fotógrafo. Uno de ellos, transitado con paso firme, dio lugar a una exposición titulada «Figuras de la cultura bilbilitana»&#8230;</p>
<p>Y de la exposición nació este libro, que recoge los retratos de algunos personajes relacionados con la cultura de Calatayud. Al hablar de cultura y al hablar de personajes, hay algo que matizar. Cuando Rafael Larrea empezó a dar forma a esta colección de imágenes, jamás pensó en reunir a los personajes más representativos de la cultura bilbilitana, sino en plasmar los rostros y los ambientes de algunas personas relacionadas con la mentada cultura, pero huyendo de cualquier matiz selectivo. No se trata de una antología de personalidades, sino de un recorrido particular y abierto (el autor continúa con este trabajo) por las personas que, relacionadas con la cultura poco o mucho, han inspirado al fotógrafo la realización de un retrato más o menos psicológico. En este sentido, la contemplación de las fotografías aquí reunidas constituyen un canto a la cultura como totalidad, puesto que en el libro conviven artistas relevantes con pintores aficionados, profesores con poetas, escultores con fotógrafos, investigadores con técnicos&#8230; Si se tratata de un catálogo de personajes ilustres, echaríamos en falta a gente muy valiosa, tranto entre los que conviven con nosotros como entre los que fallecieron. Por fortuna, no se trata de eso;  tenemos ante nosotros una colección de fotografías obtenidas por un destacado artista: Rafael Larrea. Veámoslas, disfrutemos de las imágenes creadas por el fotógrafo, y olvidemos cualquier sospecha de catalogación, que nada significa cuando el lenguaje fotográfico marcha en busca del arte.»</p>
<div class="item">
<div class="nom"><strong><span class="ficha_txt1">EDICIÓN:</span></strong></div>
<div class="items_block">
<ul>
<li class="items_block_nom"><span class="ficha_txt2">Editado por: </span><span class="normal">IFC-CEB</span></li>
<li class="items_block_nom"><span class="ficha_txt2">Edición: </span><span class="normal">88 p., 38 il., 21&#215;30 cm, ISBN 84-7820-409-1</span></li>
<li class="items_block_nom"><span class="ficha_txt2">Año edición: </span><span class="normal">1998</span></li>
</ul>
</div>
</div>
<div class="item">
<div class="nom"><span class="ficha_txt1"><strong>COLECCIÓN:</strong> </span><span class="normal">Centro de Estudios Bilbilitanos</span></div>
<div class="nom"></div>
</div>
<div class="item">
<div class="nom"><span class="ficha_txt1"><strong>Nº PUBLICACIÓN:</strong> </span><span class="normal">1899 (IFC) &#8211; 60 (CEB)</span></div>
<div class="nom"></div>
</div>
<div class="item">
<div class="nom"><span class="ficha_txt1"><strong>PRECIO:</strong> </span><span class="normal">5,00 €</span></div>
<div class="nom"></div>
</div>
<div class="item">
<div class="nom"><strong><span class="ficha_txt1">MATERIAS:</span></strong></div>
<div class="dat">
<div class="options2">BIOGRAFÍAS y MEMORIAS</div>
<div class="options2">ESTUDIOS LOCALES Y COMARCALES &gt; Calatayud</div>
<div class="options2">FOTOGRAFÍA</div>
</div>
</div>

<p>LARREA, Rafael, Retratos de la vida cultural, Calatayud, 1998, Centro de Estudios Bilbilitanos, 60, 88 p., 38 il., 21&#215;30 cm. ISBN: 84-7820-409-1. Presentación: «&#8230; La fotografía es un lenguaje, una forma de expresión que permite obtener imágenes. Estas imágenes pueden &hellip; <a href="http://cebilbilitanos.com/?page_id=382">Sigue leyendo <span class="meta-nav">&rarr;</span></a></p>
