{"id":378,"date":"2015-09-13T07:01:52","date_gmt":"2015-09-13T07:01:52","guid":{"rendered":"http:\/\/cebilbilitanos.com\/?page_id=378"},"modified":"2015-09-13T17:36:10","modified_gmt":"2015-09-13T17:36:10","slug":"la-arqueologia-urbana-en-calatayud-1979-1997-datos-para-una-sintesis","status":"publish","type":"page","link":"http:\/\/cebilbilitanos.com\/?page_id=378","title":{"rendered":"La arqueolog\u00eda urbana en Calatayud, 1979-1997. Datos para una s\u00edntesis"},"content":{"rendered":"<p><a style=\"clear: left; float: left; margin-bottom: 1em; margin-right: 1em;\" href=\"https:\/\/lh6.googleusercontent.com\/-KsiRcpR2pqc\/TXLbFaV2y5I\/AAAAAAAAAFE\/I3e0Nt9mB3Q\/s1600\/_image_th1.jpg\"><img decoding=\"async\" src=\"http:\/\/lh6.googleusercontent.com\/-KsiRcpR2pqc\/TXLbFaV2y5I\/AAAAAAAAAFE\/I3e0Nt9mB3Q\/s1600\/_image_th1.jpg\" alt=\"\" border=\"0\" \/><\/a><b>CEBOLLA BERLANGA, Jos\u00e9 Luis; ROYO GUILL\u00c9N, Jos\u00e9 Ignacio; REY LANASPA, Javier<\/b>, <i>La arqueolog\u00eda urbana en Calatayud, 1979-1997. Datos para una s\u00edntesis<\/i> , CEB, Calatayud, 1997, Centro de Estudios Bilbilitanos, 58, 228 p., 100 il., 9 map., 17&#215;24 cm (Estudios de Arqueolog\u00eda, 1). ISBN: 84-7820-392-3.<\/p>\n<p><b>Presentaci\u00f3n<\/b>: \u00ab&#8230; Hace a\u00f1os que el Centro de Estudios Bilbilitanos ha insistido en la necesidad de un estudio\u00a0 arqueol\u00f3gico de la propia ciudad de Calatayud, lo que en varias ocasiones le ha costado alg\u00fan peque\u00f1o enfrentamiento con instituciones p\u00fablica s. Es natural la reticencia de los promotores o constructores a realizar catas o excavaciones, pues temen retrasos o impedimentos para ejecutar su obra. Y es sabido que habitualmente los poderes p\u00fablicos han sido m\u00e1s sensibles a los intereses de los constructores y promotores que a las propuestas de las entidades culturales.<\/p>\n<p>Afortunadamente, desde hace unos pocos a\u00f1os parece que algo ha cambiado en este aspecto. Se reconoce que para una sociedad civilizada (de \u00abcivitas\u00bb, ciudad) es muy importante conocer su pasado, y para ello se ha establecido en Calatayud, al igual que en otras ciudades, la obligatoriedad de hacer catas arqueol\u00f3gicas, y en su caso excavaciones, en cualquier solar del casco antiguo, antes de edificar sobre \u00e9l. El retraso en la construcci\u00f3n es uno si la labor arqueol\u00f3gica se prev\u00e9 adecuadamente, y su repercusi\u00f3n en el precio de las viviendas apenas significativa&#8230;<\/p>\n<p>En muy pocos a\u00f1os, las excavaciones, y a pesar de que por su naturaleza carecen, por ahora, de un plan director, han aportado datos valiosos para la historia de Calatayud. Si esta pol\u00edtica persiste, cada tres o cuatro a\u00f1os habr\u00e1 que publicar un nuevo libro que d\u00e9 cuenta de los correspondientes hallazgos. Y si as\u00ed se sigue, dentro de una o dos d\u00e9cadas el conocimiento que podremos tener de nuestra ciudad, de nuestro pasado, sin duda habr\u00e1 mejorado de forma espectacular.\u00bb<\/p>\n<div class=\"item\">\n<div class=\"nom\"><strong><span class=\"ficha_txt1\">EDICI\u00d3N:<\/span><\/strong><\/div>\n<div class=\"items_block\">\n<ul>\n<li class=\"items_block_nom\"><span class=\"ficha_txt2\">Editado por:\u00a0<\/span><span class=\"normal\">IFC-CEB<\/span><\/li>\n<li class=\"items_block_nom\"><span class=\"ficha_txt2\">Edici\u00f3n:\u00a0<\/span><span class=\"normal\">228 p., 100 il., 9 mapas, 17&#215;24 cm, ISBN 84-7820-392-3<\/span><\/li>\n<li class=\"items_block_nom\"><span class=\"ficha_txt2\">A\u00f1o edici\u00f3n:\u00a0<\/span><span class=\"normal\">1997<\/span><\/li>\n<\/ul>\n<div class=\"items_block_nom\"><\/div>\n<\/div>\n<\/div>\n<div class=\"item\">\n<div class=\"nom\"><span class=\"ficha_txt1\"><strong>COLECCI\u00d3N:<\/strong>\u00a0<\/span><span class=\"normal\">Centro de Estudios Bilbilitanos<\/span><\/div>\n<div class=\"nom\"><\/div>\n<\/div>\n<div class=\"item\">\n<div class=\"nom\"><span class=\"ficha_txt1\"><strong>N\u00ba PUBLICACI\u00d3N:<\/strong>\u00a0<\/span><span class=\"normal\">1879 (IFC) &#8211; 58\u00a0(CEB)<\/span><\/div>\n<div class=\"nom\"><\/div>\n<\/div>\n<div class=\"item\">\n<div class=\"nom\"><span class=\"ficha_txt1\"><strong>PRECIO:<\/strong>\u00a0<\/span><span class=\"normal\">Agotado<\/span><\/div>\n<div class=\"nom\"><\/div>\n<\/div>\n<div class=\"item\">\n<div class=\"nom\"><strong><span class=\"ficha_txt1\">MATERIAS:<\/span><\/strong><\/div>\n<div class=\"dat\">\n<div class=\"options2\">ARQUEOLOG\u00cdA. PREHISTORIA. CIENCIAS DE LA ANTIG\u00dcEDAD &gt;Arqueolog\u00eda y Ciencias de la Antig\u00fcedad<\/div>\n<\/div>\n<\/div>\n","protected":false},"excerpt":{"rendered":"<p>CEBOLLA BERLANGA, Jos\u00e9 Luis; ROYO GUILL\u00c9N, Jos\u00e9 Ignacio; REY LANASPA, Javier, La arqueolog\u00eda urbana en Calatayud, 1979-1997. Datos para una s\u00edntesis , CEB, Calatayud, 1997, Centro de Estudios Bilbilitanos, 58, 228 p., 100 il., 9 map., 17&#215;24 cm (Estudios de &hellip; <a href=\"http:\/\/cebilbilitanos.com\/?page_id=378\">Sigue leyendo <span class=\"meta-nav\">&rarr;<\/span><\/a><\/p>\n","protected":false},"author":1,"featured_media":0,"parent":193,"menu_order":0,"comment_status":"open","ping_status":"open","template":"","meta":[],"_links":{"self":[{"href":"http:\/\/cebilbilitanos.com\/index.php?rest_route=\/wp\/v2\/pages\/378"}],"collection":[{"href":"http:\/\/cebilbilitanos.com\/index.php?rest_route=\/wp\/v2\/pages"}],"about":[{"href":"http:\/\/cebilbilitanos.com\/index.php?rest_route=\/wp\/v2\/types\/page"}],"author":[{"embeddable":true,"href":"http:\/\/cebilbilitanos.com\/index.php?rest_route=\/wp\/v2\/users\/1"}],"replies":[{"embeddable":true,"href":"http:\/\/cebilbilitanos.com\/index.php?rest_route=%2Fwp%2Fv2%2Fcomments&post=378"}],"version-history":[{"count":2,"href":"http:\/\/cebilbilitanos.com\/index.php?rest_route=\/wp\/v2\/pages\/378\/revisions"}],"predecessor-version":[{"id":652,"href":"http:\/\/cebilbilitanos.com\/index.php?rest_route=\/wp\/v2\/pages\/378\/revisions\/652"}],"up":[{"embeddable":true,"href":"http:\/\/cebilbilitanos.com\/index.php?rest_route=\/wp\/v2\/pages\/193"}],"wp:attachment":[{"href":"http:\/\/cebilbilitanos.com\/index.php?rest_route=%2Fwp%2Fv2%2Fmedia&parent=378"}],"curies":[{"name":"wp","href":"https:\/\/api.w.org\/{rel}","templated":true}]}}