{"id":340,"date":"2015-09-12T17:34:05","date_gmt":"2015-09-12T17:34:05","guid":{"rendered":"http:\/\/cebilbilitanos.com\/?page_id=340"},"modified":"2017-09-05T14:11:51","modified_gmt":"2017-09-05T14:11:51","slug":"historia-de-la-siempre-augusta-y-fidelisima-ciudad-de-calatayud-tomos-i-y-ii-2a-edicion","status":"publish","type":"page","link":"http:\/\/cebilbilitanos.com\/?page_id=340","title":{"rendered":"Historia de la siempre augusta y fidel\u00edsima ciudad de Calatayud [tomos I y II. 2\u00aa edici\u00f3n]"},"content":{"rendered":"<div class=\"item\" style=\"color: #333333; float: left; font-family: 'trebuchet MS', 'Century Gothic', Verdana, Arial; margin-bottom: 2px;\">\n<div class=\"separator\" style=\"clear: both; text-align: center;\"><a style=\"margin-left: 1em; margin-right: 1em;\" href=\"http:\/\/1.bp.blogspot.com\/-CFbCdSJEjLs\/VKGG1BdpE8I\/AAAAAAAAAL4\/2l3vM9vocjA\/s1600\/_image_th1.jpg\"><img decoding=\"async\" class=\" alignnone\" src=\"http:\/\/1.bp.blogspot.com\/-CFbCdSJEjLs\/VKGG1BdpE8I\/AAAAAAAAAL4\/2l3vM9vocjA\/s1600\/_image_th1.jpg\" alt=\"\" border=\"0\" \/><\/a><\/div>\n<\/div>\n<div class=\"separator\" style=\"clear: both; text-align: left;\">\n<div class=\"item\">\n<div class=\"nom\"><\/div>\n<div class=\"nom\"><b>LA FUENTE, Vicente de<\/b>, <i>Historia de la siempre augusta y fidel\u00edsima ciudad de Calatayud<\/i>.<br \/>\nTomos I y II (2\u00aa edici\u00f3n), presentaci\u00f3n de Pedro Mont\u00f3n Puerto, CEB, Calatayud, 1994, Centro de Estudios Bilbilitanos, 45, 1064 p., 1.052 p .facs\u00edmile, 15 il., 15&#215;21 cm. ISBN: 84-00-06821-1<\/div>\n<div class=\"nom\"><\/div>\n<\/div>\n<div class=\"item\">\n<div class=\"nom\"><strong><span class=\"ficha_txt1\">NOTAS:\u00a0<\/span><\/strong><span class=\"normal\">Presentaci\u00f3n de Pedro Mont\u00f3n Puerto, Centro de Estudios Bilbilitanos.<\/span><\/div>\n<div class=\"nom\"><\/div>\n<\/div>\n<div class=\"item\">\n<div class=\"nom\"><strong><span class=\"ficha_txt1\">EDICI\u00d3N:<\/span><\/strong><\/div>\n<div class=\"items_block\">\n<ul>\n<li class=\"items_block_nom\"><span class=\"ficha_txt2\">Editado por:\u00a0<\/span><span class=\"normal\">IFC-CEB<\/span><\/li>\n<li class=\"items_block_nom\"><span class=\"ficha_txt2\">Edici\u00f3n:\u00a0<\/span><span class=\"normal\">2\u00aa edici\u00f3n. 2 vol\u00famenes. 1064 p., 1052 p. facs\u00edmile, 15 il., 15&#215;21 cm, ISBN 84-00-06821-1<\/span><\/li>\n<li class=\"items_block_nom\"><span class=\"ficha_txt2\">A\u00f1o edici\u00f3n:\u00a0<\/span><span class=\"normal\">1994<\/span><\/li>\n<\/ul>\n<\/div>\n<\/div>\n<div class=\"item\">\n<div class=\"nom\"><strong><span class=\"ficha_txt1\">COLECCI\u00d3N:<\/span><\/strong><\/div>\n<div class=\"dat\"><span class=\"normal\">Centro de Estudios Bilbilitanos<\/span><\/div>\n<div class=\"dat\"><\/div>\n<\/div>\n<div class=\"item\">\n<div class=\"nom\"><strong><span class=\"ficha_txt1\">N\u00ba PUBLICACI\u00d3N:\u00a0<\/span><\/strong><span class=\"normal\">1624\u00a0 (IFC) &#8211; 45\u00a0(CEB)<\/span><\/div>\n<div class=\"nom\"><\/div>\n<\/div>\n<div class=\"item\">\n<div class=\"nom\"><strong><span class=\"ficha_txt1\">PRECIO:\u00a0<\/span><\/strong><span class=\"normal\">No venal<\/span><\/div>\n<div class=\"nom\"><\/div>\n<\/div>\n<div class=\"item\">\n<div class=\"nom\"><strong><span class=\"ficha_txt1\">MATERIAS:<\/span><\/strong><\/div>\n<div class=\"dat\">\n<div class=\"options2\"><a href=\"http:\/\/ifc.dpz.es\/publicaciones\/listado\/categoria\/91\">ESTUDIOS LOCALES Y COMARCALES<\/a> &gt; <a href=\"http:\/\/ifc.dpz.es\/publicaciones\/listado\/categoria\/95\">Calatayud<\/a><\/div>\n<div class=\"options2\">HISTORIA<\/div>\n<div class=\"options2\">\n<hr \/>\n<\/div>\n<\/div>\n<\/div>\n<\/div>\n<p><img decoding=\"async\" loading=\"lazy\" class=\"aligncenter size-full wp-image-1966\" src=\"http:\/\/cebilbilitanos.com\/wp-content\/uploads\/2015\/09\/bibilioteca-virtual-300x91.jpg\" alt=\"\" width=\"300\" height=\"91\" \/><\/p>\n<ul>\n<li><a href=\"https:\/\/www.dropbox.com\/s\/3k1m16uibepaklw\/Historia%20Calatayud%20V%20de%20la%20Fuente%201.pdf?dl=0\"><i>Historia de la siempre augusta y fidel\u00edsima ciudad de Calatayud (Tomo I)<\/i><\/a><\/li>\n<li><a href=\"https:\/\/www.dropbox.com\/s\/tv2bdtggxsm86g2\/Historia%20Calatayud%20V%20de%20la%20Fuente%202.pdf?dl=0\"><i>Historia de la siempre augusta y fidel\u00edsima ciudad de Calatayud (Tomo II)<\/i><\/a><\/li>\n<\/ul>\n<div class=\"item\" style=\"color: #333333; float: left; font-family: 'trebuchet MS', 'Century Gothic', Verdana, Arial; margin-bottom: 2px;\"><\/div>\n","protected":false},"excerpt":{"rendered":"<p>LA FUENTE, Vicente de, Historia de la siempre augusta y fidel\u00edsima ciudad de Calatayud. Tomos I y II (2\u00aa edici\u00f3n), presentaci\u00f3n de Pedro Mont\u00f3n Puerto, CEB, Calatayud, 1994, Centro de Estudios Bilbilitanos, 45, 1064 p., 1.052 p .facs\u00edmile, 15 il., &hellip; <a href=\"http:\/\/cebilbilitanos.com\/?page_id=340\">Sigue leyendo <span class=\"meta-nav\">&rarr;<\/span><\/a><\/p>\n","protected":false},"author":1,"featured_media":0,"parent":193,"menu_order":0,"comment_status":"open","ping_status":"open","template":"","meta":[],"_links":{"self":[{"href":"http:\/\/cebilbilitanos.com\/index.php?rest_route=\/wp\/v2\/pages\/340"}],"collection":[{"href":"http:\/\/cebilbilitanos.com\/index.php?rest_route=\/wp\/v2\/pages"}],"about":[{"href":"http:\/\/cebilbilitanos.com\/index.php?rest_route=\/wp\/v2\/types\/page"}],"author":[{"embeddable":true,"href":"http:\/\/cebilbilitanos.com\/index.php?rest_route=\/wp\/v2\/users\/1"}],"replies":[{"embeddable":true,"href":"http:\/\/cebilbilitanos.com\/index.php?rest_route=%2Fwp%2Fv2%2Fcomments&post=340"}],"version-history":[{"count":5,"href":"http:\/\/cebilbilitanos.com\/index.php?rest_route=\/wp\/v2\/pages\/340\/revisions"}],"predecessor-version":[{"id":1968,"href":"http:\/\/cebilbilitanos.com\/index.php?rest_route=\/wp\/v2\/pages\/340\/revisions\/1968"}],"up":[{"embeddable":true,"href":"http:\/\/cebilbilitanos.com\/index.php?rest_route=\/wp\/v2\/pages\/193"}],"wp:attachment":[{"href":"http:\/\/cebilbilitanos.com\/index.php?rest_route=%2Fwp%2Fv2%2Fmedia&parent=340"}],"curies":[{"name":"wp","href":"https:\/\/api.w.org\/{rel}","templated":true}]}}

Historia de la siempre augusta y fidelísima ciudad de Calatayud [tomos I y II. 2ª edición]

<div class="item" style="color: #333333; float: left; font-family: 'trebuchet MS', 'Century Gothic', Verdana, Arial; margin-bottom: 2px;">
<div class="separator" style="clear: both; text-align: center;"><a style="margin-left: 1em; margin-right: 1em;" href="http://1.bp.blogspot.com/-CFbCdSJEjLs/VKGG1BdpE8I/AAAAAAAAAL4/2l3vM9vocjA/s1600/_image_th1.jpg"><img decoding="async" class=" alignnone" src="http://1.bp.blogspot.com/-CFbCdSJEjLs/VKGG1BdpE8I/AAAAAAAAAL4/2l3vM9vocjA/s1600/_image_th1.jpg" alt="" border="0" /></a></div>
</div>
<div class="separator" style="clear: both; text-align: left;">
<div class="item">
<div class="nom"></div>
<div class="nom"><b>LA FUENTE, Vicente de</b>, <i>Historia de la siempre augusta y fidelísima ciudad de Calatayud</i>.<br />
Tomos I y II (2ª edición), presentación de Pedro Montón Puerto, CEB, Calatayud, 1994, Centro de Estudios Bilbilitanos, 45, 1064 p., 1.052 p .facsímile, 15 il., 15&#215;21 cm. ISBN: 84-00-06821-1</div>
<div class="nom"></div>
</div>
<div class="item">
<div class="nom"><strong><span class="ficha_txt1">NOTAS: </span></strong><span class="normal">Presentación de Pedro Montón Puerto, Centro de Estudios Bilbilitanos.</span></div>
<div class="nom"></div>
</div>
<div class="item">
<div class="nom"><strong><span class="ficha_txt1">EDICIÓN:</span></strong></div>
<div class="items_block">
<ul>
<li class="items_block_nom"><span class="ficha_txt2">Editado por: </span><span class="normal">IFC-CEB</span></li>
<li class="items_block_nom"><span class="ficha_txt2">Edición: </span><span class="normal">2ª edición. 2 volúmenes. 1064 p., 1052 p. facsímile, 15 il., 15&#215;21 cm, ISBN 84-00-06821-1</span></li>
<li class="items_block_nom"><span class="ficha_txt2">Año edición: </span><span class="normal">1994</span></li>
</ul>
</div>
</div>
<div class="item">
<div class="nom"><strong><span class="ficha_txt1">COLECCIÓN:</span></strong></div>
<div class="dat"><span class="normal">Centro de Estudios Bilbilitanos</span></div>
<div class="dat"></div>
</div>
<div class="item">
<div class="nom"><strong><span class="ficha_txt1">Nº PUBLICACIÓN: </span></strong><span class="normal">1624  (IFC) &#8211; 45 (CEB)</span></div>
<div class="nom"></div>
</div>
<div class="item">
<div class="nom"><strong><span class="ficha_txt1">PRECIO: </span></strong><span class="normal">No venal</span></div>
<div class="nom"></div>
</div>
<div class="item">
<div class="nom"><strong><span class="ficha_txt1">MATERIAS:</span></strong></div>
<div class="dat">
<div class="options2"><a href="http://ifc.dpz.es/publicaciones/listado/categoria/91">ESTUDIOS LOCALES Y COMARCALES</a> &gt; <a href="http://ifc.dpz.es/publicaciones/listado/categoria/95">Calatayud</a></div>
<div class="options2">HISTORIA</div>
<div class="options2">
<hr />
</div>
</div>
</div>
</div>
<p><img decoding="async" loading="lazy" class="aligncenter size-full wp-image-1966" src="http://cebilbilitanos.com/wp-content/uploads/2015/09/bibilioteca-virtual-300x91.jpg" alt="" width="300" height="91" /></p>
<ul>
<li><a href="https://www.dropbox.com/s/3k1m16uibepaklw/Historia%20Calatayud%20V%20de%20la%20Fuente%201.pdf?dl=0"><i>Historia de la siempre augusta y fidelísima ciudad de Calatayud (Tomo I)</i></a></li>
<li><a href="https://www.dropbox.com/s/tv2bdtggxsm86g2/Historia%20Calatayud%20V%20de%20la%20Fuente%202.pdf?dl=0"><i>Historia de la siempre augusta y fidelísima ciudad de Calatayud (Tomo II)</i></a></li>
</ul>
<div class="item" style="color: #333333; float: left; font-family: 'trebuchet MS', 'Century Gothic', Verdana, Arial; margin-bottom: 2px;"></div>

<p>LA FUENTE, Vicente de, Historia de la siempre augusta y fidelísima ciudad de Calatayud. Tomos I y II (2ª edición), presentación de Pedro Montón Puerto, CEB, Calatayud, 1994, Centro de Estudios Bilbilitanos, 45, 1064 p., 1.052 p .facsímile, 15 il., &hellip; <a href="http://cebilbilitanos.com/?page_id=340">Sigue leyendo <span class="meta-nav">&rarr;</span></a></p>
