{"id":335,"date":"2015-09-12T17:25:23","date_gmt":"2015-09-12T17:25:23","guid":{"rendered":"http:\/\/cebilbilitanos.com\/?page_id=335"},"modified":"2015-09-13T17:19:08","modified_gmt":"2015-09-13T17:19:08","slug":"cuando-calatayud-fue-capital-de-provincia","status":"publish","type":"page","link":"http:\/\/cebilbilitanos.com\/?page_id=335","title":{"rendered":"Cuando Calatayud fue capital de provincia"},"content":{"rendered":"<p><b><a href=\"http:\/\/cebilbilitanos.com\/wp-content\/uploads\/2015\/09\/image_th1-2.jpg\"><img decoding=\"async\" loading=\"lazy\" class=\"aligncenter size-full wp-image-336\" src=\"http:\/\/cebilbilitanos.com\/wp-content\/uploads\/2015\/09\/image_th1-2.jpg\" alt=\"_image_th1 (2)\" width=\"177\" height=\"250\" \/><\/a><br \/>\nNAVARRO AZPEITIA, Fausto<\/b>, <i>Cuando Calatayud fue capital de provincia<\/i>, CEB, Zaragoza, 1993, Centro de Estudios Bilbilitanos, 43, 20 p., 1 map., 21&#215;29 cm. ISBN: 84-600-8573-2.<br \/>\n<b>Presentaci\u00f3n<\/b>: \u00ab&#8230; Con la sagacidad del investigador avezado, y movido por su profundo amor a Calatayud, Fausto Navarro Azpeitia quiso documentarse para informarnos de un episodio de nuestra historia local, s\u00f3lo mencionado por D. Vicente de la Fuente en el libro que refiere nuestro pasado. Para llevar a cabo su empresa, acudi\u00f3 al \u00fanico manantial que pod\u00eda proporcionarle datos fidedignos sobre el acontecimiento. \u00c9ste no era otro que el Diario de Sesiones de las Cortes. Con tales documentos y su extensa cultura, ambient\u00f3 el relato de la \u00e9poca en que los hechos ten\u00edan lugar y nos dio a conocer la disposici\u00f3n por la cual Calatayud adquir\u00eda el m\u00e1ximo rango administrativo que, hasta ahora, ha podido disfrutar, aunque fuese por poco tiempo&#8230;\u00bb<\/p>\n<div class=\"item\">\n<div class=\"nom\"><span class=\"ficha_txt1\"><strong>EDICI\u00d3N<\/strong>:<\/span><\/div>\n<div class=\"items_block\">\n<ul>\n<li class=\"items_block_nom\"><span class=\"ficha_txt2\">Editado por:\u00a0<\/span><span class=\"normal\">IFC-CEB<\/span><\/li>\n<li class=\"items_block_nom\"><span class=\"ficha_txt2\">Edici\u00f3n:\u00a0<\/span><span class=\"normal\">20 p., 1 mapa, 21&#215;29 cm, ISBN 84-600-8573-2<\/span><\/li>\n<li class=\"items_block_nom\"><span class=\"ficha_txt2\">A\u00f1o edici\u00f3n:\u00a0<\/span><span class=\"normal\">1993<\/span><\/li>\n<\/ul>\n<\/div>\n<\/div>\n<div class=\"item\">\n<div class=\"nom\"><strong><span class=\"ficha_txt1\">COLECCI\u00d3N:\u00a0<\/span><\/strong><span class=\"normal\">Centro de Estudios Bilbilitanos<\/span><\/div>\n<div class=\"nom\"><\/div>\n<\/div>\n<div class=\"item\">\n<div class=\"nom\"><span class=\"ficha_txt1\"><strong>N\u00ba PUBLICACI\u00d3N:<\/strong>\u00a0<\/span><span class=\"normal\">1579\u00a0 (IFC) &#8211; 43\u00a0(CEB)<\/span><\/div>\n<div class=\"nom\"><\/div>\n<\/div>\n<div class=\"item\">\n<div class=\"nom\"><span class=\"ficha_txt1\"><strong>PRECIO:<\/strong>\u00a0<\/span><span class=\"normal\">Agotado<\/span><\/div>\n<div class=\"nom\"><\/div>\n<\/div>\n<div class=\"item\">\n<div class=\"nom\"><strong><span class=\"ficha_txt1\">MATERIAS:<\/span><\/strong><\/div>\n<div class=\"dat\">\n<div class=\"options2\">HISTORIA &gt; Historia contempor\u00e1nea<\/div>\n<div class=\"options2\">ESTUDIOS LOCALES Y COMARCALES &gt; Calatayud<\/div>\n<\/div>\n<\/div>\n","protected":false},"excerpt":{"rendered":"<p>NAVARRO AZPEITIA, Fausto, Cuando Calatayud fue capital de provincia, CEB, Zaragoza, 1993, Centro de Estudios Bilbilitanos, 43, 20 p., 1 map., 21&#215;29 cm. ISBN: 84-600-8573-2. Presentaci\u00f3n: \u00ab&#8230; Con la sagacidad del investigador avezado, y movido por su profundo amor a &hellip; <a href=\"http:\/\/cebilbilitanos.com\/?page_id=335\">Sigue leyendo <span class=\"meta-nav\">&rarr;<\/span><\/a><\/p>\n","protected":false},"author":1,"featured_media":0,"parent":193,"menu_order":0,"comment_status":"open","ping_status":"open","template":"","meta":[],"_links":{"self":[{"href":"http:\/\/cebilbilitanos.com\/index.php?rest_route=\/wp\/v2\/pages\/335"}],"collection":[{"href":"http:\/\/cebilbilitanos.com\/index.php?rest_route=\/wp\/v2\/pages"}],"about":[{"href":"http:\/\/cebilbilitanos.com\/index.php?rest_route=\/wp\/v2\/types\/page"}],"author":[{"embeddable":true,"href":"http:\/\/cebilbilitanos.com\/index.php?rest_route=\/wp\/v2\/users\/1"}],"replies":[{"embeddable":true,"href":"http:\/\/cebilbilitanos.com\/index.php?rest_route=%2Fwp%2Fv2%2Fcomments&post=335"}],"version-history":[{"count":2,"href":"http:\/\/cebilbilitanos.com\/index.php?rest_route=\/wp\/v2\/pages\/335\/revisions"}],"predecessor-version":[{"id":631,"href":"http:\/\/cebilbilitanos.com\/index.php?rest_route=\/wp\/v2\/pages\/335\/revisions\/631"}],"up":[{"embeddable":true,"href":"http:\/\/cebilbilitanos.com\/index.php?rest_route=\/wp\/v2\/pages\/193"}],"wp:attachment":[{"href":"http:\/\/cebilbilitanos.com\/index.php?rest_route=%2Fwp%2Fv2%2Fmedia&parent=335"}],"curies":[{"name":"wp","href":"https:\/\/api.w.org\/{rel}","templated":true}]}}

<p><b><a href="http://cebilbilitanos.com/wp-content/uploads/2015/09/image_th1-2.jpg"><img decoding="async" loading="lazy" class="aligncenter size-full wp-image-336" src="http://cebilbilitanos.com/wp-content/uploads/2015/09/image_th1-2.jpg" alt="_image_th1 (2)" width="177" height="250" /></a><br />
NAVARRO AZPEITIA, Fausto</b>, <i>Cuando Calatayud fue capital de provincia</i>, CEB, Zaragoza, 1993, Centro de Estudios Bilbilitanos, 43, 20 p., 1 map., 21&#215;29 cm. ISBN: 84-600-8573-2.<br />
<b>Presentación</b>: «&#8230; Con la sagacidad del investigador avezado, y movido por su profundo amor a Calatayud, Fausto Navarro Azpeitia quiso documentarse para informarnos de un episodio de nuestra historia local, sólo mencionado por D. Vicente de la Fuente en el libro que refiere nuestro pasado. Para llevar a cabo su empresa, acudió al único manantial que podía proporcionarle datos fidedignos sobre el acontecimiento. Éste no era otro que el Diario de Sesiones de las Cortes. Con tales documentos y su extensa cultura, ambientó el relato de la época en que los hechos tenían lugar y nos dio a conocer la disposición por la cual Calatayud adquiría el máximo rango administrativo que, hasta ahora, ha podido disfrutar, aunque fuese por poco tiempo&#8230;»</p>
<div class="item">
<div class="nom"><span class="ficha_txt1"><strong>EDICIÓN</strong>:</span></div>
<div class="items_block">
<ul>
<li class="items_block_nom"><span class="ficha_txt2">Editado por: </span><span class="normal">IFC-CEB</span></li>
<li class="items_block_nom"><span class="ficha_txt2">Edición: </span><span class="normal">20 p., 1 mapa, 21&#215;29 cm, ISBN 84-600-8573-2</span></li>
<li class="items_block_nom"><span class="ficha_txt2">Año edición: </span><span class="normal">1993</span></li>
</ul>
</div>
</div>
<div class="item">
<div class="nom"><strong><span class="ficha_txt1">COLECCIÓN: </span></strong><span class="normal">Centro de Estudios Bilbilitanos</span></div>
<div class="nom"></div>
</div>
<div class="item">
<div class="nom"><span class="ficha_txt1"><strong>Nº PUBLICACIÓN:</strong> </span><span class="normal">1579  (IFC) &#8211; 43 (CEB)</span></div>
<div class="nom"></div>
</div>
<div class="item">
<div class="nom"><span class="ficha_txt1"><strong>PRECIO:</strong> </span><span class="normal">Agotado</span></div>
<div class="nom"></div>
</div>
<div class="item">
<div class="nom"><strong><span class="ficha_txt1">MATERIAS:</span></strong></div>
<div class="dat">
<div class="options2">HISTORIA &gt; Historia contemporánea</div>
<div class="options2">ESTUDIOS LOCALES Y COMARCALES &gt; Calatayud</div>
</div>
</div>

<p>NAVARRO AZPEITIA, Fausto, Cuando Calatayud fue capital de provincia, CEB, Zaragoza, 1993, Centro de Estudios Bilbilitanos, 43, 20 p., 1 map., 21&#215;29 cm. ISBN: 84-600-8573-2. Presentación: «&#8230; Con la sagacidad del investigador avezado, y movido por su profundo amor a &hellip; <a href="http://cebilbilitanos.com/?page_id=335">Sigue leyendo <span class="meta-nav">&rarr;</span></a></p>
