{"id":318,"date":"2015-09-12T16:40:03","date_gmt":"2015-09-12T16:40:03","guid":{"rendered":"http:\/\/cebilbilitanos.com\/?page_id=318"},"modified":"2015-09-13T17:52:02","modified_gmt":"2015-09-13T17:52:02","slug":"pequena-lirica-nocturna","status":"publish","type":"page","link":"http:\/\/cebilbilitanos.com\/?page_id=318","title":{"rendered":"Peque\u00f1a L\u00edrica Nocturna"},"content":{"rendered":"<p><a href=\"http:\/\/cebilbilitanos.com\/wp-content\/uploads\/2015\/09\/po-pequena-lirica-nocturna.jpg\"><img decoding=\"async\" loading=\"lazy\" class=\"aligncenter size-full wp-image-319\" src=\"http:\/\/cebilbilitanos.com\/wp-content\/uploads\/2015\/09\/po-pequena-lirica-nocturna.jpg\" alt=\"po-pequena-lirica-nocturna\" width=\"368\" height=\"500\" srcset=\"http:\/\/cebilbilitanos.com\/wp-content\/uploads\/2015\/09\/po-pequena-lirica-nocturna.jpg 368w, http:\/\/cebilbilitanos.com\/wp-content\/uploads\/2015\/09\/po-pequena-lirica-nocturna-221x300.jpg 221w\" sizes=\"(max-width: 368px) 100vw, 368px\" \/><\/a><\/p>\n<p><b>VER\u00d3N GORMAZ, Jos\u00e9<\/b>: <i>Peque\u00f1a L\u00edrica Nocturna,<\/i> Zaragoza, 1992, Centro de Estudios Bilbilitanos, 37 bis, 68 p., 15&#215;21 cm. ISBN: 84-7820-117-3.<\/p>\n<p><b>Sinopsis<\/b>: Este libro recoge algunos de los ejercicios po\u00e9ticos que ha realizado entre los a\u00f1os 1979 y 1990. El poeta, al que generalmente sit\u00faan dentro de un vanguardismo que \u00e9l s\u00f3lo admite parcialmente, muestra en este libro una parte de sus cimientos cl\u00e1sicos.<\/p>\n<div class=\"item\">\n<div class=\"nom\"><strong><span class=\"ficha_txt1\">EDICI\u00d3N:<\/span><\/strong><\/div>\n<div class=\"items_block\">\n<ul>\n<li class=\"items_block_nom\"><span class=\"ficha_txt2\">Editado por:\u00a0<\/span><span class=\"normal\">IFC-CEB<\/span><\/li>\n<li class=\"items_block_nom\"><span class=\"ficha_txt2\">Edici\u00f3n:\u00a0<\/span><span class=\"normal\">68 p., 15&#215;21 cm, ISBN 84-7820-117-3<\/span><\/li>\n<li class=\"items_block_nom\"><span class=\"ficha_txt2\">A\u00f1o edici\u00f3n:\u00a0<\/span><span class=\"normal\">1992<\/span><\/li>\n<\/ul>\n<\/div>\n<\/div>\n<div class=\"item\">\n<div class=\"nom\"><span class=\"ficha_txt1\"><strong>COLECCI\u00d3N:<\/strong>\u00a0<\/span><span class=\"normal\">Centro de Estudios Bilbilitanos<\/span><\/div>\n<div class=\"nom\"><\/div>\n<\/div>\n<div class=\"item\">\n<div class=\"nom\"><strong><span class=\"ficha_txt1\">N\u00ba PUBLICACI\u00d3N:\u00a0<\/span><\/strong><span class=\"normal\">1285 (IFC) &#8211; 37\u00a0(CEB)<\/span><\/div>\n<div class=\"nom\"><\/div>\n<\/div>\n<div class=\"item\">\n<div class=\"nom\"><span class=\"ficha_txt1\"><strong>PRECIO:<\/strong>\u00a0<\/span><span class=\"normal\">Agotado<\/span><\/div>\n<div class=\"nom\"><\/div>\n<\/div>\n<div class=\"item\">\n<div class=\"nom\"><strong><span class=\"ficha_txt1\">MATERIAS:<\/span><\/strong><\/div>\n<div class=\"dat\">\n<div class=\"options2\">NARRATIVA, POES\u00cdA y TEATRO &gt; Poes\u00eda<\/div>\n<\/div>\n<\/div>\n","protected":false},"excerpt":{"rendered":"<p>VER\u00d3N GORMAZ, Jos\u00e9: Peque\u00f1a L\u00edrica Nocturna, Zaragoza, 1992, Centro de Estudios Bilbilitanos, 37 bis, 68 p., 15&#215;21 cm. ISBN: 84-7820-117-3. Sinopsis: Este libro recoge algunos de los ejercicios po\u00e9ticos que ha realizado entre los a\u00f1os 1979 y 1990. El poeta, &hellip; <a href=\"http:\/\/cebilbilitanos.com\/?page_id=318\">Sigue leyendo <span class=\"meta-nav\">&rarr;<\/span><\/a><\/p>\n","protected":false},"author":1,"featured_media":0,"parent":193,"menu_order":0,"comment_status":"open","ping_status":"open","template":"","meta":[],"_links":{"self":[{"href":"http:\/\/cebilbilitanos.com\/index.php?rest_route=\/wp\/v2\/pages\/318"}],"collection":[{"href":"http:\/\/cebilbilitanos.com\/index.php?rest_route=\/wp\/v2\/pages"}],"about":[{"href":"http:\/\/cebilbilitanos.com\/index.php?rest_route=\/wp\/v2\/types\/page"}],"author":[{"embeddable":true,"href":"http:\/\/cebilbilitanos.com\/index.php?rest_route=\/wp\/v2\/users\/1"}],"replies":[{"embeddable":true,"href":"http:\/\/cebilbilitanos.com\/index.php?rest_route=%2Fwp%2Fv2%2Fcomments&post=318"}],"version-history":[{"count":2,"href":"http:\/\/cebilbilitanos.com\/index.php?rest_route=\/wp\/v2\/pages\/318\/revisions"}],"predecessor-version":[{"id":684,"href":"http:\/\/cebilbilitanos.com\/index.php?rest_route=\/wp\/v2\/pages\/318\/revisions\/684"}],"up":[{"embeddable":true,"href":"http:\/\/cebilbilitanos.com\/index.php?rest_route=\/wp\/v2\/pages\/193"}],"wp:attachment":[{"href":"http:\/\/cebilbilitanos.com\/index.php?rest_route=%2Fwp%2Fv2%2Fmedia&parent=318"}],"curies":[{"name":"wp","href":"https:\/\/api.w.org\/{rel}","templated":true}]}}