{"id":293,"date":"2015-09-12T12:26:30","date_gmt":"2015-09-12T12:26:30","guid":{"rendered":"http:\/\/cebilbilitanos.com\/?page_id=293"},"modified":"2015-09-13T17:44:12","modified_gmt":"2015-09-13T17:44:12","slug":"los-poetas-asesinados","status":"publish","type":"page","link":"http:\/\/cebilbilitanos.com\/?page_id=293","title":{"rendered":"Los poetas asesinados"},"content":{"rendered":"<p><a style=\"clear: left; float: left; margin-bottom: 1em; margin-right: 1em;\" href=\"https:\/\/lh4.googleusercontent.com\/-GXG45xhiDwI\/TXJx1meTp_I\/AAAAAAAAADM\/G13aW-Zdp68\/s1600\/cat_26.jpg\"><img decoding=\"async\" src=\"http:\/\/lh4.googleusercontent.com\/-GXG45xhiDwI\/TXJx1meTp_I\/AAAAAAAAADM\/G13aW-Zdp68\/s1600\/cat_26.jpg\" alt=\"\" border=\"0\" \/><\/a><b>ANDR\u00c9S HERN\u00c1NDEZ, Luis<\/b>: <i>Los poetas asesinados<\/i>, Zaragoza, 1987, Centro de Estudios Bilbilitanos, 26, 56 p., 15&#215;21 cm. ISBN: 84-00-06536-0.<\/p>\n<p><span style=\"font-family: Georgia,Times New Roman,Times,serif; font-size: small;\">El libro es una historia de ciencia ficci\u00f3n escrita en forma de poema, con un argumento muy <i>sui generis<\/i> que puede suceder cualquier d\u00eda, lleno de claves y s\u00edmbolos en el tiempo y el espacio que el lector interesado tiene que ir desentra\u00f1ando.<\/span><\/p>\n<div class=\"item\">\n<div class=\"nom\"><strong><span class=\"ficha_txt1\">EDICI\u00d3N:<\/span><\/strong><\/div>\n<div class=\"items_block\">\n<ul>\n<li class=\"items_block_nom\"><span class=\"ficha_txt2\">Editado por:\u00a0<\/span><span class=\"normal\">IFC-CEB<\/span><\/li>\n<li class=\"items_block_nom\"><span class=\"ficha_txt2\">Edici\u00f3n:\u00a0<\/span><span class=\"normal\">64 p., 15&#215;21 cm, ISBN 84-00-06538-7<\/span><\/li>\n<li class=\"items_block_nom\"><span class=\"ficha_txt2\">A\u00f1o edici\u00f3n:\u00a0<\/span><span class=\"normal\">1987<\/span><\/li>\n<\/ul>\n<\/div>\n<\/div>\n<div class=\"item\">\n<div class=\"nom\"><span class=\"ficha_txt1\"><strong>COLECCI\u00d3N:<\/strong>\u00a0<\/span><span class=\"normal\">Centro de Estudios Bilbilitanos<\/span><\/div>\n<div class=\"nom\"><\/div>\n<\/div>\n<div class=\"item\">\n<div class=\"nom\"><span class=\"ficha_txt1\"><strong>N\u00ba PUBLICACI\u00d3N:<\/strong>\u00a0<\/span><span class=\"normal\">1092 (IFC) &#8211; 26\u00a0(CEB)<\/span><\/div>\n<div class=\"nom\"><\/div>\n<\/div>\n<div class=\"item\">\n<div class=\"nom\"><span class=\"ficha_txt1\"><strong>PRECIO:<\/strong>\u00a0<\/span><span class=\"normal\">Agotado<\/span><\/div>\n<div class=\"nom\"><\/div>\n<\/div>\n<div class=\"item\">\n<div class=\"nom\"><strong><span class=\"ficha_txt1\">MATERIAS:<\/span><\/strong><\/div>\n<div class=\"dat\">\n<div class=\"options2\">NARRATIVA, POES\u00cdA y TEATRO &gt; Poes\u00eda<\/div>\n<\/div>\n<\/div>\n","protected":false},"excerpt":{"rendered":"<p>ANDR\u00c9S HERN\u00c1NDEZ, Luis: Los poetas asesinados, Zaragoza, 1987, Centro de Estudios Bilbilitanos, 26, 56 p., 15&#215;21 cm. ISBN: 84-00-06536-0. El libro es una historia de ciencia ficci\u00f3n escrita en forma de poema, con un argumento muy sui generis que puede &hellip; <a href=\"http:\/\/cebilbilitanos.com\/?page_id=293\">Sigue leyendo <span class=\"meta-nav\">&rarr;<\/span><\/a><\/p>\n","protected":false},"author":1,"featured_media":0,"parent":193,"menu_order":0,"comment_status":"open","ping_status":"open","template":"","meta":[],"_links":{"self":[{"href":"http:\/\/cebilbilitanos.com\/index.php?rest_route=\/wp\/v2\/pages\/293"}],"collection":[{"href":"http:\/\/cebilbilitanos.com\/index.php?rest_route=\/wp\/v2\/pages"}],"about":[{"href":"http:\/\/cebilbilitanos.com\/index.php?rest_route=\/wp\/v2\/types\/page"}],"author":[{"embeddable":true,"href":"http:\/\/cebilbilitanos.com\/index.php?rest_route=\/wp\/v2\/users\/1"}],"replies":[{"embeddable":true,"href":"http:\/\/cebilbilitanos.com\/index.php?rest_route=%2Fwp%2Fv2%2Fcomments&post=293"}],"version-history":[{"count":2,"href":"http:\/\/cebilbilitanos.com\/index.php?rest_route=\/wp\/v2\/pages\/293\/revisions"}],"predecessor-version":[{"id":668,"href":"http:\/\/cebilbilitanos.com\/index.php?rest_route=\/wp\/v2\/pages\/293\/revisions\/668"}],"up":[{"embeddable":true,"href":"http:\/\/cebilbilitanos.com\/index.php?rest_route=\/wp\/v2\/pages\/193"}],"wp:attachment":[{"href":"http:\/\/cebilbilitanos.com\/index.php?rest_route=%2Fwp%2Fv2%2Fmedia&parent=293"}],"curies":[{"name":"wp","href":"https:\/\/api.w.org\/{rel}","templated":true}]}}

<p><a style="clear: left; float: left; margin-bottom: 1em; margin-right: 1em;" href="https://lh4.googleusercontent.com/-GXG45xhiDwI/TXJx1meTp_I/AAAAAAAAADM/G13aW-Zdp68/s1600/cat_26.jpg"><img decoding="async" src="http://lh4.googleusercontent.com/-GXG45xhiDwI/TXJx1meTp_I/AAAAAAAAADM/G13aW-Zdp68/s1600/cat_26.jpg" alt="" border="0" /></a><b>ANDRÉS HERNÁNDEZ, Luis</b>: <i>Los poetas asesinados</i>, Zaragoza, 1987, Centro de Estudios Bilbilitanos, 26, 56 p., 15&#215;21 cm. ISBN: 84-00-06536-0.</p>
<p><span style="font-family: Georgia,Times New Roman,Times,serif; font-size: small;">El libro es una historia de ciencia ficción escrita en forma de poema, con un argumento muy <i>sui generis</i> que puede suceder cualquier día, lleno de claves y símbolos en el tiempo y el espacio que el lector interesado tiene que ir desentrañando.</span></p>
<div class="item">
<div class="nom"><strong><span class="ficha_txt1">EDICIÓN:</span></strong></div>
<div class="items_block">
<ul>
<li class="items_block_nom"><span class="ficha_txt2">Editado por: </span><span class="normal">IFC-CEB</span></li>
<li class="items_block_nom"><span class="ficha_txt2">Edición: </span><span class="normal">64 p., 15&#215;21 cm, ISBN 84-00-06538-7</span></li>
<li class="items_block_nom"><span class="ficha_txt2">Año edición: </span><span class="normal">1987</span></li>
</ul>
</div>
</div>
<div class="item">
<div class="nom"><span class="ficha_txt1"><strong>COLECCIÓN:</strong> </span><span class="normal">Centro de Estudios Bilbilitanos</span></div>
<div class="nom"></div>
</div>
<div class="item">
<div class="nom"><span class="ficha_txt1"><strong>Nº PUBLICACIÓN:</strong> </span><span class="normal">1092 (IFC) &#8211; 26 (CEB)</span></div>
<div class="nom"></div>
</div>
<div class="item">
<div class="nom"><span class="ficha_txt1"><strong>PRECIO:</strong> </span><span class="normal">Agotado</span></div>
<div class="nom"></div>
</div>
<div class="item">
<div class="nom"><strong><span class="ficha_txt1">MATERIAS:</span></strong></div>
<div class="dat">
<div class="options2">NARRATIVA, POESÍA y TEATRO &gt; Poesía</div>
</div>
</div>

<p>ANDRÉS HERNÁNDEZ, Luis: Los poetas asesinados, Zaragoza, 1987, Centro de Estudios Bilbilitanos, 26, 56 p., 15&#215;21 cm. ISBN: 84-00-06536-0. El libro es una historia de ciencia ficción escrita en forma de poema, con un argumento muy sui generis que puede &hellip; <a href="http://cebilbilitanos.com/?page_id=293">Sigue leyendo <span class="meta-nav">&rarr;</span></a></p>
