{"id":283,"date":"2015-09-12T12:13:04","date_gmt":"2015-09-12T12:13:04","guid":{"rendered":"http:\/\/cebilbilitanos.com\/?page_id=283"},"modified":"2015-09-13T17:30:26","modified_gmt":"2015-09-13T17:30:26","slug":"historia-de-la-siempre-augusta-y-fidelisima-ciudad-de-calatayud-tomo-i","status":"publish","type":"page","link":"http:\/\/cebilbilitanos.com\/?page_id=283","title":{"rendered":"Historia de la siempre augusta y fidel\u00edsima ciudad de Calatayud, tomo I"},"content":{"rendered":"<p><a style=\"clear: left; float: left; margin-bottom: 1em; margin-right: 1em;\" href=\"https:\/\/lh5.googleusercontent.com\/-d6b3yA_kIKo\/TWwDBYsjIAI\/AAAAAAAAAC0\/tBXdkRuzenQ\/s1600\/cat_45.jpg\"><img decoding=\"async\" src=\"http:\/\/lh5.googleusercontent.com\/-d6b3yA_kIKo\/TWwDBYsjIAI\/AAAAAAAAAC0\/tBXdkRuzenQ\/s1600\/cat_45.jpg\" alt=\"\" border=\"0\" \/><\/a><b>LA FUENTE, Vicente de<\/b>: <i>Historia de la siempre augusta y fidel\u00edsima ciudad de Calatayud, tomo I <\/i>(edici\u00f3n facs\u00edmile), pr\u00f3logo de Pedro Mont\u00f3n Puerto, Zaragoza, 1988, Centro de Estudios Bilbilitanos, 28, 8 p., 470 p. facs\u00edmile, 14 il., 15&#215;21 cm. ISBN: (o.c.): 84-00-06821-1 \/ I: 84-00-06822-X.<\/p>\n<p><b>Presentaci\u00f3n<\/b>: \u00abHace ya m\u00e1s de un siglo de la aparici\u00f3n de la Historia de Calatayud de D. Vicente de la Fuente, publicada en dos tomos que vieron la luz en 1880 y 1881. Y pronto cumplir\u00e1 treinta a\u00f1os la meritoria reedici\u00f3n llevada a cabo por la Caja de Ahorros de la Inmaculada en 1969. Esta reedici\u00f3n se agot\u00f3 pronto y, por supuesto, los escasos ejemplares localizables de la edici\u00f3n original son celosamente guardados por sus propietarios. A estas alturas nada nuevo vamos a decir sobre esta magn\u00edfica e ingente obra de m\u00e1s de ml p\u00e1ginas. El ilustre bilbilitano D. Jos\u00e9 M\u00aa L\u00f3pez Landa afirmaba que \u00abes un libro que honra a Calatayud. Porque muy pocas son las poblaciones espa\u00f1olas que puedan presentar una historia local tan completa y sensata\u00bb.<\/p>\n<p>Pero no hay que olvidar que se trata de una obra escrita hace m\u00e1s de cien a\u00f1os, y que D. Vicente decidi\u00f3 no incluir en su narraci\u00f3n lo sucedido en las d\u00e9cadas anteriores, con lo que tenemos ya un largo vac\u00edo de m\u00e1s de siglo y medio de historia reciente. A esta hay que a\u00f1adir que desde entonces ha habido aportaciones al conocimiento de nuestra historia antigua, aunque quiz\u00e1 no tantas como hubiera sido deseable. Tal vez fuera conveniente plantearse la elaboraci\u00f3n de una nueva historia de Calatayud, no solamente a base de revisar y completar lo escrito por D. Vicente, sino d\u00e1ndole un enfoque m\u00e1s acorde con la historiograf\u00eda actual. En todo caso es prop\u00f3sito de este Centro estimular y facilitar en la posible la tarea de los nuevos historiadores y a ese fin creemos que ser\u00e1 \u00fatil esta reedici\u00f3n facs\u00edmil de la original, que si no es \u00abcantera inagotable\u00bb, ya que los investigadores deben buscar nuevas canteras, s\u00ed es un punto de partida obligado. Al mismo tiempo no dudamos que, a pesar de su car\u00e1cter erudito, el estilo ameno con que est\u00e1 escrita, har\u00e1 que sus p\u00e1ginas sean le\u00eddas con inter\u00e9s&#8230;\u00bb<\/p>\n<div class=\"item\">\n<div class=\"nom\"><span class=\"ficha_txt1\"><strong>NOTAS:<\/strong>\u00a0<\/span><span class=\"normal\">Pr\u00f3logo de Pedro Mont\u00f3n Puerto.<\/span><\/div>\n<div class=\"nom\"><\/div>\n<\/div>\n<div class=\"item\">\n<div class=\"nom\"><strong><span class=\"ficha_txt1\">EDICI\u00d3N:<\/span><\/strong><\/div>\n<div class=\"items_block\">\n<ul>\n<li class=\"items_block_nom\"><span class=\"ficha_txt2\">Editado por:\u00a0<\/span><span class=\"normal\">IFC-CEB<\/span><\/li>\n<li class=\"items_block_nom\"><span class=\"ficha_txt2\">Edici\u00f3n:\u00a0<\/span><span class=\"normal\">Tomo I, ed. facs\u00edmile, 8 p., 470 p. facs\u00edmile, 14 il., 15&#215;21 cm., ISBN 84-00-06821-1 (o.c.) \/ 84-00-06822-X (vol. I)<\/span><\/li>\n<li class=\"items_block_nom\"><span class=\"ficha_txt2\">A\u00f1o edici\u00f3n:\u00a0<\/span><span class=\"normal\">1988<\/span><\/li>\n<\/ul>\n<div class=\"items_block_nom\"><\/div>\n<\/div>\n<\/div>\n<div class=\"item\">\n<div class=\"nom\"><span class=\"ficha_txt1\"><strong>COLECCI\u00d3N:<\/strong>\u00a0<\/span><span class=\"normal\">Centro de Estudios Bilbilitanos<\/span><\/div>\n<div class=\"nom\"><\/div>\n<\/div>\n<div class=\"item\">\n<div class=\"nom\"><span class=\"ficha_txt1\"><strong>N\u00ba PUBLICACI\u00d3N:<\/strong>\u00a0<\/span><span class=\"normal\">1080 (IFC) &#8211; 28 (CEB)<\/span><\/div>\n<div class=\"nom\"><\/div>\n<\/div>\n<div class=\"item\">\n<div class=\"nom\"><span class=\"ficha_txt1\"><strong>PRECIO:<\/strong>\u00a0<\/span><span class=\"normal\">15,00 \u20ac<\/span><\/div>\n<div class=\"nom\"><\/div>\n<\/div>\n<div class=\"item\">\n<div class=\"nom\"><strong><span class=\"ficha_txt1\">MATERIAS:<\/span><\/strong><\/div>\n<div class=\"nom\">HISTORIA<\/div>\n<div class=\"nom\">ESTUDIOS LOCALES Y COMARCALES &gt; Calatayud<\/div>\n<\/div>\n","protected":false},"excerpt":{"rendered":"<p>LA FUENTE, Vicente de: Historia de la siempre augusta y fidel\u00edsima ciudad de Calatayud, tomo I (edici\u00f3n facs\u00edmile), pr\u00f3logo de Pedro Mont\u00f3n Puerto, Zaragoza, 1988, Centro de Estudios Bilbilitanos, 28, 8 p., 470 p. facs\u00edmile, 14 il., 15&#215;21 cm. ISBN: &hellip; <a href=\"http:\/\/cebilbilitanos.com\/?page_id=283\">Sigue leyendo <span class=\"meta-nav\">&rarr;<\/span><\/a><\/p>\n","protected":false},"author":1,"featured_media":0,"parent":193,"menu_order":0,"comment_status":"open","ping_status":"open","template":"","meta":[],"_links":{"self":[{"href":"http:\/\/cebilbilitanos.com\/index.php?rest_route=\/wp\/v2\/pages\/283"}],"collection":[{"href":"http:\/\/cebilbilitanos.com\/index.php?rest_route=\/wp\/v2\/pages"}],"about":[{"href":"http:\/\/cebilbilitanos.com\/index.php?rest_route=\/wp\/v2\/types\/page"}],"author":[{"embeddable":true,"href":"http:\/\/cebilbilitanos.com\/index.php?rest_route=\/wp\/v2\/users\/1"}],"replies":[{"embeddable":true,"href":"http:\/\/cebilbilitanos.com\/index.php?rest_route=%2Fwp%2Fv2%2Fcomments&post=283"}],"version-history":[{"count":2,"href":"http:\/\/cebilbilitanos.com\/index.php?rest_route=\/wp\/v2\/pages\/283\/revisions"}],"predecessor-version":[{"id":646,"href":"http:\/\/cebilbilitanos.com\/index.php?rest_route=\/wp\/v2\/pages\/283\/revisions\/646"}],"up":[{"embeddable":true,"href":"http:\/\/cebilbilitanos.com\/index.php?rest_route=\/wp\/v2\/pages\/193"}],"wp:attachment":[{"href":"http:\/\/cebilbilitanos.com\/index.php?rest_route=%2Fwp%2Fv2%2Fmedia&parent=283"}],"curies":[{"name":"wp","href":"https:\/\/api.w.org\/{rel}","templated":true}]}}

Historia de la siempre augusta y fidelísima ciudad de Calatayud, tomo I

<p><a style="clear: left; float: left; margin-bottom: 1em; margin-right: 1em;" href="https://lh5.googleusercontent.com/-d6b3yA_kIKo/TWwDBYsjIAI/AAAAAAAAAC0/tBXdkRuzenQ/s1600/cat_45.jpg"><img decoding="async" src="http://lh5.googleusercontent.com/-d6b3yA_kIKo/TWwDBYsjIAI/AAAAAAAAAC0/tBXdkRuzenQ/s1600/cat_45.jpg" alt="" border="0" /></a><b>LA FUENTE, Vicente de</b>: <i>Historia de la siempre augusta y fidelísima ciudad de Calatayud, tomo I </i>(edición facsímile), prólogo de Pedro Montón Puerto, Zaragoza, 1988, Centro de Estudios Bilbilitanos, 28, 8 p., 470 p. facsímile, 14 il., 15&#215;21 cm. ISBN: (o.c.): 84-00-06821-1 / I: 84-00-06822-X.</p>
<p><b>Presentación</b>: «Hace ya más de un siglo de la aparición de la Historia de Calatayud de D. Vicente de la Fuente, publicada en dos tomos que vieron la luz en 1880 y 1881. Y pronto cumplirá treinta años la meritoria reedición llevada a cabo por la Caja de Ahorros de la Inmaculada en 1969. Esta reedición se agotó pronto y, por supuesto, los escasos ejemplares localizables de la edición original son celosamente guardados por sus propietarios. A estas alturas nada nuevo vamos a decir sobre esta magnífica e ingente obra de más de ml páginas. El ilustre bilbilitano D. José Mª López Landa afirmaba que «es un libro que honra a Calatayud. Porque muy pocas son las poblaciones españolas que puedan presentar una historia local tan completa y sensata».</p>
<p>Pero no hay que olvidar que se trata de una obra escrita hace más de cien años, y que D. Vicente decidió no incluir en su narración lo sucedido en las décadas anteriores, con lo que tenemos ya un largo vacío de más de siglo y medio de historia reciente. A esta hay que añadir que desde entonces ha habido aportaciones al conocimiento de nuestra historia antigua, aunque quizá no tantas como hubiera sido deseable. Tal vez fuera conveniente plantearse la elaboración de una nueva historia de Calatayud, no solamente a base de revisar y completar lo escrito por D. Vicente, sino dándole un enfoque más acorde con la historiografía actual. En todo caso es propósito de este Centro estimular y facilitar en la posible la tarea de los nuevos historiadores y a ese fin creemos que será útil esta reedición facsímil de la original, que si no es «cantera inagotable», ya que los investigadores deben buscar nuevas canteras, sí es un punto de partida obligado. Al mismo tiempo no dudamos que, a pesar de su carácter erudito, el estilo ameno con que está escrita, hará que sus páginas sean leídas con interés&#8230;»</p>
<div class="item">
<div class="nom"><span class="ficha_txt1"><strong>NOTAS:</strong> </span><span class="normal">Prólogo de Pedro Montón Puerto.</span></div>
<div class="nom"></div>
</div>
<div class="item">
<div class="nom"><strong><span class="ficha_txt1">EDICIÓN:</span></strong></div>
<div class="items_block">
<ul>
<li class="items_block_nom"><span class="ficha_txt2">Editado por: </span><span class="normal">IFC-CEB</span></li>
<li class="items_block_nom"><span class="ficha_txt2">Edición: </span><span class="normal">Tomo I, ed. facsímile, 8 p., 470 p. facsímile, 14 il., 15&#215;21 cm., ISBN 84-00-06821-1 (o.c.) / 84-00-06822-X (vol. I)</span></li>
<li class="items_block_nom"><span class="ficha_txt2">Año edición: </span><span class="normal">1988</span></li>
</ul>
<div class="items_block_nom"></div>
</div>
</div>
<div class="item">
<div class="nom"><span class="ficha_txt1"><strong>COLECCIÓN:</strong> </span><span class="normal">Centro de Estudios Bilbilitanos</span></div>
<div class="nom"></div>
</div>
<div class="item">
<div class="nom"><span class="ficha_txt1"><strong>Nº PUBLICACIÓN:</strong> </span><span class="normal">1080 (IFC) &#8211; 28 (CEB)</span></div>
<div class="nom"></div>
</div>
<div class="item">
<div class="nom"><span class="ficha_txt1"><strong>PRECIO:</strong> </span><span class="normal">15,00 €</span></div>
<div class="nom"></div>
</div>
<div class="item">
<div class="nom"><strong><span class="ficha_txt1">MATERIAS:</span></strong></div>
<div class="nom">HISTORIA</div>
<div class="nom">ESTUDIOS LOCALES Y COMARCALES &gt; Calatayud</div>
</div>

<p>LA FUENTE, Vicente de: Historia de la siempre augusta y fidelísima ciudad de Calatayud, tomo I (edición facsímile), prólogo de Pedro Montón Puerto, Zaragoza, 1988, Centro de Estudios Bilbilitanos, 28, 8 p., 470 p. facsímile, 14 il., 15&#215;21 cm. ISBN: &hellip; <a href="http://cebilbilitanos.com/?page_id=283">Sigue leyendo <span class="meta-nav">&rarr;</span></a></p>
