{"id":277,"date":"2015-09-12T12:04:56","date_gmt":"2015-09-12T12:04:56","guid":{"rendered":"http:\/\/cebilbilitanos.com\/?page_id=277"},"modified":"2015-09-13T17:45:12","modified_gmt":"2015-09-13T17:45:12","slug":"277-2","status":"publish","type":"page","link":"http:\/\/cebilbilitanos.com\/?page_id=277","title":{"rendered":"Marco Valerio Marcial (Poeta de B\u00edlbilis y Roma)"},"content":{"rendered":"<p><a href=\"http:\/\/cebilbilitanos.com\/wp-content\/uploads\/2015\/09\/descarga.jpg\"><img decoding=\"async\" loading=\"lazy\" class=\"aligncenter size-full wp-image-278\" src=\"http:\/\/cebilbilitanos.com\/wp-content\/uploads\/2015\/09\/descarga.jpg\" alt=\"descarga\" width=\"192\" height=\"262\" \/><\/a><\/p>\n<p><b>COVARRUBIAS DE LA PE\u00d1A, Esteban<\/b>:<i> Marco Valerio Marcial (Poeta de B\u00edlbilis y Roma)<\/i>, Zaragoza, 1985, Centro de Estudios Bilbilitanos, 21, 88 p., 3 il., 16&#215;22 cm (Temas Aragoneses, 56). ISBN: 84-00-05924-7.<\/p>\n<p><b>Pr\u00f3logo<\/b>: \u00ab&#8230; Si queremos conocer la \u00e9poca que le toc\u00f3 vivir, al leer las p\u00e1ginas que dej\u00f3 escritas iremos viendo una cr\u00f3nica, por supuesto desenfadada, para muy veros\u00edmil de lo que acontec\u00eda, acaso no en la generalidad de los individuos, pero s\u00ed en m\u00e1s de una singularidad. Tenemos la fortuna de que la existencia de nuestro hombre discurriese entre dos ciudades. Su natal B\u00edlbilis, implantada en lugar escarpado, &#8230; en aquel momento dependiente en lo pol\u00edtico de la lejana metr\u00f3poli imperial. Y una segunda residencia en la urbe romana, cabeza del complejo y poderoso\u00a0 Estado, en el que fuerza, ingenio, ley, pasiones, af\u00e1n de medro, tolerancia de costumbres, tiene su asiento, y medio adecuado de proliferar.<\/p>\n<p>Marco Valerio, agudo observador, pone en las estrofas de sus escritos la vida que ve. Flor de su tiempo, desprender\u00e1 los aromas propios de aquella sociedad. Acaso su iron\u00eda le haga poner de manifiesto defectos de otros, sin piadosos atenuantes. Pero entre tanto pasaje crudo, tambi\u00e9n veremos al hombre sentimental que, al hacerse mayor, a\u00f1ora la B\u00edbilis nativa. Y esto, que por conocer a sus paisanos, no ignora la condici\u00f3n de quienes llevan un duro vivir encaramados en la roca de B\u00e1mbola&#8230;\u00bb<\/p>\n<div class=\"item\">\n<div class=\"nom\"><strong><span class=\"ficha_txt1\">EDICI\u00d3N:<\/span><\/strong><\/div>\n<div class=\"items_block\">\n<ul>\n<li class=\"items_block_nom\"><span class=\"ficha_txt2\">Editado por:\u00a0<\/span><span class=\"normal\">IFC-CEB<\/span><\/li>\n<li class=\"items_block_nom\"><span class=\"ficha_txt2\">Edici\u00f3n:\u00a0<\/span><span class=\"normal\">88 p., 3 il., 16&#215;22 cm, ISBN 84-00-05924-7<\/span><\/li>\n<li class=\"items_block_nom\"><span class=\"ficha_txt2\">A\u00f1o edici\u00f3n:\u00a0<\/span><span class=\"normal\">1985<\/span><\/li>\n<\/ul>\n<\/div>\n<\/div>\n<div class=\"item\">\n<div class=\"nom\"><span class=\"ficha_txt1\"><strong>COLECCI\u00d3N:<\/strong>\u00a0<\/span><span class=\"normal\">Centro de Estudios Bilbilitanos<\/span><\/div>\n<div class=\"nom\"><\/div>\n<\/div>\n<div class=\"item\">\n<div class=\"nom\"><strong><span class=\"ficha_txt1\">N\u00ba PUBLICACI\u00d3N:\u00a0<\/span><\/strong><span class=\"normal\">1017 (IFC) &#8211; 21\u00a0(CEB)<\/span><\/div>\n<\/div>\n<div class=\"item\">\n<div class=\"nom\"><\/div>\n<div class=\"nom\"><span class=\"ficha_txt1\"><strong>PRECIO:<\/strong>\u00a0<\/span><span class=\"normal\">Agotado<\/span><\/div>\n<div class=\"nom\"><\/div>\n<\/div>\n<div class=\"item\">\n<div class=\"nom\"><strong><span class=\"ficha_txt1\">MATERIAS:<\/span><\/strong><\/div>\n<div class=\"dat\">\n<div class=\"options2\">ARQUEOLOG\u00cdA. PREHISTORIA. CIENCIAS DE LA ANTIG\u00dcEDAD &gt;Arqueolog\u00eda y Ciencias de la Antig\u00fcedad &gt; Filolog\u00eda Cl\u00e1sica<\/div>\n<div class=\"options2\">LITERATURA<\/div>\n<\/div>\n<\/div>\n","protected":false},"excerpt":{"rendered":"<p>COVARRUBIAS DE LA PE\u00d1A, Esteban: Marco Valerio Marcial (Poeta de B\u00edlbilis y Roma), Zaragoza, 1985, Centro de Estudios Bilbilitanos, 21, 88 p., 3 il., 16&#215;22 cm (Temas Aragoneses, 56). ISBN: 84-00-05924-7. Pr\u00f3logo: \u00ab&#8230; Si queremos conocer la \u00e9poca que le &hellip; <a href=\"http:\/\/cebilbilitanos.com\/?page_id=277\">Sigue leyendo <span class=\"meta-nav\">&rarr;<\/span><\/a><\/p>\n","protected":false},"author":1,"featured_media":0,"parent":193,"menu_order":0,"comment_status":"open","ping_status":"open","template":"","meta":[],"_links":{"self":[{"href":"http:\/\/cebilbilitanos.com\/index.php?rest_route=\/wp\/v2\/pages\/277"}],"collection":[{"href":"http:\/\/cebilbilitanos.com\/index.php?rest_route=\/wp\/v2\/pages"}],"about":[{"href":"http:\/\/cebilbilitanos.com\/index.php?rest_route=\/wp\/v2\/types\/page"}],"author":[{"embeddable":true,"href":"http:\/\/cebilbilitanos.com\/index.php?rest_route=\/wp\/v2\/users\/1"}],"replies":[{"embeddable":true,"href":"http:\/\/cebilbilitanos.com\/index.php?rest_route=%2Fwp%2Fv2%2Fcomments&post=277"}],"version-history":[{"count":3,"href":"http:\/\/cebilbilitanos.com\/index.php?rest_route=\/wp\/v2\/pages\/277\/revisions"}],"predecessor-version":[{"id":671,"href":"http:\/\/cebilbilitanos.com\/index.php?rest_route=\/wp\/v2\/pages\/277\/revisions\/671"}],"up":[{"embeddable":true,"href":"http:\/\/cebilbilitanos.com\/index.php?rest_route=\/wp\/v2\/pages\/193"}],"wp:attachment":[{"href":"http:\/\/cebilbilitanos.com\/index.php?rest_route=%2Fwp%2Fv2%2Fmedia&parent=277"}],"curies":[{"name":"wp","href":"https:\/\/api.w.org\/{rel}","templated":true}]}}

Marco Valerio Marcial (Poeta de Bílbilis y Roma)

<p><a href="http://cebilbilitanos.com/wp-content/uploads/2015/09/descarga.jpg"><img decoding="async" loading="lazy" class="aligncenter size-full wp-image-278" src="http://cebilbilitanos.com/wp-content/uploads/2015/09/descarga.jpg" alt="descarga" width="192" height="262" /></a></p>
<p><b>COVARRUBIAS DE LA PEÑA, Esteban</b>:<i> Marco Valerio Marcial (Poeta de Bílbilis y Roma)</i>, Zaragoza, 1985, Centro de Estudios Bilbilitanos, 21, 88 p., 3 il., 16&#215;22 cm (Temas Aragoneses, 56). ISBN: 84-00-05924-7.</p>
<p><b>Prólogo</b>: «&#8230; Si queremos conocer la época que le tocó vivir, al leer las páginas que dejó escritas iremos viendo una crónica, por supuesto desenfadada, para muy verosímil de lo que acontecía, acaso no en la generalidad de los individuos, pero sí en más de una singularidad. Tenemos la fortuna de que la existencia de nuestro hombre discurriese entre dos ciudades. Su natal Bílbilis, implantada en lugar escarpado, &#8230; en aquel momento dependiente en lo político de la lejana metrópoli imperial. Y una segunda residencia en la urbe romana, cabeza del complejo y poderoso  Estado, en el que fuerza, ingenio, ley, pasiones, afán de medro, tolerancia de costumbres, tiene su asiento, y medio adecuado de proliferar.</p>
<p>Marco Valerio, agudo observador, pone en las estrofas de sus escritos la vida que ve. Flor de su tiempo, desprenderá los aromas propios de aquella sociedad. Acaso su ironía le haga poner de manifiesto defectos de otros, sin piadosos atenuantes. Pero entre tanto pasaje crudo, también veremos al hombre sentimental que, al hacerse mayor, añora la Bíbilis nativa. Y esto, que por conocer a sus paisanos, no ignora la condición de quienes llevan un duro vivir encaramados en la roca de Bámbola&#8230;»</p>
<div class="item">
<div class="nom"><strong><span class="ficha_txt1">EDICIÓN:</span></strong></div>
<div class="items_block">
<ul>
<li class="items_block_nom"><span class="ficha_txt2">Editado por: </span><span class="normal">IFC-CEB</span></li>
<li class="items_block_nom"><span class="ficha_txt2">Edición: </span><span class="normal">88 p., 3 il., 16&#215;22 cm, ISBN 84-00-05924-7</span></li>
<li class="items_block_nom"><span class="ficha_txt2">Año edición: </span><span class="normal">1985</span></li>
</ul>
</div>
</div>
<div class="item">
<div class="nom"><span class="ficha_txt1"><strong>COLECCIÓN:</strong> </span><span class="normal">Centro de Estudios Bilbilitanos</span></div>
<div class="nom"></div>
</div>
<div class="item">
<div class="nom"><strong><span class="ficha_txt1">Nº PUBLICACIÓN: </span></strong><span class="normal">1017 (IFC) &#8211; 21 (CEB)</span></div>
</div>
<div class="item">
<div class="nom"></div>
<div class="nom"><span class="ficha_txt1"><strong>PRECIO:</strong> </span><span class="normal">Agotado</span></div>
<div class="nom"></div>
</div>
<div class="item">
<div class="nom"><strong><span class="ficha_txt1">MATERIAS:</span></strong></div>
<div class="dat">
<div class="options2">ARQUEOLOGÍA. PREHISTORIA. CIENCIAS DE LA ANTIGÜEDAD &gt;Arqueología y Ciencias de la Antigüedad &gt; Filología Clásica</div>
<div class="options2">LITERATURA</div>
</div>
</div>

<p>COVARRUBIAS DE LA PEÑA, Esteban: Marco Valerio Marcial (Poeta de Bílbilis y Roma), Zaragoza, 1985, Centro de Estudios Bilbilitanos, 21, 88 p., 3 il., 16&#215;22 cm (Temas Aragoneses, 56). ISBN: 84-00-05924-7. Prólogo: «&#8230; Si queremos conocer la época que le &hellip; <a href="http://cebilbilitanos.com/?page_id=277">Sigue leyendo <span class="meta-nav">&rarr;</span></a></p>
