{"id":2750,"date":"2020-11-01T08:16:44","date_gmt":"2020-11-01T08:16:44","guid":{"rendered":"http:\/\/cebilbilitanos.com\/?page_id=2750"},"modified":"2020-11-01T08:21:12","modified_gmt":"2020-11-01T08:21:12","slug":"actas-del-x-encuentro-de-estudios-bilbilitanos","status":"publish","type":"page","link":"http:\/\/cebilbilitanos.com\/?page_id=2750","title":{"rendered":"Actas del X Encuentro de Estudios Bilbilitanos"},"content":{"rendered":"\n<div class=\"wp-block-image\"><figure class=\"aligncenter\"><img decoding=\"async\" loading=\"lazy\" width=\"178\" height=\"250\" src=\"http:\/\/cebilbilitanos.com\/wp-content\/uploads\/2020\/11\/image_th1.jpg\" alt=\"\" class=\"wp-image-2752\"\/><\/figure><\/div>\n\n\n\n<p>X Encuentro de Estudios Bilbilitanos<br>Notas: Celebrado en Calatayud, los d\u00edas 15, 16 y 17 de noviembre de 2019<br><br><strong>Edici\u00f3n:<\/strong><br><strong>Editado por:<\/strong>\u00a0IFC &#8211; CEB<br><strong>Edici\u00f3n:<\/strong>\u00a0Tomo I: 398 p., il., 17&#215;24 cm. Tomo II: 442 p., il., 17&#215;24 cm. ISBN 978-84-9911-609-9<br><strong>A\u00f1o edici\u00f3n:<\/strong>\u00a02020<br>Colecci\u00f3n:Centro de Estudios Bilbilitanos<br>N\u00ba Publicaci\u00f3n: 3774<br>Precio: 42,00 \u20ac<br>Materias:<a href=\"https:\/\/ifc.dpz.es\/publicaciones\/listado\/categoria\/91\">ESTUDIOS LOCALES Y COMARCALES<\/a>\u00a0>\u00a0<a href=\"https:\/\/ifc.dpz.es\/publicaciones\/listado\/categoria\/95\">Calatayud<\/a><br><\/p>\n\n\n\n<p>\u00cdNDICE: \u00a0<br>VOLUMEN I. <br>Pr\u00f3logo, pp. 5-8. <br>CONFERENCIA INAUGURAL: Manuel Mart\u00edn Bueno, \u00abEl renacer de la investigaci\u00f3n local y comarcal\u00bb, pp. 9-18. <br>ARTE: <br>Ponencia: Jes\u00fas Criado Mainar y Rebeca Carretero Calvo, \u00abEl arte bilbilitano en la historiograf\u00eda desde la Baja Edad Media hasta el siglo XVIII\u00bb, pp. 19-51. Comunicaciones, pp. 52-318. <br>CIENCIAS DE LA TIERRA Y DE LA SOCIEDAD: <br>Ponencia: Daniel G\u00f3mez Garc\u00eda, \u00abAlgunas plantas &#8216;ilustres&#8217; de la comarca de Calatayud y situaci\u00f3n actual del conocimiento flor\u00edstico del territorio con el horizonte de elaborar un cat\u00e1logo del territorio\u00bb, pp. 319-330. Comunicaciones, pp. 331-395. <br><br>VOLUMEN II. LA ANTIG\u00daEDAD: <br>Ponencia: J. Carlos S\u00e1enz Preciado, \u00abEl futuro del patrimonio arqueol\u00f3gico en la Comarca de Calatayud\u00bb, pp. 407-432. <br>Comunicaciones, pp. 433-462. <br>HISTORIA: <br>Ponencia: Jos\u00e9 Luis Corral Lafuente, \u00abAlfonso I el Batallador y la conquista de Calatayud\u00bb, pp. 463-477. <br>Comunicaciones, pp. 478-722. <br>ETNOLOG\u00cdA, FOLKLORE Y LITERATURA: <br>Ponencia: Mar\u00eda Elisa S\u00e1nchez Sanz, \u00abExvotos. Relaci\u00f3n de los seres humanos con los seres sobre naturales\u00bb, pp. 723-753. <br>Comunicaciones, pp. 754-87. <\/p>\n","protected":false},"excerpt":{"rendered":"<p>X Encuentro de Estudios BilbilitanosNotas: Celebrado en Calatayud, los d\u00edas 15, 16 y 17 de noviembre de 2019 Edici\u00f3n:Editado por:\u00a0IFC &#8211; CEBEdici\u00f3n:\u00a0Tomo I: 398 p., il., 17&#215;24 cm. Tomo II: 442 p., il., 17&#215;24 cm. ISBN 978-84-9911-609-9A\u00f1o edici\u00f3n:\u00a02020Colecci\u00f3n:Centro de Estudios &hellip; <a href=\"http:\/\/cebilbilitanos.com\/?page_id=2750\">Sigue leyendo <span class=\"meta-nav\">&rarr;<\/span><\/a><\/p>\n","protected":false},"author":1,"featured_media":0,"parent":193,"menu_order":0,"comment_status":"closed","ping_status":"closed","template":"","meta":[],"_links":{"self":[{"href":"http:\/\/cebilbilitanos.com\/index.php?rest_route=\/wp\/v2\/pages\/2750"}],"collection":[{"href":"http:\/\/cebilbilitanos.com\/index.php?rest_route=\/wp\/v2\/pages"}],"about":[{"href":"http:\/\/cebilbilitanos.com\/index.php?rest_route=\/wp\/v2\/types\/page"}],"author":[{"embeddable":true,"href":"http:\/\/cebilbilitanos.com\/index.php?rest_route=\/wp\/v2\/users\/1"}],"replies":[{"embeddable":true,"href":"http:\/\/cebilbilitanos.com\/index.php?rest_route=%2Fwp%2Fv2%2Fcomments&post=2750"}],"version-history":[{"count":3,"href":"http:\/\/cebilbilitanos.com\/index.php?rest_route=\/wp\/v2\/pages\/2750\/revisions"}],"predecessor-version":[{"id":2756,"href":"http:\/\/cebilbilitanos.com\/index.php?rest_route=\/wp\/v2\/pages\/2750\/revisions\/2756"}],"up":[{"embeddable":true,"href":"http:\/\/cebilbilitanos.com\/index.php?rest_route=\/wp\/v2\/pages\/193"}],"wp:attachment":[{"href":"http:\/\/cebilbilitanos.com\/index.php?rest_route=%2Fwp%2Fv2%2Fmedia&parent=2750"}],"curies":[{"name":"wp","href":"https:\/\/api.w.org\/{rel}","templated":true}]}}

<div class="wp-block-image"><figure class="aligncenter"><img decoding="async" loading="lazy" width="178" height="250" src="http://cebilbilitanos.com/wp-content/uploads/2020/11/image_th1.jpg" alt="" class="wp-image-2752"/></figure></div>



<p>X Encuentro de Estudios Bilbilitanos<br>Notas: Celebrado en Calatayud, los días 15, 16 y 17 de noviembre de 2019<br><br><strong>Edición:</strong><br><strong>Editado por:</strong> IFC &#8211; CEB<br><strong>Edición:</strong> Tomo I: 398 p., il., 17&#215;24 cm. Tomo II: 442 p., il., 17&#215;24 cm. ISBN 978-84-9911-609-9<br><strong>Año edición:</strong> 2020<br>Colección:Centro de Estudios Bilbilitanos<br>Nº Publicación: 3774<br>Precio: 42,00 €<br>Materias:<a href="https://ifc.dpz.es/publicaciones/listado/categoria/91">ESTUDIOS LOCALES Y COMARCALES</a> > <a href="https://ifc.dpz.es/publicaciones/listado/categoria/95">Calatayud</a><br></p>



<p>ÍNDICE:  <br>VOLUMEN I. <br>Prólogo, pp. 5-8. <br>CONFERENCIA INAUGURAL: Manuel Martín Bueno, «El renacer de la investigación local y comarcal», pp. 9-18. <br>ARTE: <br>Ponencia: Jesús Criado Mainar y Rebeca Carretero Calvo, «El arte bilbilitano en la historiografía desde la Baja Edad Media hasta el siglo XVIII», pp. 19-51. Comunicaciones, pp. 52-318. <br>CIENCIAS DE LA TIERRA Y DE LA SOCIEDAD: <br>Ponencia: Daniel Gómez García, «Algunas plantas &#8216;ilustres&#8217; de la comarca de Calatayud y situación actual del conocimiento florístico del territorio con el horizonte de elaborar un catálogo del territorio», pp. 319-330. Comunicaciones, pp. 331-395. <br><br>VOLUMEN II. LA ANTIGÚEDAD: <br>Ponencia: J. Carlos Sáenz Preciado, «El futuro del patrimonio arqueológico en la Comarca de Calatayud», pp. 407-432. <br>Comunicaciones, pp. 433-462. <br>HISTORIA: <br>Ponencia: José Luis Corral Lafuente, «Alfonso I el Batallador y la conquista de Calatayud», pp. 463-477. <br>Comunicaciones, pp. 478-722. <br>ETNOLOGÍA, FOLKLORE Y LITERATURA: <br>Ponencia: María Elisa Sánchez Sanz, «Exvotos. Relación de los seres humanos con los seres sobre naturales», pp. 723-753. <br>Comunicaciones, pp. 754-87. </p>

<p>X Encuentro de Estudios BilbilitanosNotas: Celebrado en Calatayud, los días 15, 16 y 17 de noviembre de 2019 Edición:Editado por: IFC &#8211; CEBEdición: Tomo I: 398 p., il., 17&#215;24 cm. Tomo II: 442 p., il., 17&#215;24 cm. ISBN 978-84-9911-609-9Año edición: 2020Colección:Centro de Estudios &hellip; <a href="http://cebilbilitanos.com/?page_id=2750">Sigue leyendo <span class="meta-nav">&rarr;</span></a></p>
