{"id":266,"date":"2015-09-12T11:53:49","date_gmt":"2015-09-12T11:53:49","guid":{"rendered":"http:\/\/cebilbilitanos.com\/?page_id=266"},"modified":"2015-09-13T17:54:03","modified_gmt":"2015-09-13T17:54:03","slug":"primer-encuentro-de-estudios-bilbilitanos-actas-i","status":"publish","type":"page","link":"http:\/\/cebilbilitanos.com\/?page_id=266","title":{"rendered":"Primer Encuentro de Estudios Bilbilitanos.  Actas I"},"content":{"rendered":"<p><a style=\"clear: left; float: left; margin-bottom: 1em; margin-right: 1em;\" href=\"https:\/\/lh3.googleusercontent.com\/-6a_4sxCSFU0\/TWvxll1ZgUI\/AAAAAAAAACg\/ranBumeFPe8\/s1600\/cat_18.jpg\"><img decoding=\"async\" src=\"http:\/\/lh3.googleusercontent.com\/-6a_4sxCSFU0\/TWvxll1ZgUI\/AAAAAAAAACg\/ranBumeFPe8\/s1600\/cat_18.jpg\" alt=\"\" border=\"0\" \/><\/a>Primer Encuentro de Estudios Bilbilitanos.<\/p>\n<p>Actas I, Zaragoza, 1982, Centro de Estudios Bilbilitanos, 18, 372 p., 17&#215;24 cm.<\/p>\n<p><b>\u00cdndice<\/b>:<\/p>\n<ul>\n<li>MART\u00cdN BUENO, Manuel, La investigaci\u00f3n arqueol\u00f3gica en el Jal\u00f3n medio: estado de la cuesti\u00f3n.<\/li>\n<li>AMAR\u00c9 TAFALLA, Mar\u00eda Teresa, Lucernas romanas de B\u00edlbilis, 10 p.<\/li>\n<li>BALIL, Alberto, Un retrato del emperador Tiberio procedente de B\u00edlbilis (Calatayud), 4 p.<\/li>\n<li>CANCELA RAM\u00cdREZ DE ARELLANO, Mar\u00eda Luisa, Capiteles romanos procedentes de B\u00edlbilis (Calatayud), 6 p.<\/li>\n<li>GALINDO ORTIZ DE LAND\u00c1ZURI, Mar\u00eda Pilar, Un taller de s\u00edlex al aire libre en el t\u00e9rmino municipal de Fuentes de Jiloca, 8 p.<\/li>\n<li>GARC\u00cdA PRIETO, Julio A.; ORDI\u00d1ANA RODR\u00cdGUEZ, Victoria, Sobre un asentamiento defensivo en la Pe\u00f1a de la Mora, 6 p.<\/li>\n<li>GUIRAL PELEGR\u00cdN, Carmen, Preliminares sobre las pinturas de las termas de B\u00edlbilis, 4 p.<\/li>\n<li>LIZ GUIRAL, Jes\u00fas, Nota acerca de la ubicaci\u00f3n del puente romano de B\u00edlbilis, 4 p.<\/li>\n<li>MAGALL\u00d3N BOTAYA, Mar\u00eda de los \u00c1ngeles, B\u00edlbilis y la red viaria romana, 8 p.<\/li>\n<li>MART\u00cdN BUENO, Manuel; JIM\u00c9NEZ, J. L., Notas sobre el esquema arquitect\u00f3nico adoptado en el conjunto religioso de B\u00edlbilis, 8 p.<\/li>\n<li>ALLANEGUI BURRIEL, Guillermo, Caracter\u00edsticas generales del urbanismo y arquitectura tradicionales de la comarca de Calatayud, 10 p.<\/li>\n<li>BORR\u00c1S GUALIS, Gonzalo M., Estudios sobre Arte de Calatayud y su comarca, 22 p.<\/li>\n<li>\u00c1LVARO ZAMORA, Mar\u00eda Isabel, Sobre la azulejer\u00eda de San Andr\u00e9s de Calatayud, 12 p.<\/li>\n<li>ANS\u00d3N NAVARRO, Arturo, Dos cuadros del pintor zaragozano Jos\u00e9 Luz\u00e1n Mart\u00ednez (1710-1785) realizados para la iglesia de los jesuitas de Calatayud, hoy iglesia parroquial de San Juan el Real, 10 p.<\/li>\n<li>BOLOQUI LARRAYA, Bel\u00e9n, Figuras en barro del escultor bilbilitano Gregorio de<br \/>\nMessa (1651-1710), 16 p.<\/li>\n<li>BRU\u00d1\u00c9N IB\u00c1\u00d1EZ, Ana Isabel; SENAC RUBIO, Mar\u00eda Bego\u00f1a, Noticia sobre la capilla de Nuestra Se\u00f1ora del Carmen en la iglesia parroquial de Brea de Arag\u00f3n (Zaragoza), 4 p.<\/li>\n<li>CORT\u00c9S ARRESE, Miguel, La escultura monumental religiosa g\u00f3tica en la antigua comunidad de Calatayud, 6 p.<\/li>\n<li>GARC\u00cdA CAM\u00d3N, Mar\u00eda Jes\u00fas, El monasterio de Piedra visto por pintores del siglo XIX, 6 p.<\/li>\n<li>G\u00d3MEZ URD\u00c1\u00d1EZ, Carmen, El alero del llamado Palacio de Argillo de Calatayud, 14 p.<\/li>\n<li>MA\u00d1AS BALLEST\u00cdN, Fabi\u00e1n, La escuela de pintura g\u00f3tica de Calatayud, 12 p.<\/li>\n<li>MART\u00cdNEZ PRADES, Jos\u00e9 Antonio, Signos lapidarios en el castillo de Mesones de Isuela (Zaragoza), 14 p.<\/li>\n<li>MORTE GARC\u00cdA, Carmen, Las iglesias parroquiales de Villalengua y Jaraba (\u00daltima d\u00e9cada del siglo XVI): aportaci\u00f3n documental, 14 p.<\/li>\n<li>RINC\u00d3N GARC\u00cdA, Wifredo, El escultor bilbilitano Jos\u00e9 Alegre, 10 p.<\/li>\n<li>RINC\u00d3N GARC\u00cdA, Wifredo, El retablo de Calatayud en Arganda del Rey (Madrid), 8 p.<\/li>\n<li>SANMIGUEL MATEO, Agust\u00edn, Sobre la decoraci\u00f3n cer\u00e1mica del \u00e1bside de San Pedro M\u00e1rtir en Calatayud, 12 p.<\/li>\n<li>SANMIGUEL MATEO, Agust\u00edn, Una torre mud\u00e9jar de tipo arcaico en Maluenda, 6 p.<\/li>\n<li>SOUTO LASALA, Juan Antonio, Notas acerca de dos elementos isl\u00e1micos en el conjunto fortificado de Calatayud, 16 p.<\/li>\n<li>MONT\u00d3N PUERTO, Pedro, La Dolores, mito y costumbre, 10 p.<\/li>\n<li>VICENTE DE CU\u00c9LLAR, Benito, Seis dances en honor de la Virgen de Gu\u00eda al Guerrero de Cubel, 67 p.<\/li>\n<\/ul>\n<div class=\"item\">\n<div class=\"nom\"><span class=\"ficha_txt1\"><strong>AUTOR<\/strong>:\u00a0<\/span>VV.AA.<\/div>\n<div class=\"nom\"><\/div>\n<\/div>\n<div class=\"item\">\n<div class=\"nom\"><span class=\"ficha_txt1\"><strong>EDICI\u00d3N<\/strong>:<\/span><\/div>\n<div class=\"items_block\">\n<ul>\n<li class=\"items_block_nom\"><span class=\"ficha_txt2\">Editado por:\u00a0<\/span><span class=\"normal\">IFC-CEB<\/span><\/li>\n<li class=\"items_block_nom\"><span class=\"ficha_txt2\">Edici\u00f3n:\u00a0<\/span><span class=\"normal\">372 p., 17&#215;24 cm.<\/span><\/li>\n<li class=\"items_block_nom\"><span class=\"ficha_txt2\">A\u00f1o edici\u00f3n:\u00a0<\/span><span class=\"normal\">1982<\/span><\/li>\n<\/ul>\n<div class=\"items_block_nom\"><\/div>\n<\/div>\n<\/div>\n<div class=\"item\">\n<div class=\"nom\"><span class=\"ficha_txt1\"><strong>COLECCI\u00d3N<\/strong>:\u00a0<\/span><span class=\"normal\">Centro de Estudios Bilbilitanos<\/span><\/div>\n<div class=\"nom\"><\/div>\n<\/div>\n<div class=\"item\">\n<div class=\"nom\"><span class=\"ficha_txt1\"><strong>N\u00ba PUBLICACI\u00d3N<\/strong>:\u00a0<\/span><span class=\"normal\">1012 (IFC) &#8211; 18 (CEB)<\/span><\/div>\n<div class=\"nom\"><\/div>\n<\/div>\n<div class=\"item\">\n<div class=\"nom\"><span class=\"ficha_txt1\"><strong>PRECIO<\/strong>:\u00a0<\/span><span class=\"normal\">0,00 \u20ac<\/span><\/div>\n<div class=\"nom\"><\/div>\n<\/div>\n<div class=\"item\">\n<div class=\"nom\"><span class=\"ficha_txt1\"><strong>MATERIAS<\/strong>:<\/span><\/div>\n<div class=\"dat\">\n<div class=\"options2\">ESTUDIOS LOCALES Y COMARCALES &gt; Calatayud<\/div>\n<div class=\"options2\">HISTORIA &gt; Prehistoria, Arqueolog\u00eda, Arte<\/div>\n<div class=\"options2\">GEOGRAF\u00cdA &gt; Urbanismo<\/div>\n<div class=\"options2\">ETNOGRAF\u00cdA<\/div>\n<div class=\"options2\">ANTROPOLOG\u00cdA<\/div>\n<div class=\"options2\">LITERATURA<\/div>\n<div class=\"options2\"><\/div>\n<\/div>\n<\/div>\n","protected":false},"excerpt":{"rendered":"<p>Primer Encuentro de Estudios Bilbilitanos. Actas I, Zaragoza, 1982, Centro de Estudios Bilbilitanos, 18, 372 p., 17&#215;24 cm. \u00cdndice: MART\u00cdN BUENO, Manuel, La investigaci\u00f3n arqueol\u00f3gica en el Jal\u00f3n medio: estado de la cuesti\u00f3n. AMAR\u00c9 TAFALLA, Mar\u00eda Teresa, Lucernas romanas de &hellip; <a href=\"http:\/\/cebilbilitanos.com\/?page_id=266\">Sigue leyendo <span class=\"meta-nav\">&rarr;<\/span><\/a><\/p>\n","protected":false},"author":1,"featured_media":0,"parent":193,"menu_order":0,"comment_status":"open","ping_status":"open","template":"","meta":[],"_links":{"self":[{"href":"http:\/\/cebilbilitanos.com\/index.php?rest_route=\/wp\/v2\/pages\/266"}],"collection":[{"href":"http:\/\/cebilbilitanos.com\/index.php?rest_route=\/wp\/v2\/pages"}],"about":[{"href":"http:\/\/cebilbilitanos.com\/index.php?rest_route=\/wp\/v2\/types\/page"}],"author":[{"embeddable":true,"href":"http:\/\/cebilbilitanos.com\/index.php?rest_route=\/wp\/v2\/users\/1"}],"replies":[{"embeddable":true,"href":"http:\/\/cebilbilitanos.com\/index.php?rest_route=%2Fwp%2Fv2%2Fcomments&post=266"}],"version-history":[{"count":4,"href":"http:\/\/cebilbilitanos.com\/index.php?rest_route=\/wp\/v2\/pages\/266\/revisions"}],"predecessor-version":[{"id":688,"href":"http:\/\/cebilbilitanos.com\/index.php?rest_route=\/wp\/v2\/pages\/266\/revisions\/688"}],"up":[{"embeddable":true,"href":"http:\/\/cebilbilitanos.com\/index.php?rest_route=\/wp\/v2\/pages\/193"}],"wp:attachment":[{"href":"http:\/\/cebilbilitanos.com\/index.php?rest_route=%2Fwp%2Fv2%2Fmedia&parent=266"}],"curies":[{"name":"wp","href":"https:\/\/api.w.org\/{rel}","templated":true}]}}

<p><a style="clear: left; float: left; margin-bottom: 1em; margin-right: 1em;" href="https://lh3.googleusercontent.com/-6a_4sxCSFU0/TWvxll1ZgUI/AAAAAAAAACg/ranBumeFPe8/s1600/cat_18.jpg"><img decoding="async" src="http://lh3.googleusercontent.com/-6a_4sxCSFU0/TWvxll1ZgUI/AAAAAAAAACg/ranBumeFPe8/s1600/cat_18.jpg" alt="" border="0" /></a>Primer Encuentro de Estudios Bilbilitanos.</p>
<p>Actas I, Zaragoza, 1982, Centro de Estudios Bilbilitanos, 18, 372 p., 17&#215;24 cm.</p>
<p><b>Índice</b>:</p>
<ul>
<li>MARTÍN BUENO, Manuel, La investigación arqueológica en el Jalón medio: estado de la cuestión.</li>
<li>AMARÉ TAFALLA, María Teresa, Lucernas romanas de Bílbilis, 10 p.</li>
<li>BALIL, Alberto, Un retrato del emperador Tiberio procedente de Bílbilis (Calatayud), 4 p.</li>
<li>CANCELA RAMÍREZ DE ARELLANO, María Luisa, Capiteles romanos procedentes de Bílbilis (Calatayud), 6 p.</li>
<li>GALINDO ORTIZ DE LANDÁZURI, María Pilar, Un taller de sílex al aire libre en el término municipal de Fuentes de Jiloca, 8 p.</li>
<li>GARCÍA PRIETO, Julio A.; ORDIÑANA RODRÍGUEZ, Victoria, Sobre un asentamiento defensivo en la Peña de la Mora, 6 p.</li>
<li>GUIRAL PELEGRÍN, Carmen, Preliminares sobre las pinturas de las termas de Bílbilis, 4 p.</li>
<li>LIZ GUIRAL, Jesús, Nota acerca de la ubicación del puente romano de Bílbilis, 4 p.</li>
<li>MAGALLÓN BOTAYA, María de los Ángeles, Bílbilis y la red viaria romana, 8 p.</li>
<li>MARTÍN BUENO, Manuel; JIMÉNEZ, J. L., Notas sobre el esquema arquitectónico adoptado en el conjunto religioso de Bílbilis, 8 p.</li>
<li>ALLANEGUI BURRIEL, Guillermo, Características generales del urbanismo y arquitectura tradicionales de la comarca de Calatayud, 10 p.</li>
<li>BORRÁS GUALIS, Gonzalo M., Estudios sobre Arte de Calatayud y su comarca, 22 p.</li>
<li>ÁLVARO ZAMORA, María Isabel, Sobre la azulejería de San Andrés de Calatayud, 12 p.</li>
<li>ANSÓN NAVARRO, Arturo, Dos cuadros del pintor zaragozano José Luzán Martínez (1710-1785) realizados para la iglesia de los jesuitas de Calatayud, hoy iglesia parroquial de San Juan el Real, 10 p.</li>
<li>BOLOQUI LARRAYA, Belén, Figuras en barro del escultor bilbilitano Gregorio de<br />
Messa (1651-1710), 16 p.</li>
<li>BRUÑÉN IBÁÑEZ, Ana Isabel; SENAC RUBIO, María Begoña, Noticia sobre la capilla de Nuestra Señora del Carmen en la iglesia parroquial de Brea de Aragón (Zaragoza), 4 p.</li>
<li>CORTÉS ARRESE, Miguel, La escultura monumental religiosa gótica en la antigua comunidad de Calatayud, 6 p.</li>
<li>GARCÍA CAMÓN, María Jesús, El monasterio de Piedra visto por pintores del siglo XIX, 6 p.</li>
<li>GÓMEZ URDÁÑEZ, Carmen, El alero del llamado Palacio de Argillo de Calatayud, 14 p.</li>
<li>MAÑAS BALLESTÍN, Fabián, La escuela de pintura gótica de Calatayud, 12 p.</li>
<li>MARTÍNEZ PRADES, José Antonio, Signos lapidarios en el castillo de Mesones de Isuela (Zaragoza), 14 p.</li>
<li>MORTE GARCÍA, Carmen, Las iglesias parroquiales de Villalengua y Jaraba (Última década del siglo XVI): aportación documental, 14 p.</li>
<li>RINCÓN GARCÍA, Wifredo, El escultor bilbilitano José Alegre, 10 p.</li>
<li>RINCÓN GARCÍA, Wifredo, El retablo de Calatayud en Arganda del Rey (Madrid), 8 p.</li>
<li>SANMIGUEL MATEO, Agustín, Sobre la decoración cerámica del ábside de San Pedro Mártir en Calatayud, 12 p.</li>
<li>SANMIGUEL MATEO, Agustín, Una torre mudéjar de tipo arcaico en Maluenda, 6 p.</li>
<li>SOUTO LASALA, Juan Antonio, Notas acerca de dos elementos islámicos en el conjunto fortificado de Calatayud, 16 p.</li>
<li>MONTÓN PUERTO, Pedro, La Dolores, mito y costumbre, 10 p.</li>
<li>VICENTE DE CUÉLLAR, Benito, Seis dances en honor de la Virgen de Guía al Guerrero de Cubel, 67 p.</li>
</ul>
<div class="item">
<div class="nom"><span class="ficha_txt1"><strong>AUTOR</strong>: </span>VV.AA.</div>
<div class="nom"></div>
</div>
<div class="item">
<div class="nom"><span class="ficha_txt1"><strong>EDICIÓN</strong>:</span></div>
<div class="items_block">
<ul>
<li class="items_block_nom"><span class="ficha_txt2">Editado por: </span><span class="normal">IFC-CEB</span></li>
<li class="items_block_nom"><span class="ficha_txt2">Edición: </span><span class="normal">372 p., 17&#215;24 cm.</span></li>
<li class="items_block_nom"><span class="ficha_txt2">Año edición: </span><span class="normal">1982</span></li>
</ul>
<div class="items_block_nom"></div>
</div>
</div>
<div class="item">
<div class="nom"><span class="ficha_txt1"><strong>COLECCIÓN</strong>: </span><span class="normal">Centro de Estudios Bilbilitanos</span></div>
<div class="nom"></div>
</div>
<div class="item">
<div class="nom"><span class="ficha_txt1"><strong>Nº PUBLICACIÓN</strong>: </span><span class="normal">1012 (IFC) &#8211; 18 (CEB)</span></div>
<div class="nom"></div>
</div>
<div class="item">
<div class="nom"><span class="ficha_txt1"><strong>PRECIO</strong>: </span><span class="normal">0,00 €</span></div>
<div class="nom"></div>
</div>
<div class="item">
<div class="nom"><span class="ficha_txt1"><strong>MATERIAS</strong>:</span></div>
<div class="dat">
<div class="options2">ESTUDIOS LOCALES Y COMARCALES &gt; Calatayud</div>
<div class="options2">HISTORIA &gt; Prehistoria, Arqueología, Arte</div>
<div class="options2">GEOGRAFÍA &gt; Urbanismo</div>
<div class="options2">ETNOGRAFÍA</div>
<div class="options2">ANTROPOLOGÍA</div>
<div class="options2">LITERATURA</div>
<div class="options2"></div>
</div>
</div>

<p>Primer Encuentro de Estudios Bilbilitanos. Actas I, Zaragoza, 1982, Centro de Estudios Bilbilitanos, 18, 372 p., 17&#215;24 cm. Índice: MARTÍN BUENO, Manuel, La investigación arqueológica en el Jalón medio: estado de la cuestión. AMARÉ TAFALLA, María Teresa, Lucernas romanas de &hellip; <a href="http://cebilbilitanos.com/?page_id=266">Sigue leyendo <span class="meta-nav">&rarr;</span></a></p>
