{"id":258,"date":"2015-09-12T11:40:17","date_gmt":"2015-09-12T11:40:17","guid":{"rendered":"http:\/\/cebilbilitanos.com\/?page_id=258"},"modified":"2015-09-13T16:39:29","modified_gmt":"2015-09-13T16:39:29","slug":"a-los-pies-de-mi-patrona-historia-de-la-imagen-de-nuestra-senora-de-la-pena-y-avatares-de-su-santuario","status":"publish","type":"page","link":"http:\/\/cebilbilitanos.com\/?page_id=258","title":{"rendered":"A los pies de mi patrona. Historia de la imagen de Nuestra Se\u00f1ora de la Pe\u00f1a y avatares de su santuario"},"content":{"rendered":"<p><a style=\"clear: left; float: left; margin-bottom: 1em; margin-right: 1em;\" href=\"https:\/\/lh3.googleusercontent.com\/-J-oKIVYaF_Q\/TWvsgXJ-C6I\/AAAAAAAAACQ\/L0c7U3qiVhE\/s1600\/cat_13.jpg\"><img decoding=\"async\" src=\"http:\/\/lh3.googleusercontent.com\/-J-oKIVYaF_Q\/TWvsgXJ-C6I\/AAAAAAAAACQ\/L0c7U3qiVhE\/s1600\/cat_13.jpg\" alt=\"\" border=\"0\" \/><\/a><b>RAIMUNDO SIERRA, \u00c1ngel<\/b>: <i>A los pies de mi patrona. Historia de la imagen de Nuestra Se\u00f1ora de la Pe\u00f1a y avatares de su santuario<\/i>, Zaragoza, 1983, Centro de Estudios Bilbilitanos, 13, 168 p., 16&#215;22 cm (Temas Aragoneses, 47). ISBN: 84-00-05386-9.<\/p>\n<p><b>P\u00f3rtico<\/b>: \u00ab&#8230; Calatayud tiene -con Arag\u00f3n- viejas costumbres, gloriosas tradiciones y memorables hechos dignos de ser narrados, para que su latido golpee en el coraz\u00f3n de nuestros j\u00f3venes. Hay que evitar que todas estas glorias desaparezcan en las quietas aguas de las charcas del m\u00e1s lamentable de los olvidos. Hay que luchar por las grandezas y por los hero\u00edsmos que nos legaron nuestros antepasados&#8230;\u00bb<\/p>\n<div class=\"item\">\n<div class=\"nom\"><strong><span class=\"ficha_txt1\">EDICI\u00d3N:<\/span><\/strong><\/div>\n<div class=\"items_block\">\n<ul>\n<li class=\"items_block_nom\"><span class=\"ficha_txt2\">Editado por:\u00a0<\/span><span class=\"normal\">IFC-CEB<\/span><\/li>\n<li class=\"items_block_nom\"><span class=\"ficha_txt2\">Edici\u00f3n:\u00a0<\/span><span class=\"normal\">168 p., 16&#215;22 cm, ISBN 84-00-05386-9<\/span><\/li>\n<li class=\"items_block_nom\"><span class=\"ficha_txt2\">A\u00f1o edici\u00f3n:\u00a0<\/span><span class=\"normal\">1983<\/span><\/li>\n<\/ul>\n<\/div>\n<\/div>\n<div class=\"item\">\n<div class=\"nom\"><strong><span class=\"ficha_txt1\">COLECCI\u00d3N:\u00a0<\/span><\/strong><span class=\"normal\">Centro de Estudios Bilbilitanos<\/span><\/div>\n<div class=\"nom\"><\/div>\n<\/div>\n<div class=\"item\">\n<div class=\"nom\"><strong><span class=\"ficha_txt1\">N\u00ba PUBLICACI\u00d3N:\u00a0<\/span><\/strong><span class=\"normal\">922\u00a0(IFC) &#8211; 13 (CEB)<\/span><\/div>\n<div class=\"nom\"><\/div>\n<\/div>\n<div class=\"item\">\n<div class=\"nom\"><span class=\"ficha_txt1\"><strong>PRECIO:<\/strong>\u00a0<\/span><span class=\"normal\">Agotado<\/span><\/div>\n<\/div>\n<div class=\"item\">\n<div class=\"nom\"><\/div>\n<div class=\"nom\"><strong><span class=\"ficha_txt1\">MATERIAS:<\/span><\/strong><\/div>\n<div class=\"dat\">\n<div class=\"options2\">ETNOLOG\u00cdA y ANTROPOLOG\u00cdA. FILOSOF\u00cdA. RELIGI\u00d3N &gt; Religi\u00f3n<\/div>\n<div class=\"options2\">ESTUDIOS LOCALES Y COMARCALES &gt; Calatayud<\/div>\n<\/div>\n<\/div>\n","protected":false},"excerpt":{"rendered":"<p>RAIMUNDO SIERRA, \u00c1ngel: A los pies de mi patrona. Historia de la imagen de Nuestra Se\u00f1ora de la Pe\u00f1a y avatares de su santuario, Zaragoza, 1983, Centro de Estudios Bilbilitanos, 13, 168 p., 16&#215;22 cm (Temas Aragoneses, 47). ISBN: 84-00-05386-9. &hellip; <a href=\"http:\/\/cebilbilitanos.com\/?page_id=258\">Sigue leyendo <span class=\"meta-nav\">&rarr;<\/span><\/a><\/p>\n","protected":false},"author":1,"featured_media":0,"parent":193,"menu_order":0,"comment_status":"open","ping_status":"open","template":"","meta":[],"_links":{"self":[{"href":"http:\/\/cebilbilitanos.com\/index.php?rest_route=\/wp\/v2\/pages\/258"}],"collection":[{"href":"http:\/\/cebilbilitanos.com\/index.php?rest_route=\/wp\/v2\/pages"}],"about":[{"href":"http:\/\/cebilbilitanos.com\/index.php?rest_route=\/wp\/v2\/types\/page"}],"author":[{"embeddable":true,"href":"http:\/\/cebilbilitanos.com\/index.php?rest_route=\/wp\/v2\/users\/1"}],"replies":[{"embeddable":true,"href":"http:\/\/cebilbilitanos.com\/index.php?rest_route=%2Fwp%2Fv2%2Fcomments&post=258"}],"version-history":[{"count":2,"href":"http:\/\/cebilbilitanos.com\/index.php?rest_route=\/wp\/v2\/pages\/258\/revisions"}],"predecessor-version":[{"id":576,"href":"http:\/\/cebilbilitanos.com\/index.php?rest_route=\/wp\/v2\/pages\/258\/revisions\/576"}],"up":[{"embeddable":true,"href":"http:\/\/cebilbilitanos.com\/index.php?rest_route=\/wp\/v2\/pages\/193"}],"wp:attachment":[{"href":"http:\/\/cebilbilitanos.com\/index.php?rest_route=%2Fwp%2Fv2%2Fmedia&parent=258"}],"curies":[{"name":"wp","href":"https:\/\/api.w.org\/{rel}","templated":true}]}}