{"id":253,"date":"2015-09-12T11:32:24","date_gmt":"2015-09-12T11:32:24","guid":{"rendered":"http:\/\/cebilbilitanos.com\/?page_id=253"},"modified":"2015-09-13T16:36:46","modified_gmt":"2015-09-13T16:36:46","slug":"253-2","status":"publish","type":"page","link":"http:\/\/cebilbilitanos.com\/?page_id=253","title":{"rendered":"Arte mud\u00e9jar en la Comunidad de Calatayud"},"content":{"rendered":"<p><a style=\"clear: left; float: left; margin-bottom: 1em; margin-right: 1em;\" href=\"https:\/\/lh6.googleusercontent.com\/-5SsEOwmi9-I\/TWvq5DUeVtI\/AAAAAAAAACI\/coWUxVB8FIY\/s1600\/cat_11.jpg\"><img decoding=\"async\" src=\"http:\/\/lh6.googleusercontent.com\/-5SsEOwmi9-I\/TWvq5DUeVtI\/AAAAAAAAACI\/coWUxVB8FIY\/s1600\/cat_11.jpg\" alt=\"\" border=\"0\" \/><\/a><b>SANMIGUEL MATEO, Agust\u00edn<\/b>: <i>Arte mud\u00e9jar en la Comunidad de Calatayud<\/i>, presentaci\u00f3n de Gonzalo Borr\u00e1s Gualis, Zaragoza, 1982, Centro de Estudios Bilbilitanos, 11, 12 p., 12 il., 33&#215;22 cm (2.\u00aa ed. 1987). ISBN. 84-00-06516-6.<\/p>\n<p><b>Presentaci\u00f3n<\/b>: \u00abTras las espl\u00e9ndidas series de dibujos sobre Arte medieval en el Viejo Arag\u00f3n (1979) y sobre Jaca (1979), vuelve de nuevo Agust\u00edn Sanmiguel, ahora para solaz y contento de los mudejaristas, con esta carpeta sobre los monumentos mud\u00e9jares de la comarca de Calatayud&#8230;<\/p>\n<p>De esta manera se completa un ciclo del arte aragon\u00e9s, en el que, despu\u00e9s de haber profundizado en las ra\u00edces europeas del Alto Arag\u00f3n, se desentra\u00f1an ahora las huellas musulmanas de las tierras bajas del valle del Ebro y sus afluentes meridionales, en especial el Jal\u00f3n con el Jiloca&#8230;\u00bb<\/p>\n<div class=\"item\">\n<div class=\"nom\"><span class=\"ficha_txt1\"><strong>NOTAS:<\/strong>\u00a0<\/span><span class=\"normal\">Presentaci\u00f3n de Gonzalo M. Borr\u00e1s Gualis.<\/span><\/div>\n<div class=\"nom\"><\/div>\n<\/div>\n<div class=\"item\">\n<div class=\"nom\"><strong><span class=\"ficha_txt1\">EDICI\u00d3N:\u00a0<\/span><\/strong><\/div>\n<div class=\"items_block\">\n<ul>\n<li class=\"items_block_nom\"><span class=\"ficha_txt2\">Editado por:\u00a0<\/span><span class=\"normal\">IFC-CEB<\/span><\/li>\n<li class=\"items_block_nom\"><span class=\"ficha_txt2\">Edici\u00f3n:\u00a0<\/span><span class=\"normal\">2\u00aa edici\u00f3n. 12 p., 12 il., 33&#215;22 cm.<\/span><\/li>\n<li class=\"items_block_nom\"><span class=\"ficha_txt2\">A\u00f1o edici\u00f3n:\u00a0<\/span><span class=\"normal\">1987<\/span><\/li>\n<\/ul>\n<div class=\"items_block_nom\"><\/div>\n<\/div>\n<\/div>\n<div class=\"item\">\n<div class=\"nom\"><span class=\"ficha_txt1\"><strong>COLECCI\u00d3N:<\/strong>\u00a0<\/span><span class=\"normal\">Centro de Estudios Bilbilitanos<\/span><\/div>\n<div class=\"nom\"><\/div>\n<\/div>\n<div class=\"item\">\n<div class=\"nom\"><strong><span class=\"ficha_txt1\">N\u00ba PUBLICACI\u00d3N:\u00a0<\/span><\/strong><span class=\"normal\">899 (IFC) &#8211; 11 (CEB)<\/span><\/div>\n<div class=\"nom\"><\/div>\n<\/div>\n<div class=\"item\">\n<div class=\"nom\"><span class=\"ficha_txt1\"><strong>PRECIO:<\/strong>\u00a0<\/span><span class=\"normal\">9,00 \u20ac<\/span><\/div>\n<div class=\"nom\"><\/div>\n<\/div>\n<div class=\"item\">\n<div class=\"nom\"><strong><span class=\"ficha_txt1\">MATERIAS:<\/span><\/strong><\/div>\n<div class=\"dat\">\n<div class=\"options2\">ARTE &gt; Arte medieval, Arte Mud\u00e9jar<\/div>\n<div class=\"options2\">ESTUDIOS LOCALES Y COMARCALES &gt; Calatayud<\/div>\n<\/div>\n<\/div>\n","protected":false},"excerpt":{"rendered":"<p>SANMIGUEL MATEO, Agust\u00edn: Arte mud\u00e9jar en la Comunidad de Calatayud, presentaci\u00f3n de Gonzalo Borr\u00e1s Gualis, Zaragoza, 1982, Centro de Estudios Bilbilitanos, 11, 12 p., 12 il., 33&#215;22 cm (2.\u00aa ed. 1987). ISBN. 84-00-06516-6. Presentaci\u00f3n: \u00abTras las espl\u00e9ndidas series de dibujos &hellip; <a href=\"http:\/\/cebilbilitanos.com\/?page_id=253\">Sigue leyendo <span class=\"meta-nav\">&rarr;<\/span><\/a><\/p>\n","protected":false},"author":1,"featured_media":0,"parent":193,"menu_order":0,"comment_status":"open","ping_status":"open","template":"","meta":[],"_links":{"self":[{"href":"http:\/\/cebilbilitanos.com\/index.php?rest_route=\/wp\/v2\/pages\/253"}],"collection":[{"href":"http:\/\/cebilbilitanos.com\/index.php?rest_route=\/wp\/v2\/pages"}],"about":[{"href":"http:\/\/cebilbilitanos.com\/index.php?rest_route=\/wp\/v2\/types\/page"}],"author":[{"embeddable":true,"href":"http:\/\/cebilbilitanos.com\/index.php?rest_route=\/wp\/v2\/users\/1"}],"replies":[{"embeddable":true,"href":"http:\/\/cebilbilitanos.com\/index.php?rest_route=%2Fwp%2Fv2%2Fcomments&post=253"}],"version-history":[{"count":3,"href":"http:\/\/cebilbilitanos.com\/index.php?rest_route=\/wp\/v2\/pages\/253\/revisions"}],"predecessor-version":[{"id":575,"href":"http:\/\/cebilbilitanos.com\/index.php?rest_route=\/wp\/v2\/pages\/253\/revisions\/575"}],"up":[{"embeddable":true,"href":"http:\/\/cebilbilitanos.com\/index.php?rest_route=\/wp\/v2\/pages\/193"}],"wp:attachment":[{"href":"http:\/\/cebilbilitanos.com\/index.php?rest_route=%2Fwp%2Fv2%2Fmedia&parent=253"}],"curies":[{"name":"wp","href":"https:\/\/api.w.org\/{rel}","templated":true}]}}