{"id":245,"date":"2015-09-12T11:19:16","date_gmt":"2015-09-12T11:19:16","guid":{"rendered":"http:\/\/cebilbilitanos.com\/?page_id=245"},"modified":"2015-09-13T17:49:57","modified_gmt":"2015-09-13T17:49:57","slug":"ordinaciones-reales-de-la-comunidad-de-calatayud","status":"publish","type":"page","link":"http:\/\/cebilbilitanos.com\/?page_id=245","title":{"rendered":"Ordinaciones reales de la Comunidad de Calatayud"},"content":{"rendered":"<p><a href=\"http:\/\/cebilbilitanos.com\/wp-content\/uploads\/2015\/09\/reales-comunidad-calatayud-zaragoza-1637-edicion-2a250856-9899-47dd-a13d-0a1d0449164d.jpeg\"><img decoding=\"async\" loading=\"lazy\" class=\"aligncenter size-full wp-image-246\" src=\"http:\/\/cebilbilitanos.com\/wp-content\/uploads\/2015\/09\/reales-comunidad-calatayud-zaragoza-1637-edicion-2a250856-9899-47dd-a13d-0a1d0449164d.jpeg\" alt=\"reales-comunidad-calatayud-zaragoza-1637-edicion-2a250856-9899-47dd-a13d-0a1d0449164d\" width=\"355\" height=\"490\" srcset=\"http:\/\/cebilbilitanos.com\/wp-content\/uploads\/2015\/09\/reales-comunidad-calatayud-zaragoza-1637-edicion-2a250856-9899-47dd-a13d-0a1d0449164d.jpeg 355w, http:\/\/cebilbilitanos.com\/wp-content\/uploads\/2015\/09\/reales-comunidad-calatayud-zaragoza-1637-edicion-2a250856-9899-47dd-a13d-0a1d0449164d-217x300.jpeg 217w\" sizes=\"(max-width: 355px) 100vw, 355px\" \/><\/a><\/p>\n<p>&nbsp;<\/p>\n<p><i>Ordinaciones reales de la Comunidad de Calatayud<\/i>. MDCXXXVII., Zaragoza, 1982, Centro de Estudios Bilbilitanos, 8, 2 p., 144 p. facs\u00edmile, 21&#215;29 cm. ISBN: 84-00-05160-2.<\/p>\n<p><b>Sinopsis<\/b>: El r\u00e9gimen jur\u00eddico-administrativo en el que vivi\u00f3 la Comunidad de Calatayud, dentro del Reino de Arag\u00f3n, durante siete siglos, ofrece abundante material a los estudiosos.<\/p>\n<p>La dependencia del poder real, las normas de convivencia, la explotaci\u00f3n de los factores econ\u00f3micos, lo que hoy pudi\u00e9ramos llamar ordenaci\u00f3n urban\u00edstica y la imposici\u00f3n de sanciones a los infractores de todas estas pautas, es materia que nos interesa tanto para conocer las condiciones de vida del pasado, como ejemplo para el presente. Y en todo momento, para admirar a unas gentes que supieron establecer un orden de vida, dentro de unas disposiciones que ellos se hab\u00edan dado.<\/p>\n<p>El primer documento regulador es el Fuero, concedido en 1131 por Alfonso I, al poco tiempo de la reconquista. Con posterioridad se fueron aprobando y dando a la publicidad otras Ordinaciones. Tenemos noticia de las que vieron la luz en 1637 (que son las que aqu\u00ed\u00a0 se ofrecen en edici\u00f3n facs\u00edmil), 1751 y 1824. Las dos \u00faltimas se diferencian muy poco en su parte dispositiva.<\/p>\n<div class=\"item\">\n<div class=\"nom\"><span class=\"ficha_txt1\">EDICI\u00d3N:\u00a0<\/span><\/div>\n<ul>\n<li class=\"nom\">Editado por: IFC-CEB<\/li>\n<li class=\"items_block\">\n<div class=\"items_block_nom\"><span class=\"ficha_txt2\">Edici\u00f3n:\u00a0<\/span><span class=\"normal\">2 p., 144 p. facs\u00edmile, 21&#215;29 cm, ISBN 84-00-05160-2<\/span><\/div>\n<\/li>\n<li class=\"items_block\">\n<div class=\"items_block_nom\"><span class=\"ficha_txt2\">A\u00f1o edici\u00f3n:\u00a0<\/span><span class=\"normal\">1982<\/span><\/div>\n<\/li>\n<\/ul>\n<\/div>\n<div class=\"item\">\n<div class=\"nom\"><strong><span class=\"ficha_txt1\">COLECCI\u00d3N:\u00a0<\/span><\/strong><span class=\"normal\">Centro de Estudios Bilbilitanos<\/span><\/div>\n<div class=\"nom\"><\/div>\n<\/div>\n<div class=\"item\">\n<div class=\"nom\"><span class=\"ficha_txt1\"><strong>N\u00ba PUBLICACI\u00d3N:<\/strong>\u00a0<\/span><span class=\"normal\">871 (IFC) &#8211; 8 (CEB)<\/span><\/div>\n<div class=\"nom\"><\/div>\n<\/div>\n<div class=\"item\">\n<div class=\"nom\"><span class=\"ficha_txt1\"><strong>PRECIO:<\/strong>\u00a0<\/span><span class=\"normal\">Agotado<\/span><\/div>\n<div class=\"nom\"><\/div>\n<\/div>\n<div class=\"item\">\n<div class=\"nom\"><strong><span class=\"ficha_txt1\">MATERIAS:<\/span><\/strong><\/div>\n<div class=\"dat\">\n<div class=\"options2\">ESTUDIOS LOCALES Y COMARCALES &gt; Calatayud<\/div>\n<div class=\"options2\">HISTORIA<\/div>\n<div class=\"options2\">DERECHO<\/div>\n<\/div>\n<\/div>\n<p>&nbsp;<\/p>\n<p>&nbsp;<\/p>\n","protected":false},"excerpt":{"rendered":"<p>&nbsp; Ordinaciones reales de la Comunidad de Calatayud. MDCXXXVII., Zaragoza, 1982, Centro de Estudios Bilbilitanos, 8, 2 p., 144 p. facs\u00edmile, 21&#215;29 cm. ISBN: 84-00-05160-2. Sinopsis: El r\u00e9gimen jur\u00eddico-administrativo en el que vivi\u00f3 la Comunidad de Calatayud, dentro del Reino &hellip; <a href=\"http:\/\/cebilbilitanos.com\/?page_id=245\">Sigue leyendo <span class=\"meta-nav\">&rarr;<\/span><\/a><\/p>\n","protected":false},"author":1,"featured_media":0,"parent":193,"menu_order":0,"comment_status":"open","ping_status":"open","template":"","meta":[],"_links":{"self":[{"href":"http:\/\/cebilbilitanos.com\/index.php?rest_route=\/wp\/v2\/pages\/245"}],"collection":[{"href":"http:\/\/cebilbilitanos.com\/index.php?rest_route=\/wp\/v2\/pages"}],"about":[{"href":"http:\/\/cebilbilitanos.com\/index.php?rest_route=\/wp\/v2\/types\/page"}],"author":[{"embeddable":true,"href":"http:\/\/cebilbilitanos.com\/index.php?rest_route=\/wp\/v2\/users\/1"}],"replies":[{"embeddable":true,"href":"http:\/\/cebilbilitanos.com\/index.php?rest_route=%2Fwp%2Fv2%2Fcomments&post=245"}],"version-history":[{"count":3,"href":"http:\/\/cebilbilitanos.com\/index.php?rest_route=\/wp\/v2\/pages\/245\/revisions"}],"predecessor-version":[{"id":679,"href":"http:\/\/cebilbilitanos.com\/index.php?rest_route=\/wp\/v2\/pages\/245\/revisions\/679"}],"up":[{"embeddable":true,"href":"http:\/\/cebilbilitanos.com\/index.php?rest_route=\/wp\/v2\/pages\/193"}],"wp:attachment":[{"href":"http:\/\/cebilbilitanos.com\/index.php?rest_route=%2Fwp%2Fv2%2Fmedia&parent=245"}],"curies":[{"name":"wp","href":"https:\/\/api.w.org\/{rel}","templated":true}]}}

<p><a href="http://cebilbilitanos.com/wp-content/uploads/2015/09/reales-comunidad-calatayud-zaragoza-1637-edicion-2a250856-9899-47dd-a13d-0a1d0449164d.jpeg"><img decoding="async" loading="lazy" class="aligncenter size-full wp-image-246" src="http://cebilbilitanos.com/wp-content/uploads/2015/09/reales-comunidad-calatayud-zaragoza-1637-edicion-2a250856-9899-47dd-a13d-0a1d0449164d.jpeg" alt="reales-comunidad-calatayud-zaragoza-1637-edicion-2a250856-9899-47dd-a13d-0a1d0449164d" width="355" height="490" srcset="http://cebilbilitanos.com/wp-content/uploads/2015/09/reales-comunidad-calatayud-zaragoza-1637-edicion-2a250856-9899-47dd-a13d-0a1d0449164d.jpeg 355w, http://cebilbilitanos.com/wp-content/uploads/2015/09/reales-comunidad-calatayud-zaragoza-1637-edicion-2a250856-9899-47dd-a13d-0a1d0449164d-217x300.jpeg 217w" sizes="(max-width: 355px) 100vw, 355px" /></a></p>
<p>&nbsp;</p>
<p><i>Ordinaciones reales de la Comunidad de Calatayud</i>. MDCXXXVII., Zaragoza, 1982, Centro de Estudios Bilbilitanos, 8, 2 p., 144 p. facsímile, 21&#215;29 cm. ISBN: 84-00-05160-2.</p>
<p><b>Sinopsis</b>: El régimen jurídico-administrativo en el que vivió la Comunidad de Calatayud, dentro del Reino de Aragón, durante siete siglos, ofrece abundante material a los estudiosos.</p>
<p>La dependencia del poder real, las normas de convivencia, la explotación de los factores económicos, lo que hoy pudiéramos llamar ordenación urbanística y la imposición de sanciones a los infractores de todas estas pautas, es materia que nos interesa tanto para conocer las condiciones de vida del pasado, como ejemplo para el presente. Y en todo momento, para admirar a unas gentes que supieron establecer un orden de vida, dentro de unas disposiciones que ellos se habían dado.</p>
<p>El primer documento regulador es el Fuero, concedido en 1131 por Alfonso I, al poco tiempo de la reconquista. Con posterioridad se fueron aprobando y dando a la publicidad otras Ordinaciones. Tenemos noticia de las que vieron la luz en 1637 (que son las que aquí  se ofrecen en edición facsímil), 1751 y 1824. Las dos últimas se diferencian muy poco en su parte dispositiva.</p>
<div class="item">
<div class="nom"><span class="ficha_txt1">EDICIÓN: </span></div>
<ul>
<li class="nom">Editado por: IFC-CEB</li>
<li class="items_block">
<div class="items_block_nom"><span class="ficha_txt2">Edición: </span><span class="normal">2 p., 144 p. facsímile, 21&#215;29 cm, ISBN 84-00-05160-2</span></div>
</li>
<li class="items_block">
<div class="items_block_nom"><span class="ficha_txt2">Año edición: </span><span class="normal">1982</span></div>
</li>
</ul>
</div>
<div class="item">
<div class="nom"><strong><span class="ficha_txt1">COLECCIÓN: </span></strong><span class="normal">Centro de Estudios Bilbilitanos</span></div>
<div class="nom"></div>
</div>
<div class="item">
<div class="nom"><span class="ficha_txt1"><strong>Nº PUBLICACIÓN:</strong> </span><span class="normal">871 (IFC) &#8211; 8 (CEB)</span></div>
<div class="nom"></div>
</div>
<div class="item">
<div class="nom"><span class="ficha_txt1"><strong>PRECIO:</strong> </span><span class="normal">Agotado</span></div>
<div class="nom"></div>
</div>
<div class="item">
<div class="nom"><strong><span class="ficha_txt1">MATERIAS:</span></strong></div>
<div class="dat">
<div class="options2">ESTUDIOS LOCALES Y COMARCALES &gt; Calatayud</div>
<div class="options2">HISTORIA</div>
<div class="options2">DERECHO</div>
</div>
</div>
<p>&nbsp;</p>
<p>&nbsp;</p>

<p>&nbsp; Ordinaciones reales de la Comunidad de Calatayud. MDCXXXVII., Zaragoza, 1982, Centro de Estudios Bilbilitanos, 8, 2 p., 144 p. facsímile, 21&#215;29 cm. ISBN: 84-00-05160-2. Sinopsis: El régimen jurídico-administrativo en el que vivió la Comunidad de Calatayud, dentro del Reino &hellip; <a href="http://cebilbilitanos.com/?page_id=245">Sigue leyendo <span class="meta-nav">&rarr;</span></a></p>
