{"id":1894,"date":"2017-09-03T09:16:56","date_gmt":"2017-09-03T09:16:56","guid":{"rendered":"http:\/\/cebilbilitanos.com\/?page_id=1894"},"modified":"2017-09-05T07:17:31","modified_gmt":"2017-09-05T07:17:31","slug":"homenaje-nacional-a-vicente-de-la-fuente","status":"publish","type":"page","link":"http:\/\/cebilbilitanos.com\/?page_id=1894","title":{"rendered":"Homenaje nacional a Vicente de la Fuente"},"content":{"rendered":"<p><a href=\"http:\/\/cebilbilitanos.com\/?page_id=1756\">Volver<\/a><\/p>\n<p><img decoding=\"async\" loading=\"lazy\" class=\"aligncenter size-full wp-image-1946\" src=\"http:\/\/cebilbilitanos.com\/wp-content\/uploads\/2017\/09\/15Panel.png\" alt=\"\" width=\"640\" height=\"1120\" srcset=\"http:\/\/cebilbilitanos.com\/wp-content\/uploads\/2017\/09\/15Panel.png 640w, http:\/\/cebilbilitanos.com\/wp-content\/uploads\/2017\/09\/15Panel-171x300.png 171w, http:\/\/cebilbilitanos.com\/wp-content\/uploads\/2017\/09\/15Panel-585x1024.png 585w\" sizes=\"(max-width: 640px) 100vw, 640px\" \/><\/p>\n<p><span style=\"color: #800000;\"><b><i>\u00abLa gratitud me obliga a no callar lo que aqu\u00ed se dice. Tenga yo por \u00fanico premio la de mis compatriotas y pueda decir con nuestro c\u00e9lebre paisano: Nec me tacebit Bilbilis.\u00bb<\/i><\/b><\/span><\/p>\n<p>La muerte de Vicente de la Fuente motiv\u00f3, ya en su momento, la redacci\u00f3n de sentidas<br \/>\nnecrol\u00f3gicas de alumnos suyos como el escritor \u00c1ngel Salcedo o el pol\u00edtico Alejandro Pidal; y fue protagonista en el discurso de inauguraci\u00f3n del curso 1891-1892 de la Universidad Central de Madrid le\u00eddo por don Salvador Torres Aguilar-Amat.<\/p>\n<div id=\"attachment_1897\" style=\"width: 650px\" class=\"wp-caption aligncenter\"><img aria-describedby=\"caption-attachment-1897\" decoding=\"async\" loading=\"lazy\" class=\"size-full wp-image-1897\" src=\"http:\/\/cebilbilitanos.com\/wp-content\/uploads\/2017\/09\/placa_calle_vicente_de_la_fuente.jpg\" alt=\"\" width=\"640\" height=\"480\" srcset=\"http:\/\/cebilbilitanos.com\/wp-content\/uploads\/2017\/09\/placa_calle_vicente_de_la_fuente.jpg 640w, http:\/\/cebilbilitanos.com\/wp-content\/uploads\/2017\/09\/placa_calle_vicente_de_la_fuente-300x225.jpg 300w\" sizes=\"(max-width: 640px) 100vw, 640px\" \/><p id=\"caption-attachment-1897\" class=\"wp-caption-text\">En el a\u00f1o 1892 la antigua calle Nueva pasar\u00eda a llamarse calle Vicente de la Fuente.<\/p><\/div>\n<p>Su ciudad natal, Calatayud, en principio, tuvo a bien dedicar a la memoria de tan insigne erudito una calle en la localidad, privilegio que en aquel momento s\u00f3lo ten\u00eda el poeta Marcial. Al organizarse en 1908 la galer\u00eda de bilbilitanos ilustres en la Casa Consistorial, el historiador pas\u00f3 a figurar entre los primeros en ser se\u00f1alados con esta distinci\u00f3n.<\/p>\n<div id=\"attachment_1898\" style=\"width: 650px\" class=\"wp-caption aligncenter\"><img aria-describedby=\"caption-attachment-1898\" decoding=\"async\" loading=\"lazy\" class=\"size-full wp-image-1898\" src=\"http:\/\/cebilbilitanos.com\/wp-content\/uploads\/2017\/09\/retrato_bilbilitanos_ilustres.jpg\" alt=\"\" width=\"640\" height=\"779\" srcset=\"http:\/\/cebilbilitanos.com\/wp-content\/uploads\/2017\/09\/retrato_bilbilitanos_ilustres.jpg 640w, http:\/\/cebilbilitanos.com\/wp-content\/uploads\/2017\/09\/retrato_bilbilitanos_ilustres-246x300.jpg 246w\" sizes=\"(max-width: 640px) 100vw, 640px\" \/><p id=\"caption-attachment-1898\" class=\"wp-caption-text\">A instancias del alcalde Juan Blas y Ubide, en 1908 se cre\u00f3 en la Casa Consistorial la Galer\u00eda de Bilbilitanos Ilustres, desde sus inicios cont\u00f3 con el retrato del historiador de la Fuente.<\/p><\/div>\n<p>Habr\u00eda que esperar hasta el a\u00f1o 1922 para que su figura fuera honrada con un verdadero homenaje nacional. El gobierno, presidido por Jos\u00e9 S\u00e1nchez Guerra, sufrag\u00f3 todos los gastos que ocasionara la traslaci\u00f3n de sus restos desde el cementerio de la Sacramental de San Justo de Madrid, hasta la capilla de la Virgen de Mediavilla de la Colegiata de Santa Mar\u00eda la Mayor. Su llegada a la ciudad, el 27 de octubre de aquel a\u00f1o, estuvo acompa\u00f1ada por representaciones del Ayuntamiento, Diputaciones, representantes en Cortes, Clero, Milicia, Universidades de Madrid y Zaragoza y de la Real Academia de la Historia. En el templo colegial se celebr\u00f3 un solemne funeral cant\u00e1ndose la misa del compositor Perosi, y pronunci\u00e1ndose una oraci\u00f3n f\u00fanebre. Sus restos descansar\u00edan ahora bajo una l\u00e1pida redactada en lat\u00edn por los alumnos del colegio jesuita de Veruela. Por la tarde, en el teatro Principal, se celebr\u00f3 una solemne velada en la que se leyeron elocuentes discursos ensalzando su memoria, por parte de personajes ilustres como Dar\u00edo P\u00e9rez, Salvador Minguij\u00f3n o Eduardo Ibarra.<\/p>\n<div id=\"attachment_1896\" style=\"width: 650px\" class=\"wp-caption aligncenter\"><img aria-describedby=\"caption-attachment-1896\" decoding=\"async\" loading=\"lazy\" class=\"size-full wp-image-1896\" src=\"http:\/\/cebilbilitanos.com\/wp-content\/uploads\/2017\/09\/Funeral.jpg\" alt=\"\" width=\"640\" height=\"450\" srcset=\"http:\/\/cebilbilitanos.com\/wp-content\/uploads\/2017\/09\/Funeral.jpg 640w, http:\/\/cebilbilitanos.com\/wp-content\/uploads\/2017\/09\/Funeral-300x211.jpg 300w\" sizes=\"(max-width: 640px) 100vw, 640px\" \/><p id=\"caption-attachment-1896\" class=\"wp-caption-text\">La llegada de los restos de Vicente de la Fuente a Calatayud en 1922 supusieron un aut\u00e9ntico homenaje nacional a su figura.<\/p><\/div>\n<div id=\"attachment_1895\" style=\"width: 650px\" class=\"wp-caption aligncenter\"><img aria-describedby=\"caption-attachment-1895\" decoding=\"async\" loading=\"lazy\" class=\"size-full wp-image-1895\" src=\"http:\/\/cebilbilitanos.com\/wp-content\/uploads\/2017\/09\/Funeral-Santa-Mar\u00a1a.jpg\" alt=\"\" width=\"640\" height=\"421\" srcset=\"http:\/\/cebilbilitanos.com\/wp-content\/uploads\/2017\/09\/Funeral-Santa-Mar\u00a1a.jpg 640w, http:\/\/cebilbilitanos.com\/wp-content\/uploads\/2017\/09\/Funeral-Santa-Mar\u00a1a-300x197.jpg 300w\" sizes=\"(max-width: 640px) 100vw, 640px\" \/><p id=\"caption-attachment-1895\" class=\"wp-caption-text\">El historiador reposa en el claustro de Santa<br \/>Mar\u00eda en la desaparecida capilla de la Virgen de Mediavilla de la que era gran devoto.<\/p><\/div>\n<p><a href=\"http:\/\/cebilbilitanos.com\/?page_id=1756\">Volver<\/a><\/p>\n","protected":false},"excerpt":{"rendered":"<p>Volver \u00abLa gratitud me obliga a no callar lo que aqu\u00ed se dice. Tenga yo por \u00fanico premio la de mis compatriotas y pueda decir con nuestro c\u00e9lebre paisano: Nec me tacebit Bilbilis.\u00bb La muerte de Vicente de la Fuente &hellip; <a href=\"http:\/\/cebilbilitanos.com\/?page_id=1894\">Sigue leyendo <span class=\"meta-nav\">&rarr;<\/span><\/a><\/p>\n","protected":false},"author":1,"featured_media":0,"parent":1756,"menu_order":0,"comment_status":"closed","ping_status":"closed","template":"","meta":[],"_links":{"self":[{"href":"http:\/\/cebilbilitanos.com\/index.php?rest_route=\/wp\/v2\/pages\/1894"}],"collection":[{"href":"http:\/\/cebilbilitanos.com\/index.php?rest_route=\/wp\/v2\/pages"}],"about":[{"href":"http:\/\/cebilbilitanos.com\/index.php?rest_route=\/wp\/v2\/types\/page"}],"author":[{"embeddable":true,"href":"http:\/\/cebilbilitanos.com\/index.php?rest_route=\/wp\/v2\/users\/1"}],"replies":[{"embeddable":true,"href":"http:\/\/cebilbilitanos.com\/index.php?rest_route=%2Fwp%2Fv2%2Fcomments&post=1894"}],"version-history":[{"count":5,"href":"http:\/\/cebilbilitanos.com\/index.php?rest_route=\/wp\/v2\/pages\/1894\/revisions"}],"predecessor-version":[{"id":1947,"href":"http:\/\/cebilbilitanos.com\/index.php?rest_route=\/wp\/v2\/pages\/1894\/revisions\/1947"}],"up":[{"embeddable":true,"href":"http:\/\/cebilbilitanos.com\/index.php?rest_route=\/wp\/v2\/pages\/1756"}],"wp:attachment":[{"href":"http:\/\/cebilbilitanos.com\/index.php?rest_route=%2Fwp%2Fv2%2Fmedia&parent=1894"}],"curies":[{"name":"wp","href":"https:\/\/api.w.org\/{rel}","templated":true}]}}

<p><a href="http://cebilbilitanos.com/?page_id=1756">Volver</a></p>
<p><img decoding="async" loading="lazy" class="aligncenter size-full wp-image-1946" src="http://cebilbilitanos.com/wp-content/uploads/2017/09/15Panel.png" alt="" width="640" height="1120" srcset="http://cebilbilitanos.com/wp-content/uploads/2017/09/15Panel.png 640w, http://cebilbilitanos.com/wp-content/uploads/2017/09/15Panel-171x300.png 171w, http://cebilbilitanos.com/wp-content/uploads/2017/09/15Panel-585x1024.png 585w" sizes="(max-width: 640px) 100vw, 640px" /></p>
<p><span style="color: #800000;"><b><i>«La gratitud me obliga a no callar lo que aquí se dice. Tenga yo por único premio la de mis compatriotas y pueda decir con nuestro célebre paisano: Nec me tacebit Bilbilis.»</i></b></span></p>
<p>La muerte de Vicente de la Fuente motivó, ya en su momento, la redacción de sentidas<br />
necrológicas de alumnos suyos como el escritor Ángel Salcedo o el político Alejandro Pidal; y fue protagonista en el discurso de inauguración del curso 1891-1892 de la Universidad Central de Madrid leído por don Salvador Torres Aguilar-Amat.</p>
<div id="attachment_1897" style="width: 650px" class="wp-caption aligncenter"><img aria-describedby="caption-attachment-1897" decoding="async" loading="lazy" class="size-full wp-image-1897" src="http://cebilbilitanos.com/wp-content/uploads/2017/09/placa_calle_vicente_de_la_fuente.jpg" alt="" width="640" height="480" srcset="http://cebilbilitanos.com/wp-content/uploads/2017/09/placa_calle_vicente_de_la_fuente.jpg 640w, http://cebilbilitanos.com/wp-content/uploads/2017/09/placa_calle_vicente_de_la_fuente-300x225.jpg 300w" sizes="(max-width: 640px) 100vw, 640px" /><p id="caption-attachment-1897" class="wp-caption-text">En el año 1892 la antigua calle Nueva pasaría a llamarse calle Vicente de la Fuente.</p></div>
<p>Su ciudad natal, Calatayud, en principio, tuvo a bien dedicar a la memoria de tan insigne erudito una calle en la localidad, privilegio que en aquel momento sólo tenía el poeta Marcial. Al organizarse en 1908 la galería de bilbilitanos ilustres en la Casa Consistorial, el historiador pasó a figurar entre los primeros en ser señalados con esta distinción.</p>
<div id="attachment_1898" style="width: 650px" class="wp-caption aligncenter"><img aria-describedby="caption-attachment-1898" decoding="async" loading="lazy" class="size-full wp-image-1898" src="http://cebilbilitanos.com/wp-content/uploads/2017/09/retrato_bilbilitanos_ilustres.jpg" alt="" width="640" height="779" srcset="http://cebilbilitanos.com/wp-content/uploads/2017/09/retrato_bilbilitanos_ilustres.jpg 640w, http://cebilbilitanos.com/wp-content/uploads/2017/09/retrato_bilbilitanos_ilustres-246x300.jpg 246w" sizes="(max-width: 640px) 100vw, 640px" /><p id="caption-attachment-1898" class="wp-caption-text">A instancias del alcalde Juan Blas y Ubide, en 1908 se creó en la Casa Consistorial la Galería de Bilbilitanos Ilustres, desde sus inicios contó con el retrato del historiador de la Fuente.</p></div>
<p>Habría que esperar hasta el año 1922 para que su figura fuera honrada con un verdadero homenaje nacional. El gobierno, presidido por José Sánchez Guerra, sufragó todos los gastos que ocasionara la traslación de sus restos desde el cementerio de la Sacramental de San Justo de Madrid, hasta la capilla de la Virgen de Mediavilla de la Colegiata de Santa María la Mayor. Su llegada a la ciudad, el 27 de octubre de aquel año, estuvo acompañada por representaciones del Ayuntamiento, Diputaciones, representantes en Cortes, Clero, Milicia, Universidades de Madrid y Zaragoza y de la Real Academia de la Historia. En el templo colegial se celebró un solemne funeral cantándose la misa del compositor Perosi, y pronunciándose una oración fúnebre. Sus restos descansarían ahora bajo una lápida redactada en latín por los alumnos del colegio jesuita de Veruela. Por la tarde, en el teatro Principal, se celebró una solemne velada en la que se leyeron elocuentes discursos ensalzando su memoria, por parte de personajes ilustres como Darío Pérez, Salvador Minguijón o Eduardo Ibarra.</p>
<div id="attachment_1896" style="width: 650px" class="wp-caption aligncenter"><img aria-describedby="caption-attachment-1896" decoding="async" loading="lazy" class="size-full wp-image-1896" src="http://cebilbilitanos.com/wp-content/uploads/2017/09/Funeral.jpg" alt="" width="640" height="450" srcset="http://cebilbilitanos.com/wp-content/uploads/2017/09/Funeral.jpg 640w, http://cebilbilitanos.com/wp-content/uploads/2017/09/Funeral-300x211.jpg 300w" sizes="(max-width: 640px) 100vw, 640px" /><p id="caption-attachment-1896" class="wp-caption-text">La llegada de los restos de Vicente de la Fuente a Calatayud en 1922 supusieron un auténtico homenaje nacional a su figura.</p></div>
<div id="attachment_1895" style="width: 650px" class="wp-caption aligncenter"><img aria-describedby="caption-attachment-1895" decoding="async" loading="lazy" class="size-full wp-image-1895" src="http://cebilbilitanos.com/wp-content/uploads/2017/09/Funeral-Santa-Mar¡a.jpg" alt="" width="640" height="421" srcset="http://cebilbilitanos.com/wp-content/uploads/2017/09/Funeral-Santa-Mar¡a.jpg 640w, http://cebilbilitanos.com/wp-content/uploads/2017/09/Funeral-Santa-Mar¡a-300x197.jpg 300w" sizes="(max-width: 640px) 100vw, 640px" /><p id="caption-attachment-1895" class="wp-caption-text">El historiador reposa en el claustro de Santa<br />María en la desaparecida capilla de la Virgen de Mediavilla de la que era gran devoto.</p></div>
<p><a href="http://cebilbilitanos.com/?page_id=1756">Volver</a></p>

<p>Volver «La gratitud me obliga a no callar lo que aquí se dice. Tenga yo por único premio la de mis compatriotas y pueda decir con nuestro célebre paisano: Nec me tacebit Bilbilis.» La muerte de Vicente de la Fuente &hellip; <a href="http://cebilbilitanos.com/?page_id=1894">Sigue leyendo <span class="meta-nav">&rarr;</span></a></p>
