{"id":1857,"date":"2017-09-02T18:20:53","date_gmt":"2017-09-02T18:20:53","guid":{"rendered":"http:\/\/cebilbilitanos.com\/?page_id=1857"},"modified":"2017-09-05T14:15:51","modified_gmt":"2017-09-05T14:15:51","slug":"historia-de-calatayud","status":"publish","type":"page","link":"http:\/\/cebilbilitanos.com\/?page_id=1857","title":{"rendered":"Historia de Calatayud"},"content":{"rendered":"<p><a href=\"http:\/\/cebilbilitanos.com\/?page_id=1756\">Volver<\/a><\/p>\n<p><img decoding=\"async\" loading=\"lazy\" class=\"aligncenter size-full wp-image-1858\" src=\"http:\/\/cebilbilitanos.com\/wp-content\/uploads\/2017\/09\/11Panel.jpg\" alt=\"\" width=\"640\" height=\"1120\" srcset=\"http:\/\/cebilbilitanos.com\/wp-content\/uploads\/2017\/09\/11Panel.jpg 640w, http:\/\/cebilbilitanos.com\/wp-content\/uploads\/2017\/09\/11Panel-171x300.jpg 171w, http:\/\/cebilbilitanos.com\/wp-content\/uploads\/2017\/09\/11Panel-585x1024.jpg 585w\" sizes=\"(max-width: 640px) 100vw, 640px\" \/><\/p>\n<p><span style=\"color: #800000;\"><b><i>\u00abAlejado casi de continuo del pa\u00eds que me vio nacer, y completamente de la pol\u00edtica, &#8230; no por eso he dejado de abrigar siempre en mi coraz\u00f3n vivos deseos de ser \u00fatil en cuanto pudiera al honrado y laborioso pueblo<br \/>\nbilbilitano, del que procedo, y con lo que me honro.\u00bb<\/i><\/b><\/span><\/p>\n<p>Vicente de la Fuente es una de las principales figuras de la historiograf\u00eda conservadora espa\u00f1ola de la segunda mitad del siglo XIX. Prototipo de historiador acad\u00e9mico erudito, se enfrent\u00f3 cr\u00edticamente a mitos, leyendas y anacronismos imperantes en su \u00e9poca desde una perspectiva conservadora y en muchas ocasiones le hizo chocar con la historiograf\u00eda liberal burguesa triunfante. Dentro de su producci\u00f3n, cap\u00edtulo aparte merece su c\u00e9lebre: <i>Historia de la siempre augusta y fidel\u00edsima ciudad de Calatayud <\/i>(1), proyecto largamente fiado que ver\u00eda la luz entre los a\u00f1os 1880 y 1881.<\/p>\n<div id=\"attachment_1859\" style=\"width: 650px\" class=\"wp-caption aligncenter\"><img aria-describedby=\"caption-attachment-1859\" decoding=\"async\" loading=\"lazy\" class=\"size-full wp-image-1859\" src=\"http:\/\/cebilbilitanos.com\/wp-content\/uploads\/2017\/09\/Diario-de-Calatayud-copia.jpg\" alt=\"\" width=\"640\" height=\"452\" srcset=\"http:\/\/cebilbilitanos.com\/wp-content\/uploads\/2017\/09\/Diario-de-Calatayud-copia.jpg 640w, http:\/\/cebilbilitanos.com\/wp-content\/uploads\/2017\/09\/Diario-de-Calatayud-copia-300x212.jpg 300w\" sizes=\"(max-width: 640px) 100vw, 640px\" \/><p id=\"caption-attachment-1859\" class=\"wp-caption-text\">\u00abImprenta del Diario\u00bb as\u00ed reza la portada de la obra como lugar de publicaci\u00f3n. All\u00ed se imprim\u00eda el Diario de Calatayud desde 1877.<\/p><\/div>\n<p>En 1878, el Ayuntamiento encabez\u00f3 una suscripci\u00f3n para los gastos de su publicaci\u00f3n, que edit\u00f3 en cuadernos semanales la imprenta del Diario de Calatayud, regentada por Mariano Lahoz, que colabor\u00f3 en su edici\u00f3n junto con el presb\u00edtero Vicente Mart\u00ednez, creador del diario en 1877, y el dibujante y lit\u00f3grafo Mariano Guill\u00e9n.<\/p>\n<div id=\"attachment_1860\" style=\"width: 650px\" class=\"wp-caption aligncenter\"><img aria-describedby=\"caption-attachment-1860\" decoding=\"async\" loading=\"lazy\" class=\"size-full wp-image-1860\" src=\"http:\/\/cebilbilitanos.com\/wp-content\/uploads\/2017\/09\/palacio_san_Miguel.jpg\" alt=\"\" width=\"640\" height=\"853\" srcset=\"http:\/\/cebilbilitanos.com\/wp-content\/uploads\/2017\/09\/palacio_san_Miguel.jpg 640w, http:\/\/cebilbilitanos.com\/wp-content\/uploads\/2017\/09\/palacio_san_Miguel-225x300.jpg 225w\" sizes=\"(max-width: 640px) 100vw, 640px\" \/><p id=\"caption-attachment-1860\" class=\"wp-caption-text\">En casa de Mariano Lahoz (plaza de San Miguel) estaba la imprenta donde se public\u00f3 la historia de nuestra ciudad.<\/p><\/div>\n<p>Vicente de la Fuente, desde sus primeros a\u00f1os, hab\u00eda ido reuniendo apuntes sobre la historia y el patrimonio de la ciudad bilbilitana que complet\u00f3 con la consulta de archivos muchos de ellos ya esquilmados.<\/p>\n<div id=\"attachment_1861\" style=\"width: 650px\" class=\"wp-caption aligncenter\"><img aria-describedby=\"caption-attachment-1861\" decoding=\"async\" loading=\"lazy\" class=\"size-full wp-image-1861\" src=\"http:\/\/cebilbilitanos.com\/wp-content\/uploads\/2017\/09\/apuntes_historia_calatayud.jpg\" alt=\"\" width=\"640\" height=\"853\" srcset=\"http:\/\/cebilbilitanos.com\/wp-content\/uploads\/2017\/09\/apuntes_historia_calatayud.jpg 640w, http:\/\/cebilbilitanos.com\/wp-content\/uploads\/2017\/09\/apuntes_historia_calatayud-225x300.jpg 225w\" sizes=\"(max-width: 640px) 100vw, 640px\" \/><p id=\"caption-attachment-1861\" class=\"wp-caption-text\">Los apuntes e investigaciones llevados a cabo por Vicente de la Fuente Calatayud en sus frecuentes visitas a Calatayud ser\u00edan el germen que dar\u00eda lugar a la creaci\u00f3n de la Historia de Calatayud.<\/p><\/div>\n<p>El resultado fue una obra culta acompa\u00f1ada en su primer tomo de 79 ap\u00e9ndices documentales transcritos en su lengua original, que si bien no fueron entendidos en su momento, dotan a la historia de un car\u00e1cter cient\u00edfico y moderno.<\/p>\n<div id=\"attachment_1862\" style=\"width: 650px\" class=\"wp-caption aligncenter\"><img aria-describedby=\"caption-attachment-1862\" decoding=\"async\" loading=\"lazy\" class=\"size-full wp-image-1862\" src=\"http:\/\/cebilbilitanos.com\/wp-content\/uploads\/2017\/09\/mariano_guill\u00e9n.jpg\" alt=\"\" width=\"640\" height=\"1008\" srcset=\"http:\/\/cebilbilitanos.com\/wp-content\/uploads\/2017\/09\/mariano_guill\u00e9n.jpg 640w, http:\/\/cebilbilitanos.com\/wp-content\/uploads\/2017\/09\/mariano_guill\u00e9n-190x300.jpg 190w\" sizes=\"(max-width: 640px) 100vw, 640px\" \/><p id=\"caption-attachment-1862\" class=\"wp-caption-text\">El autor deseaba que fuera una obra enteramente bilbilitana, por lo que Mariano Guill\u00e9n, dibujante y lit\u00f3grafo de Calatayud, se encarg\u00f3 de ilustrarla.<\/p><\/div>\n<p>Don Vicente, sin \u00e1nimo de lucro, cedi\u00f3 los derechos para que \u00e9sta se elaborara \u00edntegramente en Calatayud \u00ab<i>en homenaje y servicio a su ciudad natal<\/i>\u00ab, como \u00e9l mismo afirma en el pr\u00f3logo de tan magno tratado.<\/p>\n<p>\u00ab<i>Muy pocas son las poblaciones espa\u00f1olas que puedan presentar una historia local tan completa y sensata<\/i>\u00bb afirmaba Jos\u00e9 Mar\u00eda L\u00f3pez Landa.<\/p>\n<hr \/>\n<p><img decoding=\"async\" loading=\"lazy\" class=\"aligncenter size-full wp-image-1969\" src=\"http:\/\/cebilbilitanos.com\/wp-content\/uploads\/2017\/09\/VDELAF.jpg\" alt=\"\" width=\"173\" height=\"250\" \/><\/p>\n<p>(1) Descargar:<\/p>\n<ul>\n<li><a href=\"https:\/\/www.dropbox.com\/s\/3k1m16uibepaklw\/Historia%20Calatayud%20V%20de%20la%20Fuente%201.pdf?dl=0\"><i>Historia de la siempre augusta y fidel\u00edsima ciudad de Calatayud (Tomo I)<\/i><\/a><\/li>\n<li><a href=\"https:\/\/www.dropbox.com\/s\/tv2bdtggxsm86g2\/Historia%20Calatayud%20V%20de%20la%20Fuente%202.pdf?dl=0\"><i>Historia de la siempre augusta y fidel\u00edsima ciudad de Calatayud (Tomo II)<\/i><\/a><\/li>\n<\/ul>\n<p><a href=\"http:\/\/cebilbilitanos.com\/?page_id=1756\">Volver<\/a><\/p>\n","protected":false},"excerpt":{"rendered":"<p>Volver \u00abAlejado casi de continuo del pa\u00eds que me vio nacer, y completamente de la pol\u00edtica, &#8230; no por eso he dejado de abrigar siempre en mi coraz\u00f3n vivos deseos de ser \u00fatil en cuanto pudiera al honrado y laborioso &hellip; <a href=\"http:\/\/cebilbilitanos.com\/?page_id=1857\">Sigue leyendo <span class=\"meta-nav\">&rarr;<\/span><\/a><\/p>\n","protected":false},"author":1,"featured_media":0,"parent":1756,"menu_order":0,"comment_status":"closed","ping_status":"closed","template":"","meta":[],"_links":{"self":[{"href":"http:\/\/cebilbilitanos.com\/index.php?rest_route=\/wp\/v2\/pages\/1857"}],"collection":[{"href":"http:\/\/cebilbilitanos.com\/index.php?rest_route=\/wp\/v2\/pages"}],"about":[{"href":"http:\/\/cebilbilitanos.com\/index.php?rest_route=\/wp\/v2\/types\/page"}],"author":[{"embeddable":true,"href":"http:\/\/cebilbilitanos.com\/index.php?rest_route=\/wp\/v2\/users\/1"}],"replies":[{"embeddable":true,"href":"http:\/\/cebilbilitanos.com\/index.php?rest_route=%2Fwp%2Fv2%2Fcomments&post=1857"}],"version-history":[{"count":4,"href":"http:\/\/cebilbilitanos.com\/index.php?rest_route=\/wp\/v2\/pages\/1857\/revisions"}],"predecessor-version":[{"id":1971,"href":"http:\/\/cebilbilitanos.com\/index.php?rest_route=\/wp\/v2\/pages\/1857\/revisions\/1971"}],"up":[{"embeddable":true,"href":"http:\/\/cebilbilitanos.com\/index.php?rest_route=\/wp\/v2\/pages\/1756"}],"wp:attachment":[{"href":"http:\/\/cebilbilitanos.com\/index.php?rest_route=%2Fwp%2Fv2%2Fmedia&parent=1857"}],"curies":[{"name":"wp","href":"https:\/\/api.w.org\/{rel}","templated":true}]}}

<p><a href="http://cebilbilitanos.com/?page_id=1756">Volver</a></p>
<p><img decoding="async" loading="lazy" class="aligncenter size-full wp-image-1858" src="http://cebilbilitanos.com/wp-content/uploads/2017/09/11Panel.jpg" alt="" width="640" height="1120" srcset="http://cebilbilitanos.com/wp-content/uploads/2017/09/11Panel.jpg 640w, http://cebilbilitanos.com/wp-content/uploads/2017/09/11Panel-171x300.jpg 171w, http://cebilbilitanos.com/wp-content/uploads/2017/09/11Panel-585x1024.jpg 585w" sizes="(max-width: 640px) 100vw, 640px" /></p>
<p><span style="color: #800000;"><b><i>«Alejado casi de continuo del país que me vio nacer, y completamente de la política, &#8230; no por eso he dejado de abrigar siempre en mi corazón vivos deseos de ser útil en cuanto pudiera al honrado y laborioso pueblo<br />
bilbilitano, del que procedo, y con lo que me honro.»</i></b></span></p>
<p>Vicente de la Fuente es una de las principales figuras de la historiografía conservadora española de la segunda mitad del siglo XIX. Prototipo de historiador académico erudito, se enfrentó críticamente a mitos, leyendas y anacronismos imperantes en su época desde una perspectiva conservadora y en muchas ocasiones le hizo chocar con la historiografía liberal burguesa triunfante. Dentro de su producción, capítulo aparte merece su célebre: <i>Historia de la siempre augusta y fidelísima ciudad de Calatayud </i>(1), proyecto largamente fiado que vería la luz entre los años 1880 y 1881.</p>
<div id="attachment_1859" style="width: 650px" class="wp-caption aligncenter"><img aria-describedby="caption-attachment-1859" decoding="async" loading="lazy" class="size-full wp-image-1859" src="http://cebilbilitanos.com/wp-content/uploads/2017/09/Diario-de-Calatayud-copia.jpg" alt="" width="640" height="452" srcset="http://cebilbilitanos.com/wp-content/uploads/2017/09/Diario-de-Calatayud-copia.jpg 640w, http://cebilbilitanos.com/wp-content/uploads/2017/09/Diario-de-Calatayud-copia-300x212.jpg 300w" sizes="(max-width: 640px) 100vw, 640px" /><p id="caption-attachment-1859" class="wp-caption-text">«Imprenta del Diario» así reza la portada de la obra como lugar de publicación. Allí se imprimía el Diario de Calatayud desde 1877.</p></div>
<p>En 1878, el Ayuntamiento encabezó una suscripción para los gastos de su publicación, que editó en cuadernos semanales la imprenta del Diario de Calatayud, regentada por Mariano Lahoz, que colaboró en su edición junto con el presbítero Vicente Martínez, creador del diario en 1877, y el dibujante y litógrafo Mariano Guillén.</p>
<div id="attachment_1860" style="width: 650px" class="wp-caption aligncenter"><img aria-describedby="caption-attachment-1860" decoding="async" loading="lazy" class="size-full wp-image-1860" src="http://cebilbilitanos.com/wp-content/uploads/2017/09/palacio_san_Miguel.jpg" alt="" width="640" height="853" srcset="http://cebilbilitanos.com/wp-content/uploads/2017/09/palacio_san_Miguel.jpg 640w, http://cebilbilitanos.com/wp-content/uploads/2017/09/palacio_san_Miguel-225x300.jpg 225w" sizes="(max-width: 640px) 100vw, 640px" /><p id="caption-attachment-1860" class="wp-caption-text">En casa de Mariano Lahoz (plaza de San Miguel) estaba la imprenta donde se publicó la historia de nuestra ciudad.</p></div>
<p>Vicente de la Fuente, desde sus primeros años, había ido reuniendo apuntes sobre la historia y el patrimonio de la ciudad bilbilitana que completó con la consulta de archivos muchos de ellos ya esquilmados.</p>
<div id="attachment_1861" style="width: 650px" class="wp-caption aligncenter"><img aria-describedby="caption-attachment-1861" decoding="async" loading="lazy" class="size-full wp-image-1861" src="http://cebilbilitanos.com/wp-content/uploads/2017/09/apuntes_historia_calatayud.jpg" alt="" width="640" height="853" srcset="http://cebilbilitanos.com/wp-content/uploads/2017/09/apuntes_historia_calatayud.jpg 640w, http://cebilbilitanos.com/wp-content/uploads/2017/09/apuntes_historia_calatayud-225x300.jpg 225w" sizes="(max-width: 640px) 100vw, 640px" /><p id="caption-attachment-1861" class="wp-caption-text">Los apuntes e investigaciones llevados a cabo por Vicente de la Fuente Calatayud en sus frecuentes visitas a Calatayud serían el germen que daría lugar a la creación de la Historia de Calatayud.</p></div>
<p>El resultado fue una obra culta acompañada en su primer tomo de 79 apéndices documentales transcritos en su lengua original, que si bien no fueron entendidos en su momento, dotan a la historia de un carácter científico y moderno.</p>
<div id="attachment_1862" style="width: 650px" class="wp-caption aligncenter"><img aria-describedby="caption-attachment-1862" decoding="async" loading="lazy" class="size-full wp-image-1862" src="http://cebilbilitanos.com/wp-content/uploads/2017/09/mariano_guillén.jpg" alt="" width="640" height="1008" srcset="http://cebilbilitanos.com/wp-content/uploads/2017/09/mariano_guillén.jpg 640w, http://cebilbilitanos.com/wp-content/uploads/2017/09/mariano_guillén-190x300.jpg 190w" sizes="(max-width: 640px) 100vw, 640px" /><p id="caption-attachment-1862" class="wp-caption-text">El autor deseaba que fuera una obra enteramente bilbilitana, por lo que Mariano Guillén, dibujante y litógrafo de Calatayud, se encargó de ilustrarla.</p></div>
<p>Don Vicente, sin ánimo de lucro, cedió los derechos para que ésta se elaborara íntegramente en Calatayud «<i>en homenaje y servicio a su ciudad natal</i>«, como él mismo afirma en el prólogo de tan magno tratado.</p>
<p>«<i>Muy pocas son las poblaciones españolas que puedan presentar una historia local tan completa y sensata</i>» afirmaba José María López Landa.</p>
<hr />
<p><img decoding="async" loading="lazy" class="aligncenter size-full wp-image-1969" src="http://cebilbilitanos.com/wp-content/uploads/2017/09/VDELAF.jpg" alt="" width="173" height="250" /></p>
<p>(1) Descargar:</p>
<ul>
<li><a href="https://www.dropbox.com/s/3k1m16uibepaklw/Historia%20Calatayud%20V%20de%20la%20Fuente%201.pdf?dl=0"><i>Historia de la siempre augusta y fidelísima ciudad de Calatayud (Tomo I)</i></a></li>
<li><a href="https://www.dropbox.com/s/tv2bdtggxsm86g2/Historia%20Calatayud%20V%20de%20la%20Fuente%202.pdf?dl=0"><i>Historia de la siempre augusta y fidelísima ciudad de Calatayud (Tomo II)</i></a></li>
</ul>
<p><a href="http://cebilbilitanos.com/?page_id=1756">Volver</a></p>

<p>Volver «Alejado casi de continuo del país que me vio nacer, y completamente de la política, &#8230; no por eso he dejado de abrigar siempre en mi corazón vivos deseos de ser útil en cuanto pudiera al honrado y laborioso &hellip; <a href="http://cebilbilitanos.com/?page_id=1857">Sigue leyendo <span class="meta-nav">&rarr;</span></a></p>
