{"id":1800,"date":"2017-09-02T08:10:20","date_gmt":"2017-09-02T08:10:20","guid":{"rendered":"http:\/\/cebilbilitanos.com\/?page_id=1800"},"modified":"2017-09-05T08:15:24","modified_gmt":"2017-09-05T08:15:24","slug":"instalacion-definitiva-en-madrid","status":"publish","type":"page","link":"http:\/\/cebilbilitanos.com\/?page_id=1800","title":{"rendered":"Instalaci\u00f3n definitiva en Madrid"},"content":{"rendered":"<p><a href=\"http:\/\/cebilbilitanos.com\/?page_id=1756\">Volver<\/a><\/p>\n<p><img decoding=\"async\" loading=\"lazy\" class=\"aligncenter size-full wp-image-1961\" src=\"http:\/\/cebilbilitanos.com\/wp-content\/uploads\/2017\/09\/5panel-1.jpg\" alt=\"\" width=\"640\" height=\"1120\" srcset=\"http:\/\/cebilbilitanos.com\/wp-content\/uploads\/2017\/09\/5panel-1.jpg 640w, http:\/\/cebilbilitanos.com\/wp-content\/uploads\/2017\/09\/5panel-1-171x300.jpg 171w, http:\/\/cebilbilitanos.com\/wp-content\/uploads\/2017\/09\/5panel-1-585x1024.jpg 585w\" sizes=\"(max-width: 640px) 100vw, 640px\" \/><\/p>\n<div id=\"attachment_1805\" style=\"width: 650px\" class=\"wp-caption aligncenter\"><img aria-describedby=\"caption-attachment-1805\" decoding=\"async\" loading=\"lazy\" class=\"size-full wp-image-1805\" src=\"http:\/\/cebilbilitanos.com\/wp-content\/uploads\/2017\/09\/red_de_san_luis_jacometrezo.jpg\" alt=\"\" width=\"640\" height=\"509\" srcset=\"http:\/\/cebilbilitanos.com\/wp-content\/uploads\/2017\/09\/red_de_san_luis_jacometrezo.jpg 640w, http:\/\/cebilbilitanos.com\/wp-content\/uploads\/2017\/09\/red_de_san_luis_jacometrezo-300x239.jpg 300w\" sizes=\"(max-width: 640px) 100vw, 640px\" \/><p id=\"caption-attachment-1805\" class=\"wp-caption-text\">Jacometrezo, esquina con Red de San Luis, fue uno de sus domicilios madrile\u00f1os.<\/p><\/div>\n<p><span style=\"color: #800000;\"><strong><em>\u201cSoy el hombre m\u00e1s feliz del mundo, pues contento con lo que tengo, sin desear nada m\u00e1s, viviendo en la Corte, como en un desierto, hecho un rat\u00f3n de biblioteca, sin hablar casi de pol\u00edtica, en materia de textos reputado por muerto&#8230;\u201d<\/em><\/strong><\/span><\/p>\n<div id=\"attachment_1802\" style=\"width: 650px\" class=\"wp-caption aligncenter\"><img aria-describedby=\"caption-attachment-1802\" decoding=\"async\" loading=\"lazy\" class=\"size-full wp-image-1802\" src=\"http:\/\/cebilbilitanos.com\/wp-content\/uploads\/2017\/09\/sopa_conventos.jpg\" alt=\"\" width=\"640\" height=\"509\" srcset=\"http:\/\/cebilbilitanos.com\/wp-content\/uploads\/2017\/09\/sopa_conventos.jpg 640w, http:\/\/cebilbilitanos.com\/wp-content\/uploads\/2017\/09\/sopa_conventos-300x239.jpg 300w\" sizes=\"(max-width: 640px) 100vw, 640px\" \/><p id=\"caption-attachment-1802\" class=\"wp-caption-text\">En su obra La sopa de los conventos critica mordazmente, entre otras cosas, el<br \/>empobrecimiento de parte de la poblaci\u00f3n tras las medidas desamortizadoras de los sucesivos gobiernos liberales.<\/p><\/div>\n<p>La actividad de Vicente de la Fuente fue fren\u00e9tica en la d\u00e9cada de 1860. Gran n\u00famero de escritos e investigaciones ocuparon en aquel momento su escaso tiempo libre. Unos, estudios personales de gran calado como los dedicados a la Pluralidad de cultos, la Divisi\u00f3n de poderes, la Expulsi\u00f3n de los Jesuitas o el famoso <i>La Sopa de los Conventos<\/i>\u00a0(1) tratado lleno de ingenio y agudeza, sobre los males que aflig\u00edan en aquel momento a Espa\u00f1a, y que, sin embargo, hoy parece dotado de gran actualidad. Otros por petici\u00f3n de la Real Academia de la Historia como los tomos dedicados a las di\u00f3cesis de Tudela y Tarazona (2) (3) de la magna obra <i>La Espa\u00f1a Sagrada<\/i>. Precisamente por encargo de la Real Academia de la Historia, viaj\u00f3 como representante al Congreso Arqueol\u00f3gico de Amberes de 1867.<\/p>\n<div id=\"attachment_1801\" style=\"width: 650px\" class=\"wp-caption aligncenter\"><img aria-describedby=\"caption-attachment-1801\" decoding=\"async\" loading=\"lazy\" class=\"size-full wp-image-1801\" src=\"http:\/\/cebilbilitanos.com\/wp-content\/uploads\/2017\/09\/la_cruzada_congreso_arqueol\u00f3gico.jpg\" alt=\"\" width=\"640\" height=\"894\" srcset=\"http:\/\/cebilbilitanos.com\/wp-content\/uploads\/2017\/09\/la_cruzada_congreso_arqueol\u00f3gico.jpg 640w, http:\/\/cebilbilitanos.com\/wp-content\/uploads\/2017\/09\/la_cruzada_congreso_arqueol\u00f3gico-215x300.jpg 215w\" sizes=\"(max-width: 640px) 100vw, 640px\" \/><p id=\"caption-attachment-1801\" class=\"wp-caption-text\">Colaboraci\u00f3n de Vicente de la Fuente en La Cruzada, acerca del Congreso Arqueol\u00f3gico de Amberes de 1867.<\/p><\/div>\n<p>En 1868 fue escogido para formar parte de la Comisi\u00f3n de Bibliotecas y Archivos, encargada de revisar el reglamento de Archivos a nivel nacional \u201c<i>en una de las sesiones \u00faltimas consegu\u00ed que retirasen los tres proyectos de reglamento independientes y se refundieran en uno s\u00f3lo para bibliotecas, archivos y museos<\/i>\u201d. Don Vicente consigui\u00f3 tambi\u00e9n que las Audiencias pasaran todo su material anterior al siglo XIX a los archivos hist\u00f3ricos.<\/p>\n<div id=\"attachment_1804\" style=\"width: 650px\" class=\"wp-caption aligncenter\"><img aria-describedby=\"caption-attachment-1804\" decoding=\"async\" loading=\"lazy\" class=\"size-full wp-image-1804\" src=\"http:\/\/cebilbilitanos.com\/wp-content\/uploads\/2017\/09\/real_academia_de_la_historia.jpg\" alt=\"\" width=\"640\" height=\"635\" srcset=\"http:\/\/cebilbilitanos.com\/wp-content\/uploads\/2017\/09\/real_academia_de_la_historia.jpg 640w, http:\/\/cebilbilitanos.com\/wp-content\/uploads\/2017\/09\/real_academia_de_la_historia-150x150.jpg 150w, http:\/\/cebilbilitanos.com\/wp-content\/uploads\/2017\/09\/real_academia_de_la_historia-300x298.jpg 300w\" sizes=\"(max-width: 640px) 100vw, 640px\" \/><p id=\"caption-attachment-1804\" class=\"wp-caption-text\">La Real Academia de la Historia, que contaba con de la Fuente como miembro, adornada por el nacimiento del futuro Alfonso XII en 1857.<\/p><\/div>\n<hr \/>\n<ol>\n<li><a href=\"http:\/\/ifc.dpz.es\/recursos\/publicaciones\/32\/81\/_ebook.pdf\">Descargar la sopa de los conventos, edici\u00f3n cr\u00edtica de \u00c1lvaro Capalvo<\/a>.<\/li>\n<li><a href=\"https:\/\/books.google.com.pr\/books?id=4Uk9VYz_JrkC&amp;printsec=frontcover&amp;hl=es&amp;source=gbs_ge_summary_r&amp;cad=0#v=onepage&amp;q&amp;f=false\">Ver La Espa\u00f1a Sagrada (Tomo L, Tarazona y Tudela)<\/a><\/li>\n<li><a href=\"https:\/\/books.google.es\/books?id=GofdozOog9QC&amp;printsec=frontcover&amp;hl=es#v=onepage&amp;q&amp;f=false\">Ver la Espa\u00f1a Sagrada (Tomo XLIX,Tarazona)<\/a><\/li>\n<\/ol>\n<p><a href=\"http:\/\/cebilbilitanos.com\/?page_id=1756\">Volver<\/a><\/p>\n","protected":false},"excerpt":{"rendered":"<p>Volver \u201cSoy el hombre m\u00e1s feliz del mundo, pues contento con lo que tengo, sin desear nada m\u00e1s, viviendo en la Corte, como en un desierto, hecho un rat\u00f3n de biblioteca, sin hablar casi de pol\u00edtica, en materia de textos &hellip; <a href=\"http:\/\/cebilbilitanos.com\/?page_id=1800\">Sigue leyendo <span class=\"meta-nav\">&rarr;<\/span><\/a><\/p>\n","protected":false},"author":1,"featured_media":0,"parent":1756,"menu_order":0,"comment_status":"closed","ping_status":"closed","template":"","meta":[],"_links":{"self":[{"href":"http:\/\/cebilbilitanos.com\/index.php?rest_route=\/wp\/v2\/pages\/1800"}],"collection":[{"href":"http:\/\/cebilbilitanos.com\/index.php?rest_route=\/wp\/v2\/pages"}],"about":[{"href":"http:\/\/cebilbilitanos.com\/index.php?rest_route=\/wp\/v2\/types\/page"}],"author":[{"embeddable":true,"href":"http:\/\/cebilbilitanos.com\/index.php?rest_route=\/wp\/v2\/users\/1"}],"replies":[{"embeddable":true,"href":"http:\/\/cebilbilitanos.com\/index.php?rest_route=%2Fwp%2Fv2%2Fcomments&post=1800"}],"version-history":[{"count":5,"href":"http:\/\/cebilbilitanos.com\/index.php?rest_route=\/wp\/v2\/pages\/1800\/revisions"}],"predecessor-version":[{"id":1962,"href":"http:\/\/cebilbilitanos.com\/index.php?rest_route=\/wp\/v2\/pages\/1800\/revisions\/1962"}],"up":[{"embeddable":true,"href":"http:\/\/cebilbilitanos.com\/index.php?rest_route=\/wp\/v2\/pages\/1756"}],"wp:attachment":[{"href":"http:\/\/cebilbilitanos.com\/index.php?rest_route=%2Fwp%2Fv2%2Fmedia&parent=1800"}],"curies":[{"name":"wp","href":"https:\/\/api.w.org\/{rel}","templated":true}]}}

Instalación definitiva en Madrid

<p><a href="http://cebilbilitanos.com/?page_id=1756">Volver</a></p>
<p><img decoding="async" loading="lazy" class="aligncenter size-full wp-image-1961" src="http://cebilbilitanos.com/wp-content/uploads/2017/09/5panel-1.jpg" alt="" width="640" height="1120" srcset="http://cebilbilitanos.com/wp-content/uploads/2017/09/5panel-1.jpg 640w, http://cebilbilitanos.com/wp-content/uploads/2017/09/5panel-1-171x300.jpg 171w, http://cebilbilitanos.com/wp-content/uploads/2017/09/5panel-1-585x1024.jpg 585w" sizes="(max-width: 640px) 100vw, 640px" /></p>
<div id="attachment_1805" style="width: 650px" class="wp-caption aligncenter"><img aria-describedby="caption-attachment-1805" decoding="async" loading="lazy" class="size-full wp-image-1805" src="http://cebilbilitanos.com/wp-content/uploads/2017/09/red_de_san_luis_jacometrezo.jpg" alt="" width="640" height="509" srcset="http://cebilbilitanos.com/wp-content/uploads/2017/09/red_de_san_luis_jacometrezo.jpg 640w, http://cebilbilitanos.com/wp-content/uploads/2017/09/red_de_san_luis_jacometrezo-300x239.jpg 300w" sizes="(max-width: 640px) 100vw, 640px" /><p id="caption-attachment-1805" class="wp-caption-text">Jacometrezo, esquina con Red de San Luis, fue uno de sus domicilios madrileños.</p></div>
<p><span style="color: #800000;"><strong><em>“Soy el hombre más feliz del mundo, pues contento con lo que tengo, sin desear nada más, viviendo en la Corte, como en un desierto, hecho un ratón de biblioteca, sin hablar casi de política, en materia de textos reputado por muerto&#8230;”</em></strong></span></p>
<div id="attachment_1802" style="width: 650px" class="wp-caption aligncenter"><img aria-describedby="caption-attachment-1802" decoding="async" loading="lazy" class="size-full wp-image-1802" src="http://cebilbilitanos.com/wp-content/uploads/2017/09/sopa_conventos.jpg" alt="" width="640" height="509" srcset="http://cebilbilitanos.com/wp-content/uploads/2017/09/sopa_conventos.jpg 640w, http://cebilbilitanos.com/wp-content/uploads/2017/09/sopa_conventos-300x239.jpg 300w" sizes="(max-width: 640px) 100vw, 640px" /><p id="caption-attachment-1802" class="wp-caption-text">En su obra La sopa de los conventos critica mordazmente, entre otras cosas, el<br />empobrecimiento de parte de la población tras las medidas desamortizadoras de los sucesivos gobiernos liberales.</p></div>
<p>La actividad de Vicente de la Fuente fue frenética en la década de 1860. Gran número de escritos e investigaciones ocuparon en aquel momento su escaso tiempo libre. Unos, estudios personales de gran calado como los dedicados a la Pluralidad de cultos, la División de poderes, la Expulsión de los Jesuitas o el famoso <i>La Sopa de los Conventos</i> (1) tratado lleno de ingenio y agudeza, sobre los males que afligían en aquel momento a España, y que, sin embargo, hoy parece dotado de gran actualidad. Otros por petición de la Real Academia de la Historia como los tomos dedicados a las diócesis de Tudela y Tarazona (2) (3) de la magna obra <i>La España Sagrada</i>. Precisamente por encargo de la Real Academia de la Historia, viajó como representante al Congreso Arqueológico de Amberes de 1867.</p>
<div id="attachment_1801" style="width: 650px" class="wp-caption aligncenter"><img aria-describedby="caption-attachment-1801" decoding="async" loading="lazy" class="size-full wp-image-1801" src="http://cebilbilitanos.com/wp-content/uploads/2017/09/la_cruzada_congreso_arqueológico.jpg" alt="" width="640" height="894" srcset="http://cebilbilitanos.com/wp-content/uploads/2017/09/la_cruzada_congreso_arqueológico.jpg 640w, http://cebilbilitanos.com/wp-content/uploads/2017/09/la_cruzada_congreso_arqueológico-215x300.jpg 215w" sizes="(max-width: 640px) 100vw, 640px" /><p id="caption-attachment-1801" class="wp-caption-text">Colaboración de Vicente de la Fuente en La Cruzada, acerca del Congreso Arqueológico de Amberes de 1867.</p></div>
<p>En 1868 fue escogido para formar parte de la Comisión de Bibliotecas y Archivos, encargada de revisar el reglamento de Archivos a nivel nacional “<i>en una de las sesiones últimas conseguí que retirasen los tres proyectos de reglamento independientes y se refundieran en uno sólo para bibliotecas, archivos y museos</i>”. Don Vicente consiguió también que las Audiencias pasaran todo su material anterior al siglo XIX a los archivos históricos.</p>
<div id="attachment_1804" style="width: 650px" class="wp-caption aligncenter"><img aria-describedby="caption-attachment-1804" decoding="async" loading="lazy" class="size-full wp-image-1804" src="http://cebilbilitanos.com/wp-content/uploads/2017/09/real_academia_de_la_historia.jpg" alt="" width="640" height="635" srcset="http://cebilbilitanos.com/wp-content/uploads/2017/09/real_academia_de_la_historia.jpg 640w, http://cebilbilitanos.com/wp-content/uploads/2017/09/real_academia_de_la_historia-150x150.jpg 150w, http://cebilbilitanos.com/wp-content/uploads/2017/09/real_academia_de_la_historia-300x298.jpg 300w" sizes="(max-width: 640px) 100vw, 640px" /><p id="caption-attachment-1804" class="wp-caption-text">La Real Academia de la Historia, que contaba con de la Fuente como miembro, adornada por el nacimiento del futuro Alfonso XII en 1857.</p></div>
<hr />
<ol>
<li><a href="http://ifc.dpz.es/recursos/publicaciones/32/81/_ebook.pdf">Descargar la sopa de los conventos, edición crítica de Álvaro Capalvo</a>.</li>
<li><a href="https://books.google.com.pr/books?id=4Uk9VYz_JrkC&amp;printsec=frontcover&amp;hl=es&amp;source=gbs_ge_summary_r&amp;cad=0#v=onepage&amp;q&amp;f=false">Ver La España Sagrada (Tomo L, Tarazona y Tudela)</a></li>
<li><a href="https://books.google.es/books?id=GofdozOog9QC&amp;printsec=frontcover&amp;hl=es#v=onepage&amp;q&amp;f=false">Ver la España Sagrada (Tomo XLIX,Tarazona)</a></li>
</ol>
<p><a href="http://cebilbilitanos.com/?page_id=1756">Volver</a></p>

<p>Volver “Soy el hombre más feliz del mundo, pues contento con lo que tengo, sin desear nada más, viviendo en la Corte, como en un desierto, hecho un ratón de biblioteca, sin hablar casi de política, en materia de textos &hellip; <a href="http://cebilbilitanos.com/?page_id=1800">Sigue leyendo <span class="meta-nav">&rarr;</span></a></p>
