{"id":1790,"date":"2017-09-02T07:42:17","date_gmt":"2017-09-02T07:42:17","guid":{"rendered":"http:\/\/cebilbilitanos.com\/?page_id=1790"},"modified":"2017-09-07T18:12:34","modified_gmt":"2017-09-07T18:12:34","slug":"etapa-salmantina","status":"publish","type":"page","link":"http:\/\/cebilbilitanos.com\/?page_id=1790","title":{"rendered":"Etapa salmantina"},"content":{"rendered":"<p><a href=\"http:\/\/cebilbilitanos.com\/?page_id=1756\">Volver<\/a><\/p>\n<p><img decoding=\"async\" loading=\"lazy\" class=\"aligncenter size-full wp-image-1964\" src=\"http:\/\/cebilbilitanos.com\/wp-content\/uploads\/2017\/09\/4panel-1.jpg\" alt=\"\" width=\"640\" height=\"1120\" srcset=\"http:\/\/cebilbilitanos.com\/wp-content\/uploads\/2017\/09\/4panel-1.jpg 640w, http:\/\/cebilbilitanos.com\/wp-content\/uploads\/2017\/09\/4panel-1-171x300.jpg 171w, http:\/\/cebilbilitanos.com\/wp-content\/uploads\/2017\/09\/4panel-1-585x1024.jpg 585w\" sizes=\"(max-width: 640px) 100vw, 640px\" \/><\/p>\n<p><strong><span style=\"color: #800000;\"><em>\u201c Ya no soy hijo de Cisneros, sino Salmanticense&#8230;el d\u00eda 7 de junio &#8230;tom\u00e9 all\u00ed posesi\u00f3n all\u00ed, quieta y pac\u00edficamente (como hacemos los gordos de buena ley) de la c\u00e1tedra de 4\u00ba de Jurisprudenciade aquella Universidad&#8230;\u00a1de Salamanca!.\u201d<\/em><\/span><\/strong><\/p>\n<p>Vicente de la Fuente intent\u00f3, con grandes dificultades, abrirse camino dentro de la Universidad. En esa \u00e9poca alcanz\u00f3 los grados de regente tanto en Teolog\u00eda como en Jurisprudencia; m\u00e1s tarde el de sustituto de C\u00e1tedra. Sin embargo, varias \u201ccacicadas\u201d acad\u00e9micas le impidieron entonces, obtener el anhelado puesto fijo.<\/p>\n<div id=\"attachment_1792\" style=\"width: 650px\" class=\"wp-caption aligncenter\"><img aria-describedby=\"caption-attachment-1792\" decoding=\"async\" loading=\"lazy\" class=\"size-full wp-image-1792\" src=\"http:\/\/cebilbilitanos.com\/wp-content\/uploads\/2017\/09\/biblioteca-universidad-Salamanca.jpg\" alt=\"\" width=\"640\" height=\"425\" srcset=\"http:\/\/cebilbilitanos.com\/wp-content\/uploads\/2017\/09\/biblioteca-universidad-Salamanca.jpg 640w, http:\/\/cebilbilitanos.com\/wp-content\/uploads\/2017\/09\/biblioteca-universidad-Salamanca-300x199.jpg 300w\" sizes=\"(max-width: 640px) 100vw, 640px\" \/><p id=\"caption-attachment-1792\" class=\"wp-caption-text\">Vicente de la Fuente trabaj\u00f3 en el cat\u00e1logo de la Biblioteca universitaria de Salamanca.<\/p><\/div>\n<p>Por fin, en 1852, fue nombrado catedr\u00e1tico de cuarto de Jurisprudencia en la Universidad de Salamanca donde, alejado de la convulsa situaci\u00f3n pol\u00edtica que se dejaba sentir en Madrid, llev\u00f3 a cabo diversos trabajos como el cat\u00e1logo de la biblioteca universitaria, el inventario de algunos monumentos salmantinos, o comisiones para la Real Academia de la Historia. Destaca especialmente la <i>Relaci\u00f3n de las excavaciones practicadas en el claustro del convento de San Agust\u00edn de Salamanca con objeto de descubrir y exhumar los restos de Fray Luis de Le\u00f3n<\/i>.<\/p>\n<div id=\"attachment_1793\" style=\"width: 650px\" class=\"wp-caption aligncenter\"><img aria-describedby=\"caption-attachment-1793\" decoding=\"async\" loading=\"lazy\" class=\"size-full wp-image-1793\" src=\"http:\/\/cebilbilitanos.com\/wp-content\/uploads\/2017\/09\/relaci\u00f3n_de_las_excavaciones_de_san_agustin.jpg\" alt=\"\" width=\"640\" height=\"964\" srcset=\"http:\/\/cebilbilitanos.com\/wp-content\/uploads\/2017\/09\/relaci\u00f3n_de_las_excavaciones_de_san_agustin.jpg 640w, http:\/\/cebilbilitanos.com\/wp-content\/uploads\/2017\/09\/relaci\u00f3n_de_las_excavaciones_de_san_agustin-199x300.jpg 199w\" sizes=\"(max-width: 640px) 100vw, 640px\" \/><p id=\"caption-attachment-1793\" class=\"wp-caption-text\">Comisionado por la Real\u00a0Academia de la Historia, para la b\u00fasqueda de los restos de Fray Luis de Le\u00f3n en Salamanca.<\/p><\/div>\n<div id=\"attachment_1795\" style=\"width: 650px\" class=\"wp-caption aligncenter\"><img aria-describedby=\"caption-attachment-1795\" decoding=\"async\" loading=\"lazy\" class=\"size-full wp-image-1795\" src=\"http:\/\/cebilbilitanos.com\/wp-content\/uploads\/2017\/09\/Ruinas-de-San-Agust\u00edn-1853.jpg\" alt=\"\" width=\"640\" height=\"492\" srcset=\"http:\/\/cebilbilitanos.com\/wp-content\/uploads\/2017\/09\/Ruinas-de-San-Agust\u00edn-1853.jpg 640w, http:\/\/cebilbilitanos.com\/wp-content\/uploads\/2017\/09\/Ruinas-de-San-Agust\u00edn-1853-300x231.jpg 300w\" sizes=\"(max-width: 640px) 100vw, 640px\" \/><p id=\"caption-attachment-1795\" class=\"wp-caption-text\">Don Vicente luch\u00f3 con encono para evitar la p\u00e9rdida del rico patrimonio salmantino. (Iglesia de San Agust\u00edn).<\/p><\/div>\n<p>En 1857 Claudio Moyano, ministro de Fomento, promulg\u00f3 las bases de la instrucci\u00f3n p\u00fablica que fueron las creadoras de la moderna universidad espa\u00f1ola. Vicente de la Fuente, en aquel momento, fue trasladado de nuevo a Madrid. En la facultad de Derecho imparti\u00f3 la asignatura de Historia y Disciplina de la Iglesia, la cual ense\u00f1\u00f3 hasta su muerte. En estos a\u00f1os se dedic\u00f3 a editar obras de Santa Teresa, Feijoo, Graci\u00e1n, Rivadeneira e, incluso, un poema latino del siglo XII, por el que recibi\u00f3 una felicitaci\u00f3n papal.<\/p>\n<div id=\"attachment_1794\" style=\"width: 459px\" class=\"wp-caption aligncenter\"><img aria-describedby=\"caption-attachment-1794\" decoding=\"async\" loading=\"lazy\" class=\"size-full wp-image-1794\" src=\"http:\/\/cebilbilitanos.com\/wp-content\/uploads\/2017\/09\/Claudio_Moyano_en_La_Ilustraci\u00f3n_Espa\u00f1ola_y_Americana.jpg\" alt=\"\" width=\"449\" height=\"574\" srcset=\"http:\/\/cebilbilitanos.com\/wp-content\/uploads\/2017\/09\/Claudio_Moyano_en_La_Ilustraci\u00f3n_Espa\u00f1ola_y_Americana.jpg 449w, http:\/\/cebilbilitanos.com\/wp-content\/uploads\/2017\/09\/Claudio_Moyano_en_La_Ilustraci\u00f3n_Espa\u00f1ola_y_Americana-235x300.jpg 235w\" sizes=\"(max-width: 449px) 100vw, 449px\" \/><p id=\"caption-attachment-1794\" class=\"wp-caption-text\">Claudio Moyano fue impulsor de la reforma del sistema educativo espa\u00f1ol en 1857.<\/p><\/div>\n<p>En 1861 consolid\u00f3 su carrera ingresando en la Real Academia de la Historia, haciendo su entrada en dicha instituci\u00f3n con un discurso sobre las Comunidades de Arag\u00f3n. En el plano personal Don Vicente, se cas\u00f3 en ese mismo a\u00f1o con la navarra Eusebia Marug\u00e1n y Jarobe.<\/p>\n<div id=\"attachment_1796\" style=\"width: 650px\" class=\"wp-caption aligncenter\"><img aria-describedby=\"caption-attachment-1796\" decoding=\"async\" loading=\"lazy\" class=\"size-full wp-image-1796\" src=\"http:\/\/cebilbilitanos.com\/wp-content\/uploads\/2017\/09\/Eusebia-Marug\u00e1n-mujer-de-D.-Vicente.jpg\" alt=\"\" width=\"640\" height=\"1194\" srcset=\"http:\/\/cebilbilitanos.com\/wp-content\/uploads\/2017\/09\/Eusebia-Marug\u00e1n-mujer-de-D.-Vicente.jpg 640w, http:\/\/cebilbilitanos.com\/wp-content\/uploads\/2017\/09\/Eusebia-Marug\u00e1n-mujer-de-D.-Vicente-161x300.jpg 161w, http:\/\/cebilbilitanos.com\/wp-content\/uploads\/2017\/09\/Eusebia-Marug\u00e1n-mujer-de-D.-Vicente-549x1024.jpg 549w\" sizes=\"(max-width: 640px) 100vw, 640px\" \/><p id=\"caption-attachment-1796\" class=\"wp-caption-text\">Eusebia Marug\u00e1n, esposa de Vicente de la Fuente.<\/p><\/div>\n<p><a href=\"http:\/\/cebilbilitanos.com\/?page_id=1756\">Volver<\/a><\/p>\n","protected":false},"excerpt":{"rendered":"<p>Volver \u201c Ya no soy hijo de Cisneros, sino Salmanticense&#8230;el d\u00eda 7 de junio &#8230;tom\u00e9 all\u00ed posesi\u00f3n all\u00ed, quieta y pac\u00edficamente (como hacemos los gordos de buena ley) de la c\u00e1tedra de 4\u00ba de Jurisprudenciade aquella Universidad&#8230;\u00a1de Salamanca!.\u201d Vicente de &hellip; <a href=\"http:\/\/cebilbilitanos.com\/?page_id=1790\">Sigue leyendo <span class=\"meta-nav\">&rarr;<\/span><\/a><\/p>\n","protected":false},"author":1,"featured_media":0,"parent":1756,"menu_order":0,"comment_status":"closed","ping_status":"closed","template":"","meta":[],"_links":{"self":[{"href":"http:\/\/cebilbilitanos.com\/index.php?rest_route=\/wp\/v2\/pages\/1790"}],"collection":[{"href":"http:\/\/cebilbilitanos.com\/index.php?rest_route=\/wp\/v2\/pages"}],"about":[{"href":"http:\/\/cebilbilitanos.com\/index.php?rest_route=\/wp\/v2\/types\/page"}],"author":[{"embeddable":true,"href":"http:\/\/cebilbilitanos.com\/index.php?rest_route=\/wp\/v2\/users\/1"}],"replies":[{"embeddable":true,"href":"http:\/\/cebilbilitanos.com\/index.php?rest_route=%2Fwp%2Fv2%2Fcomments&post=1790"}],"version-history":[{"count":4,"href":"http:\/\/cebilbilitanos.com\/index.php?rest_route=\/wp\/v2\/pages\/1790\/revisions"}],"predecessor-version":[{"id":1965,"href":"http:\/\/cebilbilitanos.com\/index.php?rest_route=\/wp\/v2\/pages\/1790\/revisions\/1965"}],"up":[{"embeddable":true,"href":"http:\/\/cebilbilitanos.com\/index.php?rest_route=\/wp\/v2\/pages\/1756"}],"wp:attachment":[{"href":"http:\/\/cebilbilitanos.com\/index.php?rest_route=%2Fwp%2Fv2%2Fmedia&parent=1790"}],"curies":[{"name":"wp","href":"https:\/\/api.w.org\/{rel}","templated":true}]}}

<p><a href="http://cebilbilitanos.com/?page_id=1756">Volver</a></p>
<p><img decoding="async" loading="lazy" class="aligncenter size-full wp-image-1964" src="http://cebilbilitanos.com/wp-content/uploads/2017/09/4panel-1.jpg" alt="" width="640" height="1120" srcset="http://cebilbilitanos.com/wp-content/uploads/2017/09/4panel-1.jpg 640w, http://cebilbilitanos.com/wp-content/uploads/2017/09/4panel-1-171x300.jpg 171w, http://cebilbilitanos.com/wp-content/uploads/2017/09/4panel-1-585x1024.jpg 585w" sizes="(max-width: 640px) 100vw, 640px" /></p>
<p><strong><span style="color: #800000;"><em>“ Ya no soy hijo de Cisneros, sino Salmanticense&#8230;el día 7 de junio &#8230;tomé allí posesión allí, quieta y pacíficamente (como hacemos los gordos de buena ley) de la cátedra de 4º de Jurisprudenciade aquella Universidad&#8230;¡de Salamanca!.”</em></span></strong></p>
<p>Vicente de la Fuente intentó, con grandes dificultades, abrirse camino dentro de la Universidad. En esa época alcanzó los grados de regente tanto en Teología como en Jurisprudencia; más tarde el de sustituto de Cátedra. Sin embargo, varias “cacicadas” académicas le impidieron entonces, obtener el anhelado puesto fijo.</p>
<div id="attachment_1792" style="width: 650px" class="wp-caption aligncenter"><img aria-describedby="caption-attachment-1792" decoding="async" loading="lazy" class="size-full wp-image-1792" src="http://cebilbilitanos.com/wp-content/uploads/2017/09/biblioteca-universidad-Salamanca.jpg" alt="" width="640" height="425" srcset="http://cebilbilitanos.com/wp-content/uploads/2017/09/biblioteca-universidad-Salamanca.jpg 640w, http://cebilbilitanos.com/wp-content/uploads/2017/09/biblioteca-universidad-Salamanca-300x199.jpg 300w" sizes="(max-width: 640px) 100vw, 640px" /><p id="caption-attachment-1792" class="wp-caption-text">Vicente de la Fuente trabajó en el catálogo de la Biblioteca universitaria de Salamanca.</p></div>
<p>Por fin, en 1852, fue nombrado catedrático de cuarto de Jurisprudencia en la Universidad de Salamanca donde, alejado de la convulsa situación política que se dejaba sentir en Madrid, llevó a cabo diversos trabajos como el catálogo de la biblioteca universitaria, el inventario de algunos monumentos salmantinos, o comisiones para la Real Academia de la Historia. Destaca especialmente la <i>Relación de las excavaciones practicadas en el claustro del convento de San Agustín de Salamanca con objeto de descubrir y exhumar los restos de Fray Luis de León</i>.</p>
<div id="attachment_1793" style="width: 650px" class="wp-caption aligncenter"><img aria-describedby="caption-attachment-1793" decoding="async" loading="lazy" class="size-full wp-image-1793" src="http://cebilbilitanos.com/wp-content/uploads/2017/09/relación_de_las_excavaciones_de_san_agustin.jpg" alt="" width="640" height="964" srcset="http://cebilbilitanos.com/wp-content/uploads/2017/09/relación_de_las_excavaciones_de_san_agustin.jpg 640w, http://cebilbilitanos.com/wp-content/uploads/2017/09/relación_de_las_excavaciones_de_san_agustin-199x300.jpg 199w" sizes="(max-width: 640px) 100vw, 640px" /><p id="caption-attachment-1793" class="wp-caption-text">Comisionado por la Real Academia de la Historia, para la búsqueda de los restos de Fray Luis de León en Salamanca.</p></div>
<div id="attachment_1795" style="width: 650px" class="wp-caption aligncenter"><img aria-describedby="caption-attachment-1795" decoding="async" loading="lazy" class="size-full wp-image-1795" src="http://cebilbilitanos.com/wp-content/uploads/2017/09/Ruinas-de-San-Agustín-1853.jpg" alt="" width="640" height="492" srcset="http://cebilbilitanos.com/wp-content/uploads/2017/09/Ruinas-de-San-Agustín-1853.jpg 640w, http://cebilbilitanos.com/wp-content/uploads/2017/09/Ruinas-de-San-Agustín-1853-300x231.jpg 300w" sizes="(max-width: 640px) 100vw, 640px" /><p id="caption-attachment-1795" class="wp-caption-text">Don Vicente luchó con encono para evitar la pérdida del rico patrimonio salmantino. (Iglesia de San Agustín).</p></div>
<p>En 1857 Claudio Moyano, ministro de Fomento, promulgó las bases de la instrucción pública que fueron las creadoras de la moderna universidad española. Vicente de la Fuente, en aquel momento, fue trasladado de nuevo a Madrid. En la facultad de Derecho impartió la asignatura de Historia y Disciplina de la Iglesia, la cual enseñó hasta su muerte. En estos años se dedicó a editar obras de Santa Teresa, Feijoo, Gracián, Rivadeneira e, incluso, un poema latino del siglo XII, por el que recibió una felicitación papal.</p>
<div id="attachment_1794" style="width: 459px" class="wp-caption aligncenter"><img aria-describedby="caption-attachment-1794" decoding="async" loading="lazy" class="size-full wp-image-1794" src="http://cebilbilitanos.com/wp-content/uploads/2017/09/Claudio_Moyano_en_La_Ilustración_Española_y_Americana.jpg" alt="" width="449" height="574" srcset="http://cebilbilitanos.com/wp-content/uploads/2017/09/Claudio_Moyano_en_La_Ilustración_Española_y_Americana.jpg 449w, http://cebilbilitanos.com/wp-content/uploads/2017/09/Claudio_Moyano_en_La_Ilustración_Española_y_Americana-235x300.jpg 235w" sizes="(max-width: 449px) 100vw, 449px" /><p id="caption-attachment-1794" class="wp-caption-text">Claudio Moyano fue impulsor de la reforma del sistema educativo español en 1857.</p></div>
<p>En 1861 consolidó su carrera ingresando en la Real Academia de la Historia, haciendo su entrada en dicha institución con un discurso sobre las Comunidades de Aragón. En el plano personal Don Vicente, se casó en ese mismo año con la navarra Eusebia Marugán y Jarobe.</p>
<div id="attachment_1796" style="width: 650px" class="wp-caption aligncenter"><img aria-describedby="caption-attachment-1796" decoding="async" loading="lazy" class="size-full wp-image-1796" src="http://cebilbilitanos.com/wp-content/uploads/2017/09/Eusebia-Marugán-mujer-de-D.-Vicente.jpg" alt="" width="640" height="1194" srcset="http://cebilbilitanos.com/wp-content/uploads/2017/09/Eusebia-Marugán-mujer-de-D.-Vicente.jpg 640w, http://cebilbilitanos.com/wp-content/uploads/2017/09/Eusebia-Marugán-mujer-de-D.-Vicente-161x300.jpg 161w, http://cebilbilitanos.com/wp-content/uploads/2017/09/Eusebia-Marugán-mujer-de-D.-Vicente-549x1024.jpg 549w" sizes="(max-width: 640px) 100vw, 640px" /><p id="caption-attachment-1796" class="wp-caption-text">Eusebia Marugán, esposa de Vicente de la Fuente.</p></div>
<p><a href="http://cebilbilitanos.com/?page_id=1756">Volver</a></p>

<p>Volver “ Ya no soy hijo de Cisneros, sino Salmanticense&#8230;el día 7 de junio &#8230;tomé allí posesión allí, quieta y pacíficamente (como hacemos los gordos de buena ley) de la cátedra de 4º de Jurisprudenciade aquella Universidad&#8230;¡de Salamanca!.” Vicente de &hellip; <a href="http://cebilbilitanos.com/?page_id=1790">Sigue leyendo <span class="meta-nav">&rarr;</span></a></p>
