{"id":1780,"date":"2017-09-02T07:33:00","date_gmt":"2017-09-02T07:33:00","guid":{"rendered":"http:\/\/cebilbilitanos.com\/?page_id=1780"},"modified":"2017-09-03T10:37:24","modified_gmt":"2017-09-03T10:37:24","slug":"primera-etapa-en-madrid","status":"publish","type":"page","link":"http:\/\/cebilbilitanos.com\/?page_id=1780","title":{"rendered":"Primera etapa en Madrid"},"content":{"rendered":"<p><a href=\"http:\/\/cebilbilitanos.com\/?page_id=1756\">Volver<\/a><\/p>\n<p><img decoding=\"async\" loading=\"lazy\" class=\"aligncenter size-full wp-image-1782\" src=\"http:\/\/cebilbilitanos.com\/wp-content\/uploads\/2017\/09\/3panel.jpg\" alt=\"\" width=\"640\" height=\"1120\" srcset=\"http:\/\/cebilbilitanos.com\/wp-content\/uploads\/2017\/09\/3panel.jpg 640w, http:\/\/cebilbilitanos.com\/wp-content\/uploads\/2017\/09\/3panel-171x300.jpg 171w, http:\/\/cebilbilitanos.com\/wp-content\/uploads\/2017\/09\/3panel-585x1024.jpg 585w\" sizes=\"(max-width: 640px) 100vw, 640px\" \/><\/p>\n<p><span style=\"color: #800000;\"><strong><em>\u00abAdem\u00e1s del repaso del Derecho Patrio que tengo dos veces a la semana con mis insubordinados disc\u00edpulos, tengo sustituci\u00f3n de c\u00e1tedra, y diariamente una lecci\u00f3n de geograf\u00eda e historia a un Condesito&#8230;explico ret\u00f3rica y po\u00e9tica&#8230;anoto&#8230;refundo&#8230;reviso&#8230;y resisto\u00bb<\/em><\/strong><\/span><\/p>\n<p>Aunque no abandon\u00f3 la \u00edntima relaci\u00f3n que le un\u00eda a la antigua Universidad de Alcal\u00e1, en el a\u00f1o 1837, Vicente de la Fuente, continu\u00f3 sus estudios en Madrid.<\/p>\n<div id=\"attachment_1783\" style=\"width: 650px\" class=\"wp-caption aligncenter\"><img aria-describedby=\"caption-attachment-1783\" decoding=\"async\" loading=\"lazy\" class=\"size-full wp-image-1783\" src=\"http:\/\/cebilbilitanos.com\/wp-content\/uploads\/2017\/09\/patio_san_isidro.jpg\" alt=\"\" width=\"640\" height=\"853\" srcset=\"http:\/\/cebilbilitanos.com\/wp-content\/uploads\/2017\/09\/patio_san_isidro.jpg 640w, http:\/\/cebilbilitanos.com\/wp-content\/uploads\/2017\/09\/patio_san_isidro-225x300.jpg 225w\" sizes=\"(max-width: 640px) 100vw, 640px\" \/><p id=\"caption-attachment-1783\" class=\"wp-caption-text\">De la Fuente fue profesor en los Estudios Nacionales de San Isidro.<\/p><\/div>\n<p>En 1841 obtuvo el doctorado en teolog\u00eda. En el a\u00f1o 1844 culmin\u00f3 su formaci\u00f3n licenci\u00e1ndose en jurisprudencia, momento en el que entr\u00f3 a formar parte del Colegio de Abogados de Madrid. En ese mismo a\u00f1o fue nombrado profesor acad\u00e9mico de ciencias eclesi\u00e1sticas en los Estudios Nacionales de San Isidro donde curs\u00f3 hebreo y \u00e1rabe, consiguiendo excelentes calificaciones en ambas materias. Tambi\u00e9n ingres\u00f3 en la Academia Matritense de Legislaci\u00f3n. Esta instituci\u00f3n le reconoci\u00f3 pronto sus m\u00e9ritos, ya que, adem\u00e1s de aceptarle entre sus miembros lo nombr\u00f3 su bibliotecario.<\/p>\n<div id=\"attachment_1785\" style=\"width: 650px\" class=\"wp-caption aligncenter\"><img aria-describedby=\"caption-attachment-1785\" decoding=\"async\" loading=\"lazy\" class=\"size-full wp-image-1785\" src=\"http:\/\/cebilbilitanos.com\/wp-content\/uploads\/2017\/09\/primera_sede_universidad.jpg\" alt=\"\" width=\"640\" height=\"480\" srcset=\"http:\/\/cebilbilitanos.com\/wp-content\/uploads\/2017\/09\/primera_sede_universidad.jpg 640w, http:\/\/cebilbilitanos.com\/wp-content\/uploads\/2017\/09\/primera_sede_universidad-300x225.jpg 300w\" sizes=\"(max-width: 640px) 100vw, 640px\" \/><p id=\"caption-attachment-1785\" class=\"wp-caption-text\">Convento de las Salesas Nuevas, primera sede de la Universidad en Madrid.<\/p><\/div>\n<p><img decoding=\"async\" loading=\"lazy\" class=\"aligncenter size-full wp-image-1787\" src=\"http:\/\/cebilbilitanos.com\/wp-content\/uploads\/2017\/09\/primera_sede_universidad_antigua.jpg\" alt=\"\" width=\"640\" height=\"845\" srcset=\"http:\/\/cebilbilitanos.com\/wp-content\/uploads\/2017\/09\/primera_sede_universidad_antigua.jpg 640w, http:\/\/cebilbilitanos.com\/wp-content\/uploads\/2017\/09\/primera_sede_universidad_antigua-227x300.jpg 227w\" sizes=\"(max-width: 640px) 100vw, 640px\" \/><\/p>\n<p>Tras terminar su formaci\u00f3n, don Vicente, intent\u00f3 labrar un futuro dentro de la Universidad dej\u00e1ndose llevar por su vocaci\u00f3n pedag\u00f3gica. A pesar de sus m\u00e9ritos tard\u00f3 tiempo en encontrar un puesto estable dentro de ella.<\/p>\n<div id=\"attachment_1786\" style=\"width: 650px\" class=\"wp-caption aligncenter\"><img aria-describedby=\"caption-attachment-1786\" decoding=\"async\" loading=\"lazy\" class=\"size-full wp-image-1786\" src=\"http:\/\/cebilbilitanos.com\/wp-content\/uploads\/2017\/09\/biblioteca_madrid.jpg\" alt=\"\" width=\"640\" height=\"480\" srcset=\"http:\/\/cebilbilitanos.com\/wp-content\/uploads\/2017\/09\/biblioteca_madrid.jpg 640w, http:\/\/cebilbilitanos.com\/wp-content\/uploads\/2017\/09\/biblioteca_madrid-300x225.jpg 300w\" sizes=\"(max-width: 640px) 100vw, 640px\" \/><p id=\"caption-attachment-1786\" class=\"wp-caption-text\">En el solar del noviciado de los<br \/>Jesuitas se situar\u00e1 la biblioteca de la Universidad madrile\u00f1a<br \/>inaugurada en 1849.<\/p><\/div>\n<p>En aquel momento la instituci\u00f3n universitaria se encontraba en pleno cambio debido a las reformas impuestas en los primeros a\u00f1os del reinado de Isabel II. En ese ambiente enrarecido don Vicente, fue nombrado bibliotecario mayor interino de la Universidad madrile\u00f1a, sin sueldo, debido a las dificultades financieras de dicha organizaci\u00f3n. Su dif\u00edcil misi\u00f3n fue la de trasladar la gran biblioteca de la antigua sede de Alcal\u00e1 de Henares, a la nueva de Madrid. Se dedic\u00f3 a poner al d\u00eda el cat\u00e1logo de libros, muchos de ellos perdidos hasta que, en 1848, por fin se llev\u00f3 a cabo el traslado definitivo. Sin medios materiales ni personal, distribuy\u00f3, clasific\u00f3 y coloc\u00f3 en tres meses los m\u00e1s de 20.000 vol\u00famenes que la formaban, a la nueva sede de la calle Noviciado. Servida por \u00e9l mismo, consigui\u00f3 abrirla al p\u00fablico el 10 de enero de 1849.<\/p>\n<div id=\"attachment_1784\" style=\"width: 650px\" class=\"wp-caption aligncenter\"><img aria-describedby=\"caption-attachment-1784\" decoding=\"async\" loading=\"lazy\" class=\"size-full wp-image-1784\" src=\"http:\/\/cebilbilitanos.com\/wp-content\/uploads\/2017\/09\/biblioteca_universidad_alcal\u00e1.jpg\" alt=\"\" width=\"640\" height=\"480\" srcset=\"http:\/\/cebilbilitanos.com\/wp-content\/uploads\/2017\/09\/biblioteca_universidad_alcal\u00e1.jpg 640w, http:\/\/cebilbilitanos.com\/wp-content\/uploads\/2017\/09\/biblioteca_universidad_alcal\u00e1-300x225.jpg 300w\" sizes=\"(max-width: 640px) 100vw, 640px\" \/><p id=\"caption-attachment-1784\" class=\"wp-caption-text\">Antigua biblioteca de la\u00a0Universidad de Alcal\u00e1 de Henares.<\/p><\/div>\n<p><a href=\"http:\/\/cebilbilitanos.com\/?page_id=1756\">Volver<\/a><\/p>\n","protected":false},"excerpt":{"rendered":"<p>Volver \u00abAdem\u00e1s del repaso del Derecho Patrio que tengo dos veces a la semana con mis insubordinados disc\u00edpulos, tengo sustituci\u00f3n de c\u00e1tedra, y diariamente una lecci\u00f3n de geograf\u00eda e historia a un Condesito&#8230;explico ret\u00f3rica y po\u00e9tica&#8230;anoto&#8230;refundo&#8230;reviso&#8230;y resisto\u00bb Aunque no abandon\u00f3 &hellip; <a href=\"http:\/\/cebilbilitanos.com\/?page_id=1780\">Sigue leyendo <span class=\"meta-nav\">&rarr;<\/span><\/a><\/p>\n","protected":false},"author":1,"featured_media":0,"parent":1756,"menu_order":0,"comment_status":"closed","ping_status":"closed","template":"","meta":[],"_links":{"self":[{"href":"http:\/\/cebilbilitanos.com\/index.php?rest_route=\/wp\/v2\/pages\/1780"}],"collection":[{"href":"http:\/\/cebilbilitanos.com\/index.php?rest_route=\/wp\/v2\/pages"}],"about":[{"href":"http:\/\/cebilbilitanos.com\/index.php?rest_route=\/wp\/v2\/types\/page"}],"author":[{"embeddable":true,"href":"http:\/\/cebilbilitanos.com\/index.php?rest_route=\/wp\/v2\/users\/1"}],"replies":[{"embeddable":true,"href":"http:\/\/cebilbilitanos.com\/index.php?rest_route=%2Fwp%2Fv2%2Fcomments&post=1780"}],"version-history":[{"count":2,"href":"http:\/\/cebilbilitanos.com\/index.php?rest_route=\/wp\/v2\/pages\/1780\/revisions"}],"predecessor-version":[{"id":1908,"href":"http:\/\/cebilbilitanos.com\/index.php?rest_route=\/wp\/v2\/pages\/1780\/revisions\/1908"}],"up":[{"embeddable":true,"href":"http:\/\/cebilbilitanos.com\/index.php?rest_route=\/wp\/v2\/pages\/1756"}],"wp:attachment":[{"href":"http:\/\/cebilbilitanos.com\/index.php?rest_route=%2Fwp%2Fv2%2Fmedia&parent=1780"}],"curies":[{"name":"wp","href":"https:\/\/api.w.org\/{rel}","templated":true}]}}

<p><a href="http://cebilbilitanos.com/?page_id=1756">Volver</a></p>
<p><img decoding="async" loading="lazy" class="aligncenter size-full wp-image-1782" src="http://cebilbilitanos.com/wp-content/uploads/2017/09/3panel.jpg" alt="" width="640" height="1120" srcset="http://cebilbilitanos.com/wp-content/uploads/2017/09/3panel.jpg 640w, http://cebilbilitanos.com/wp-content/uploads/2017/09/3panel-171x300.jpg 171w, http://cebilbilitanos.com/wp-content/uploads/2017/09/3panel-585x1024.jpg 585w" sizes="(max-width: 640px) 100vw, 640px" /></p>
<p><span style="color: #800000;"><strong><em>«Además del repaso del Derecho Patrio que tengo dos veces a la semana con mis insubordinados discípulos, tengo sustitución de cátedra, y diariamente una lección de geografía e historia a un Condesito&#8230;explico retórica y poética&#8230;anoto&#8230;refundo&#8230;reviso&#8230;y resisto»</em></strong></span></p>
<p>Aunque no abandonó la íntima relación que le unía a la antigua Universidad de Alcalá, en el año 1837, Vicente de la Fuente, continuó sus estudios en Madrid.</p>
<div id="attachment_1783" style="width: 650px" class="wp-caption aligncenter"><img aria-describedby="caption-attachment-1783" decoding="async" loading="lazy" class="size-full wp-image-1783" src="http://cebilbilitanos.com/wp-content/uploads/2017/09/patio_san_isidro.jpg" alt="" width="640" height="853" srcset="http://cebilbilitanos.com/wp-content/uploads/2017/09/patio_san_isidro.jpg 640w, http://cebilbilitanos.com/wp-content/uploads/2017/09/patio_san_isidro-225x300.jpg 225w" sizes="(max-width: 640px) 100vw, 640px" /><p id="caption-attachment-1783" class="wp-caption-text">De la Fuente fue profesor en los Estudios Nacionales de San Isidro.</p></div>
<p>En 1841 obtuvo el doctorado en teología. En el año 1844 culminó su formación licenciándose en jurisprudencia, momento en el que entró a formar parte del Colegio de Abogados de Madrid. En ese mismo año fue nombrado profesor académico de ciencias eclesiásticas en los Estudios Nacionales de San Isidro donde cursó hebreo y árabe, consiguiendo excelentes calificaciones en ambas materias. También ingresó en la Academia Matritense de Legislación. Esta institución le reconoció pronto sus méritos, ya que, además de aceptarle entre sus miembros lo nombró su bibliotecario.</p>
<div id="attachment_1785" style="width: 650px" class="wp-caption aligncenter"><img aria-describedby="caption-attachment-1785" decoding="async" loading="lazy" class="size-full wp-image-1785" src="http://cebilbilitanos.com/wp-content/uploads/2017/09/primera_sede_universidad.jpg" alt="" width="640" height="480" srcset="http://cebilbilitanos.com/wp-content/uploads/2017/09/primera_sede_universidad.jpg 640w, http://cebilbilitanos.com/wp-content/uploads/2017/09/primera_sede_universidad-300x225.jpg 300w" sizes="(max-width: 640px) 100vw, 640px" /><p id="caption-attachment-1785" class="wp-caption-text">Convento de las Salesas Nuevas, primera sede de la Universidad en Madrid.</p></div>
<p><img decoding="async" loading="lazy" class="aligncenter size-full wp-image-1787" src="http://cebilbilitanos.com/wp-content/uploads/2017/09/primera_sede_universidad_antigua.jpg" alt="" width="640" height="845" srcset="http://cebilbilitanos.com/wp-content/uploads/2017/09/primera_sede_universidad_antigua.jpg 640w, http://cebilbilitanos.com/wp-content/uploads/2017/09/primera_sede_universidad_antigua-227x300.jpg 227w" sizes="(max-width: 640px) 100vw, 640px" /></p>
<p>Tras terminar su formación, don Vicente, intentó labrar un futuro dentro de la Universidad dejándose llevar por su vocación pedagógica. A pesar de sus méritos tardó tiempo en encontrar un puesto estable dentro de ella.</p>
<div id="attachment_1786" style="width: 650px" class="wp-caption aligncenter"><img aria-describedby="caption-attachment-1786" decoding="async" loading="lazy" class="size-full wp-image-1786" src="http://cebilbilitanos.com/wp-content/uploads/2017/09/biblioteca_madrid.jpg" alt="" width="640" height="480" srcset="http://cebilbilitanos.com/wp-content/uploads/2017/09/biblioteca_madrid.jpg 640w, http://cebilbilitanos.com/wp-content/uploads/2017/09/biblioteca_madrid-300x225.jpg 300w" sizes="(max-width: 640px) 100vw, 640px" /><p id="caption-attachment-1786" class="wp-caption-text">En el solar del noviciado de los<br />Jesuitas se situará la biblioteca de la Universidad madrileña<br />inaugurada en 1849.</p></div>
<p>En aquel momento la institución universitaria se encontraba en pleno cambio debido a las reformas impuestas en los primeros años del reinado de Isabel II. En ese ambiente enrarecido don Vicente, fue nombrado bibliotecario mayor interino de la Universidad madrileña, sin sueldo, debido a las dificultades financieras de dicha organización. Su difícil misión fue la de trasladar la gran biblioteca de la antigua sede de Alcalá de Henares, a la nueva de Madrid. Se dedicó a poner al día el catálogo de libros, muchos de ellos perdidos hasta que, en 1848, por fin se llevó a cabo el traslado definitivo. Sin medios materiales ni personal, distribuyó, clasificó y colocó en tres meses los más de 20.000 volúmenes que la formaban, a la nueva sede de la calle Noviciado. Servida por él mismo, consiguió abrirla al público el 10 de enero de 1849.</p>
<div id="attachment_1784" style="width: 650px" class="wp-caption aligncenter"><img aria-describedby="caption-attachment-1784" decoding="async" loading="lazy" class="size-full wp-image-1784" src="http://cebilbilitanos.com/wp-content/uploads/2017/09/biblioteca_universidad_alcalá.jpg" alt="" width="640" height="480" srcset="http://cebilbilitanos.com/wp-content/uploads/2017/09/biblioteca_universidad_alcalá.jpg 640w, http://cebilbilitanos.com/wp-content/uploads/2017/09/biblioteca_universidad_alcalá-300x225.jpg 300w" sizes="(max-width: 640px) 100vw, 640px" /><p id="caption-attachment-1784" class="wp-caption-text">Antigua biblioteca de la Universidad de Alcalá de Henares.</p></div>
<p><a href="http://cebilbilitanos.com/?page_id=1756">Volver</a></p>

<p>Volver «Además del repaso del Derecho Patrio que tengo dos veces a la semana con mis insubordinados discípulos, tengo sustitución de cátedra, y diariamente una lección de geografía e historia a un Condesito&#8230;explico retórica y poética&#8230;anoto&#8230;refundo&#8230;reviso&#8230;y resisto» Aunque no abandonó &hellip; <a href="http://cebilbilitanos.com/?page_id=1780">Sigue leyendo <span class="meta-nav">&rarr;</span></a></p>
