{"id":1769,"date":"2017-09-02T07:19:54","date_gmt":"2017-09-02T07:19:54","guid":{"rendered":"http:\/\/cebilbilitanos.com\/?page_id=1769"},"modified":"2017-09-07T19:08:10","modified_gmt":"2017-09-07T19:08:10","slug":"primera-formacion-academica","status":"publish","type":"page","link":"http:\/\/cebilbilitanos.com\/?page_id=1769","title":{"rendered":"Primera formaci\u00f3n acad\u00e9mica"},"content":{"rendered":"<p><a href=\"http:\/\/cebilbilitanos.com\/?page_id=1756\">Volver<\/a><\/p>\n<p><img decoding=\"async\" loading=\"lazy\" class=\"aligncenter size-full wp-image-1770\" src=\"http:\/\/cebilbilitanos.com\/wp-content\/uploads\/2017\/09\/2panel.jpg\" alt=\"\" width=\"640\" height=\"1120\" srcset=\"http:\/\/cebilbilitanos.com\/wp-content\/uploads\/2017\/09\/2panel.jpg 640w, http:\/\/cebilbilitanos.com\/wp-content\/uploads\/2017\/09\/2panel-171x300.jpg 171w, http:\/\/cebilbilitanos.com\/wp-content\/uploads\/2017\/09\/2panel-585x1024.jpg 585w\" sizes=\"(max-width: 640px) 100vw, 640px\" \/><\/p>\n<p><span style=\"color: #800000;\"><strong><em>\u00abEra una noche de setiembre de 1836, cuando en pobre veh\u00edculo viajaba de Arag\u00f3n a la Universidad de Alcal\u00e1 de Henares: el estado de los caminos era inseguro, y las facciones, que cruzaban a veces aquella carretera, salteaban las diligencias y quiz\u00e1s perdonaban a los carruajes m\u00e1s modestos.\u00bb<\/em><\/strong><\/span><\/p>\n<p>Desde ni\u00f1o, Vicente, demostr\u00f3 unas buenas cualidades para el estudio por lo que sus padres le procuraron una esmerada educaci\u00f3n. No existiendo en aquel momento en Calatayud una instituci\u00f3n educativa digna de m\u00e9rito, en 1824 estudi\u00f3 en el colegio de los Escolapios de Daroca :\u201c<i>los padres que ten\u00edan deseo de dar a sus hijos alguna mayor instrucci\u00f3n ten\u00edan que mandarlos a los escolapios de Daroca. En 1827 nos llegamos a reunir all\u00ed seis de Calatayud<\/i>\u201d. Posteriormente, Vicente de la Fuente, estudi\u00f3 en los escolapios de Zaragoza y de all\u00ed pas\u00f3 al Seminario de Tudela, lugar donde obtuvo su primera tonsura (entrada a un posible estado clerical) en el a\u00f1o 1829.<\/p>\n<div id=\"attachment_1771\" style=\"width: 650px\" class=\"wp-caption aligncenter\"><img aria-describedby=\"caption-attachment-1771\" decoding=\"async\" loading=\"lazy\" class=\"size-full wp-image-1771\" src=\"http:\/\/cebilbilitanos.com\/wp-content\/uploads\/2017\/09\/escolapiosdeDaroca.jpg\" alt=\"\" width=\"640\" height=\"1040\" srcset=\"http:\/\/cebilbilitanos.com\/wp-content\/uploads\/2017\/09\/escolapiosdeDaroca.jpg 640w, http:\/\/cebilbilitanos.com\/wp-content\/uploads\/2017\/09\/escolapiosdeDaroca-185x300.jpg 185w, http:\/\/cebilbilitanos.com\/wp-content\/uploads\/2017\/09\/escolapiosdeDaroca-630x1024.jpg 630w\" sizes=\"(max-width: 640px) 100vw, 640px\" \/><p id=\"caption-attachment-1771\" class=\"wp-caption-text\">Los Escolapios de Daroca fue la primera instituci\u00f3n acad\u00e9mica que cont\u00f3 con Vicente de la Fuente como alumno<\/p><\/div>\n<p>En 1831 consigui\u00f3 el grado de bachiller de filosof\u00eda por la Universidad de Zaragoza, y en ese mismo a\u00f1o, ingres\u00f3 como becario en una antigua instituci\u00f3n de gran renombre lejos de tierras aragonesas: el colegio de San Ciriaco y Santa Paula o colegio de M\u00e1laga de Alcal\u00e1 de Henares donde comenz\u00f3 estudios de Teolog\u00eda y se licenci\u00f3 en 1837.<\/p>\n<div id=\"attachment_1772\" style=\"width: 650px\" class=\"wp-caption aligncenter\"><img aria-describedby=\"caption-attachment-1772\" decoding=\"async\" loading=\"lazy\" class=\"size-full wp-image-1772\" src=\"http:\/\/cebilbilitanos.com\/wp-content\/uploads\/2017\/09\/colegio_de_m\u00e1laga2.jpg\" alt=\"\" width=\"640\" height=\"853\" srcset=\"http:\/\/cebilbilitanos.com\/wp-content\/uploads\/2017\/09\/colegio_de_m\u00e1laga2.jpg 640w, http:\/\/cebilbilitanos.com\/wp-content\/uploads\/2017\/09\/colegio_de_m\u00e1laga2-225x300.jpg 225w\" sizes=\"(max-width: 640px) 100vw, 640px\" \/><p id=\"caption-attachment-1772\" class=\"wp-caption-text\">Colegio de M\u00e1laga de Alcal\u00e1 de Henares del que lleg\u00f3 a ser rector.<\/p><\/div>\n<p>Vicente de la Fuente tuvo el triste m\u00e9rito de ser el \u00faltimo graduado en aquella antigua universidad cisneriana ya que, los nuevos tiempos, exig\u00edan un traslado de dicha instituci\u00f3n a Madrid; nace as\u00ed la que ser\u00eda la nueva universidad literaria o central, con sede en la Villa y Corte.<\/p>\n<div id=\"attachment_1773\" style=\"width: 662px\" class=\"wp-caption aligncenter\"><img aria-describedby=\"caption-attachment-1773\" decoding=\"async\" loading=\"lazy\" class=\"size-full wp-image-1773\" src=\"http:\/\/cebilbilitanos.com\/wp-content\/uploads\/2017\/09\/Los_espa\u00f1oles_pintados_por_si_mismos_el_estudiante.jpg\" alt=\"\" width=\"652\" height=\"1057\" srcset=\"http:\/\/cebilbilitanos.com\/wp-content\/uploads\/2017\/09\/Los_espa\u00f1oles_pintados_por_si_mismos_el_estudiante.jpg 652w, http:\/\/cebilbilitanos.com\/wp-content\/uploads\/2017\/09\/Los_espa\u00f1oles_pintados_por_si_mismos_el_estudiante-185x300.jpg 185w, http:\/\/cebilbilitanos.com\/wp-content\/uploads\/2017\/09\/Los_espa\u00f1oles_pintados_por_si_mismos_el_estudiante-632x1024.jpg 632w\" sizes=\"(max-width: 652px) 100vw, 652px\" \/><p id=\"caption-attachment-1773\" class=\"wp-caption-text\">La vida estudiantil qued\u00f3 reflejada por Vicente de la Fuente en la publicaci\u00f3n Los espa\u00f1oles pintados por si mismos (1).<\/p><\/div>\n<p>En aquel tiempo, y con s\u00f3lo 20 a\u00f1os, nuestro protagonista fue elegido rector de ese antiguo colegio menor de M\u00e1laga, instituci\u00f3n que intent\u00f3 salvar de su decadencia y de un destino predecible ya que fue cerrado en 1843, a\u00f1o en el que don Vicente, adem\u00e1s, comenz\u00f3 su actividad docente.<\/p>\n<hr \/>\n<ol>\n<li><em>Descargar Los espa\u00f1oles pintados por si mismos<\/em>\u00a0<a href=\"https:\/\/dl.wdl.org\/10635\/service\/10635_1.pdf\">(Volumen 1)<\/a>\u00a0(<a href=\"https:\/\/dl.wdl.org\/10635\/service\/10635_2.pdf\">Volumen 2<\/a>) de la Biblioteca Digital Mundial.<\/li>\n<\/ol>\n<p><a href=\"http:\/\/cebilbilitanos.com\/?page_id=1756\">Volver<\/a><\/p>\n","protected":false},"excerpt":{"rendered":"<p>Volver \u00abEra una noche de setiembre de 1836, cuando en pobre veh\u00edculo viajaba de Arag\u00f3n a la Universidad de Alcal\u00e1 de Henares: el estado de los caminos era inseguro, y las facciones, que cruzaban a veces aquella carretera, salteaban las &hellip; <a href=\"http:\/\/cebilbilitanos.com\/?page_id=1769\">Sigue leyendo <span class=\"meta-nav\">&rarr;<\/span><\/a><\/p>\n","protected":false},"author":1,"featured_media":0,"parent":1756,"menu_order":0,"comment_status":"closed","ping_status":"closed","template":"","meta":[],"_links":{"self":[{"href":"http:\/\/cebilbilitanos.com\/index.php?rest_route=\/wp\/v2\/pages\/1769"}],"collection":[{"href":"http:\/\/cebilbilitanos.com\/index.php?rest_route=\/wp\/v2\/pages"}],"about":[{"href":"http:\/\/cebilbilitanos.com\/index.php?rest_route=\/wp\/v2\/types\/page"}],"author":[{"embeddable":true,"href":"http:\/\/cebilbilitanos.com\/index.php?rest_route=\/wp\/v2\/users\/1"}],"replies":[{"embeddable":true,"href":"http:\/\/cebilbilitanos.com\/index.php?rest_route=%2Fwp%2Fv2%2Fcomments&post=1769"}],"version-history":[{"count":5,"href":"http:\/\/cebilbilitanos.com\/index.php?rest_route=\/wp\/v2\/pages\/1769\/revisions"}],"predecessor-version":[{"id":1977,"href":"http:\/\/cebilbilitanos.com\/index.php?rest_route=\/wp\/v2\/pages\/1769\/revisions\/1977"}],"up":[{"embeddable":true,"href":"http:\/\/cebilbilitanos.com\/index.php?rest_route=\/wp\/v2\/pages\/1756"}],"wp:attachment":[{"href":"http:\/\/cebilbilitanos.com\/index.php?rest_route=%2Fwp%2Fv2%2Fmedia&parent=1769"}],"curies":[{"name":"wp","href":"https:\/\/api.w.org\/{rel}","templated":true}]}}

Primera formación académica

<p><a href="http://cebilbilitanos.com/?page_id=1756">Volver</a></p>
<p><img decoding="async" loading="lazy" class="aligncenter size-full wp-image-1770" src="http://cebilbilitanos.com/wp-content/uploads/2017/09/2panel.jpg" alt="" width="640" height="1120" srcset="http://cebilbilitanos.com/wp-content/uploads/2017/09/2panel.jpg 640w, http://cebilbilitanos.com/wp-content/uploads/2017/09/2panel-171x300.jpg 171w, http://cebilbilitanos.com/wp-content/uploads/2017/09/2panel-585x1024.jpg 585w" sizes="(max-width: 640px) 100vw, 640px" /></p>
<p><span style="color: #800000;"><strong><em>«Era una noche de setiembre de 1836, cuando en pobre vehículo viajaba de Aragón a la Universidad de Alcalá de Henares: el estado de los caminos era inseguro, y las facciones, que cruzaban a veces aquella carretera, salteaban las diligencias y quizás perdonaban a los carruajes más modestos.»</em></strong></span></p>
<p>Desde niño, Vicente, demostró unas buenas cualidades para el estudio por lo que sus padres le procuraron una esmerada educación. No existiendo en aquel momento en Calatayud una institución educativa digna de mérito, en 1824 estudió en el colegio de los Escolapios de Daroca :“<i>los padres que tenían deseo de dar a sus hijos alguna mayor instrucción tenían que mandarlos a los escolapios de Daroca. En 1827 nos llegamos a reunir allí seis de Calatayud</i>”. Posteriormente, Vicente de la Fuente, estudió en los escolapios de Zaragoza y de allí pasó al Seminario de Tudela, lugar donde obtuvo su primera tonsura (entrada a un posible estado clerical) en el año 1829.</p>
<div id="attachment_1771" style="width: 650px" class="wp-caption aligncenter"><img aria-describedby="caption-attachment-1771" decoding="async" loading="lazy" class="size-full wp-image-1771" src="http://cebilbilitanos.com/wp-content/uploads/2017/09/escolapiosdeDaroca.jpg" alt="" width="640" height="1040" srcset="http://cebilbilitanos.com/wp-content/uploads/2017/09/escolapiosdeDaroca.jpg 640w, http://cebilbilitanos.com/wp-content/uploads/2017/09/escolapiosdeDaroca-185x300.jpg 185w, http://cebilbilitanos.com/wp-content/uploads/2017/09/escolapiosdeDaroca-630x1024.jpg 630w" sizes="(max-width: 640px) 100vw, 640px" /><p id="caption-attachment-1771" class="wp-caption-text">Los Escolapios de Daroca fue la primera institución académica que contó con Vicente de la Fuente como alumno</p></div>
<p>En 1831 consiguió el grado de bachiller de filosofía por la Universidad de Zaragoza, y en ese mismo año, ingresó como becario en una antigua institución de gran renombre lejos de tierras aragonesas: el colegio de San Ciriaco y Santa Paula o colegio de Málaga de Alcalá de Henares donde comenzó estudios de Teología y se licenció en 1837.</p>
<div id="attachment_1772" style="width: 650px" class="wp-caption aligncenter"><img aria-describedby="caption-attachment-1772" decoding="async" loading="lazy" class="size-full wp-image-1772" src="http://cebilbilitanos.com/wp-content/uploads/2017/09/colegio_de_málaga2.jpg" alt="" width="640" height="853" srcset="http://cebilbilitanos.com/wp-content/uploads/2017/09/colegio_de_málaga2.jpg 640w, http://cebilbilitanos.com/wp-content/uploads/2017/09/colegio_de_málaga2-225x300.jpg 225w" sizes="(max-width: 640px) 100vw, 640px" /><p id="caption-attachment-1772" class="wp-caption-text">Colegio de Málaga de Alcalá de Henares del que llegó a ser rector.</p></div>
<p>Vicente de la Fuente tuvo el triste mérito de ser el último graduado en aquella antigua universidad cisneriana ya que, los nuevos tiempos, exigían un traslado de dicha institución a Madrid; nace así la que sería la nueva universidad literaria o central, con sede en la Villa y Corte.</p>
<div id="attachment_1773" style="width: 662px" class="wp-caption aligncenter"><img aria-describedby="caption-attachment-1773" decoding="async" loading="lazy" class="size-full wp-image-1773" src="http://cebilbilitanos.com/wp-content/uploads/2017/09/Los_españoles_pintados_por_si_mismos_el_estudiante.jpg" alt="" width="652" height="1057" srcset="http://cebilbilitanos.com/wp-content/uploads/2017/09/Los_españoles_pintados_por_si_mismos_el_estudiante.jpg 652w, http://cebilbilitanos.com/wp-content/uploads/2017/09/Los_españoles_pintados_por_si_mismos_el_estudiante-185x300.jpg 185w, http://cebilbilitanos.com/wp-content/uploads/2017/09/Los_españoles_pintados_por_si_mismos_el_estudiante-632x1024.jpg 632w" sizes="(max-width: 652px) 100vw, 652px" /><p id="caption-attachment-1773" class="wp-caption-text">La vida estudiantil quedó reflejada por Vicente de la Fuente en la publicación Los españoles pintados por si mismos (1).</p></div>
<p>En aquel tiempo, y con sólo 20 años, nuestro protagonista fue elegido rector de ese antiguo colegio menor de Málaga, institución que intentó salvar de su decadencia y de un destino predecible ya que fue cerrado en 1843, año en el que don Vicente, además, comenzó su actividad docente.</p>
<hr />
<ol>
<li><em>Descargar Los españoles pintados por si mismos</em> <a href="https://dl.wdl.org/10635/service/10635_1.pdf">(Volumen 1)</a> (<a href="https://dl.wdl.org/10635/service/10635_2.pdf">Volumen 2</a>) de la Biblioteca Digital Mundial.</li>
</ol>
<p><a href="http://cebilbilitanos.com/?page_id=1756">Volver</a></p>

<p>Volver «Era una noche de setiembre de 1836, cuando en pobre vehículo viajaba de Aragón a la Universidad de Alcalá de Henares: el estado de los caminos era inseguro, y las facciones, que cruzaban a veces aquella carretera, salteaban las &hellip; <a href="http://cebilbilitanos.com/?page_id=1769">Sigue leyendo <span class="meta-nav">&rarr;</span></a></p>
