{"id":1761,"date":"2017-09-01T18:03:30","date_gmt":"2017-09-01T18:03:30","guid":{"rendered":"http:\/\/cebilbilitanos.com\/?page_id=1761"},"modified":"2017-09-03T10:27:40","modified_gmt":"2017-09-03T10:27:40","slug":"primeros-anos","status":"publish","type":"page","link":"http:\/\/cebilbilitanos.com\/?page_id=1761","title":{"rendered":"Primeros a\u00f1os"},"content":{"rendered":"<p><a href=\"http:\/\/cebilbilitanos.com\/?page_id=1756\">Volver<\/a><\/p>\n<p><img decoding=\"async\" loading=\"lazy\" class=\"aligncenter size-full wp-image-1762\" src=\"http:\/\/cebilbilitanos.com\/wp-content\/uploads\/2017\/09\/1panelP.jpg\" alt=\"\" width=\"640\" height=\"1120\" srcset=\"http:\/\/cebilbilitanos.com\/wp-content\/uploads\/2017\/09\/1panelP.jpg 640w, http:\/\/cebilbilitanos.com\/wp-content\/uploads\/2017\/09\/1panelP-171x300.jpg 171w, http:\/\/cebilbilitanos.com\/wp-content\/uploads\/2017\/09\/1panelP-585x1024.jpg 585w\" sizes=\"(max-width: 640px) 100vw, 640px\" \/><\/p>\n<p><span style=\"color: #800000;\"><strong><em>\u201cUna tarde viene a morir junto a mis pies un nacional de caballer\u00eda al lado de las columnas que sostienen el balc\u00f3n en que predic\u00f3 San Vicente en la plaza Mayor. \u00a1Tristes recuerdos los primeros de mi ni\u00f1ez\u201d<\/em><\/strong><\/span><\/p>\n<p>Vicente Jos\u00e9 Valero de la Fuente Cond\u00f3n y Bueno naci\u00f3 un 29 de enero del a\u00f1o 1817 en el domicilio de su familia, sito frente a las casas consistoriales, y junto al balc\u00f3n donde hab\u00eda predicado San Vicente Ferrer, devoci\u00f3n materna de la que tom\u00f3 su nombre, adem\u00e1s de la del santo del d\u00eda, San Valero.<\/p>\n<div id=\"attachment_1763\" style=\"width: 650px\" class=\"wp-caption aligncenter\"><img aria-describedby=\"caption-attachment-1763\" decoding=\"async\" loading=\"lazy\" class=\"size-full wp-image-1763\" src=\"http:\/\/cebilbilitanos.com\/wp-content\/uploads\/2017\/09\/plaza_del_mercado.jpg\" alt=\"\" width=\"640\" height=\"999\" srcset=\"http:\/\/cebilbilitanos.com\/wp-content\/uploads\/2017\/09\/plaza_del_mercado.jpg 640w, http:\/\/cebilbilitanos.com\/wp-content\/uploads\/2017\/09\/plaza_del_mercado-192x300.jpg 192w\" sizes=\"(max-width: 640px) 100vw, 640px\" \/><p id=\"caption-attachment-1763\" class=\"wp-caption-text\">Junto al balc\u00f3n donde predic\u00f3 San Vicente Ferrer se encontraba el domicilio de la familia de la Fuente en 1817 .<\/p><\/div>\n<p>Su familia, perteneciente a la burgues\u00eda bilbilitana, eran comerciantes llegados en el siglo anterior a la ciudad de Calatayud. Sus antepasados eran originarios de Cuenca ciudad en la cual hab\u00edan ejercido el cargo de escribanos p\u00fablicos.<\/p>\n<div id=\"attachment_1764\" style=\"width: 650px\" class=\"wp-caption aligncenter\"><img aria-describedby=\"caption-attachment-1764\" decoding=\"async\" loading=\"lazy\" class=\"size-full wp-image-1764\" src=\"http:\/\/cebilbilitanos.com\/wp-content\/uploads\/2017\/09\/Jos\u00e9-de-la-Fuenterecortada.jpg\" alt=\"\" width=\"640\" height=\"849\" srcset=\"http:\/\/cebilbilitanos.com\/wp-content\/uploads\/2017\/09\/Jos\u00e9-de-la-Fuenterecortada.jpg 640w, http:\/\/cebilbilitanos.com\/wp-content\/uploads\/2017\/09\/Jos\u00e9-de-la-Fuenterecortada-226x300.jpg 226w\" sizes=\"(max-width: 640px) 100vw, 640px\" \/><p id=\"caption-attachment-1764\" class=\"wp-caption-text\">Jos\u00e9 de la Fuente Revuelto , padre de Vicente de la Fuente. Su relaci\u00f3n epistolar fue frecuente a lo largo hasta la muerte de \u00e9ste en 1861 .<\/p><\/div>\n<p>Las convulsiones pol\u00edticas que trajo consigo el trienio liberal (1821-1823) afectaron de lleno a su entorno m\u00e1s cercano ya que Jos\u00e9 de la Fuente, su padre, se signific\u00f3 en aquel momento con un cargo dentro del ayuntamiento. Vicente relataba as\u00ed algunos de sus ingratos recuerdos de infancia:<\/p>\n<p>\u00ab<i>Una noche de verano del a\u00f1o 1822&#8230;desde la sala del piso principal de la casa donde viv\u00eda&#8230;se o\u00edan las canciones insultantes, vociferaciones, tr\u00e1galas y mueras que una turba&#8230;cantaba y dirig\u00eda a la puerta de la botiga o tienda, amenazando subir al balc\u00f3n y tirar por \u00e9l a nuestro padre, que ning\u00fan mal les hab\u00eda hecho&#8230;<\/i>\u201d.<\/p>\n<div id=\"attachment_1766\" style=\"width: 650px\" class=\"wp-caption aligncenter\"><img aria-describedby=\"caption-attachment-1766\" decoding=\"async\" loading=\"lazy\" class=\"size-full wp-image-1766\" src=\"http:\/\/cebilbilitanos.com\/wp-content\/uploads\/2017\/09\/Vista-Calatayud.jpg\" alt=\"\" width=\"640\" height=\"433\" srcset=\"http:\/\/cebilbilitanos.com\/wp-content\/uploads\/2017\/09\/Vista-Calatayud.jpg 640w, http:\/\/cebilbilitanos.com\/wp-content\/uploads\/2017\/09\/Vista-Calatayud-300x203.jpg 300w\" sizes=\"(max-width: 640px) 100vw, 640px\" \/><p id=\"caption-attachment-1766\" class=\"wp-caption-text\">Esta vista de Calatayud, reproducida a tinta por el mismo Vicente de la Fuente, nos da idea del aspecto de la ciudad a mediados del siglo XIX.<\/p><\/div>\n<p>Los a\u00f1os posteriores, aunque alejado de su ciudad natal a causa de sus estudios y profesi\u00f3n, Vicente no fue ajeno al devenir de los acontecimientos, muchas veces tristes, que aqu\u00ed suced\u00edan alternando sus temporadas en su amada patria chica, con una frecuente actividad epistolar con su familia, a la cual se encontraba muy unido.<\/p>\n<div id=\"attachment_1765\" style=\"width: 650px\" class=\"wp-caption aligncenter\"><img aria-describedby=\"caption-attachment-1765\" decoding=\"async\" loading=\"lazy\" class=\"size-full wp-image-1765\" src=\"http:\/\/cebilbilitanos.com\/wp-content\/uploads\/2017\/09\/Rogativa-c\u00f3lera-2.jpg\" alt=\"\" width=\"640\" height=\"907\" srcset=\"http:\/\/cebilbilitanos.com\/wp-content\/uploads\/2017\/09\/Rogativa-c\u00f3lera-2.jpg 640w, http:\/\/cebilbilitanos.com\/wp-content\/uploads\/2017\/09\/Rogativa-c\u00f3lera-2-212x300.jpg 212w\" sizes=\"(max-width: 640px) 100vw, 640px\" \/><p id=\"caption-attachment-1765\" class=\"wp-caption-text\">En la relaci\u00f3n epistolar con su familia era frecuente la aparici\u00f3n de los estragos producidos por el c\u00f3lera. Rogativa del a\u00f1o 1885 en la iglesia de Capuchinas contra la epidemia de c\u00f3lera.<\/p><\/div>\n<p><a href=\"http:\/\/cebilbilitanos.com\/?page_id=1756\">Volver<\/a><\/p>\n","protected":false},"excerpt":{"rendered":"<p>Volver \u201cUna tarde viene a morir junto a mis pies un nacional de caballer\u00eda al lado de las columnas que sostienen el balc\u00f3n en que predic\u00f3 San Vicente en la plaza Mayor. \u00a1Tristes recuerdos los primeros de mi ni\u00f1ez\u201d Vicente &hellip; <a href=\"http:\/\/cebilbilitanos.com\/?page_id=1761\">Sigue leyendo <span class=\"meta-nav\">&rarr;<\/span><\/a><\/p>\n","protected":false},"author":1,"featured_media":0,"parent":1756,"menu_order":0,"comment_status":"closed","ping_status":"closed","template":"","meta":[],"_links":{"self":[{"href":"http:\/\/cebilbilitanos.com\/index.php?rest_route=\/wp\/v2\/pages\/1761"}],"collection":[{"href":"http:\/\/cebilbilitanos.com\/index.php?rest_route=\/wp\/v2\/pages"}],"about":[{"href":"http:\/\/cebilbilitanos.com\/index.php?rest_route=\/wp\/v2\/types\/page"}],"author":[{"embeddable":true,"href":"http:\/\/cebilbilitanos.com\/index.php?rest_route=\/wp\/v2\/users\/1"}],"replies":[{"embeddable":true,"href":"http:\/\/cebilbilitanos.com\/index.php?rest_route=%2Fwp%2Fv2%2Fcomments&post=1761"}],"version-history":[{"count":4,"href":"http:\/\/cebilbilitanos.com\/index.php?rest_route=\/wp\/v2\/pages\/1761\/revisions"}],"predecessor-version":[{"id":1906,"href":"http:\/\/cebilbilitanos.com\/index.php?rest_route=\/wp\/v2\/pages\/1761\/revisions\/1906"}],"up":[{"embeddable":true,"href":"http:\/\/cebilbilitanos.com\/index.php?rest_route=\/wp\/v2\/pages\/1756"}],"wp:attachment":[{"href":"http:\/\/cebilbilitanos.com\/index.php?rest_route=%2Fwp%2Fv2%2Fmedia&parent=1761"}],"curies":[{"name":"wp","href":"https:\/\/api.w.org\/{rel}","templated":true}]}}

Primeros años

<p><a href="http://cebilbilitanos.com/?page_id=1756">Volver</a></p>
<p><img decoding="async" loading="lazy" class="aligncenter size-full wp-image-1762" src="http://cebilbilitanos.com/wp-content/uploads/2017/09/1panelP.jpg" alt="" width="640" height="1120" srcset="http://cebilbilitanos.com/wp-content/uploads/2017/09/1panelP.jpg 640w, http://cebilbilitanos.com/wp-content/uploads/2017/09/1panelP-171x300.jpg 171w, http://cebilbilitanos.com/wp-content/uploads/2017/09/1panelP-585x1024.jpg 585w" sizes="(max-width: 640px) 100vw, 640px" /></p>
<p><span style="color: #800000;"><strong><em>“Una tarde viene a morir junto a mis pies un nacional de caballería al lado de las columnas que sostienen el balcón en que predicó San Vicente en la plaza Mayor. ¡Tristes recuerdos los primeros de mi niñez”</em></strong></span></p>
<p>Vicente José Valero de la Fuente Condón y Bueno nació un 29 de enero del año 1817 en el domicilio de su familia, sito frente a las casas consistoriales, y junto al balcón donde había predicado San Vicente Ferrer, devoción materna de la que tomó su nombre, además de la del santo del día, San Valero.</p>
<div id="attachment_1763" style="width: 650px" class="wp-caption aligncenter"><img aria-describedby="caption-attachment-1763" decoding="async" loading="lazy" class="size-full wp-image-1763" src="http://cebilbilitanos.com/wp-content/uploads/2017/09/plaza_del_mercado.jpg" alt="" width="640" height="999" srcset="http://cebilbilitanos.com/wp-content/uploads/2017/09/plaza_del_mercado.jpg 640w, http://cebilbilitanos.com/wp-content/uploads/2017/09/plaza_del_mercado-192x300.jpg 192w" sizes="(max-width: 640px) 100vw, 640px" /><p id="caption-attachment-1763" class="wp-caption-text">Junto al balcón donde predicó San Vicente Ferrer se encontraba el domicilio de la familia de la Fuente en 1817 .</p></div>
<p>Su familia, perteneciente a la burguesía bilbilitana, eran comerciantes llegados en el siglo anterior a la ciudad de Calatayud. Sus antepasados eran originarios de Cuenca ciudad en la cual habían ejercido el cargo de escribanos públicos.</p>
<div id="attachment_1764" style="width: 650px" class="wp-caption aligncenter"><img aria-describedby="caption-attachment-1764" decoding="async" loading="lazy" class="size-full wp-image-1764" src="http://cebilbilitanos.com/wp-content/uploads/2017/09/José-de-la-Fuenterecortada.jpg" alt="" width="640" height="849" srcset="http://cebilbilitanos.com/wp-content/uploads/2017/09/José-de-la-Fuenterecortada.jpg 640w, http://cebilbilitanos.com/wp-content/uploads/2017/09/José-de-la-Fuenterecortada-226x300.jpg 226w" sizes="(max-width: 640px) 100vw, 640px" /><p id="caption-attachment-1764" class="wp-caption-text">José de la Fuente Revuelto , padre de Vicente de la Fuente. Su relación epistolar fue frecuente a lo largo hasta la muerte de éste en 1861 .</p></div>
<p>Las convulsiones políticas que trajo consigo el trienio liberal (1821-1823) afectaron de lleno a su entorno más cercano ya que José de la Fuente, su padre, se significó en aquel momento con un cargo dentro del ayuntamiento. Vicente relataba así algunos de sus ingratos recuerdos de infancia:</p>
<p>«<i>Una noche de verano del año 1822&#8230;desde la sala del piso principal de la casa donde vivía&#8230;se oían las canciones insultantes, vociferaciones, trágalas y mueras que una turba&#8230;cantaba y dirigía a la puerta de la botiga o tienda, amenazando subir al balcón y tirar por él a nuestro padre, que ningún mal les había hecho&#8230;</i>”.</p>
<div id="attachment_1766" style="width: 650px" class="wp-caption aligncenter"><img aria-describedby="caption-attachment-1766" decoding="async" loading="lazy" class="size-full wp-image-1766" src="http://cebilbilitanos.com/wp-content/uploads/2017/09/Vista-Calatayud.jpg" alt="" width="640" height="433" srcset="http://cebilbilitanos.com/wp-content/uploads/2017/09/Vista-Calatayud.jpg 640w, http://cebilbilitanos.com/wp-content/uploads/2017/09/Vista-Calatayud-300x203.jpg 300w" sizes="(max-width: 640px) 100vw, 640px" /><p id="caption-attachment-1766" class="wp-caption-text">Esta vista de Calatayud, reproducida a tinta por el mismo Vicente de la Fuente, nos da idea del aspecto de la ciudad a mediados del siglo XIX.</p></div>
<p>Los años posteriores, aunque alejado de su ciudad natal a causa de sus estudios y profesión, Vicente no fue ajeno al devenir de los acontecimientos, muchas veces tristes, que aquí sucedían alternando sus temporadas en su amada patria chica, con una frecuente actividad epistolar con su familia, a la cual se encontraba muy unido.</p>
<div id="attachment_1765" style="width: 650px" class="wp-caption aligncenter"><img aria-describedby="caption-attachment-1765" decoding="async" loading="lazy" class="size-full wp-image-1765" src="http://cebilbilitanos.com/wp-content/uploads/2017/09/Rogativa-cólera-2.jpg" alt="" width="640" height="907" srcset="http://cebilbilitanos.com/wp-content/uploads/2017/09/Rogativa-cólera-2.jpg 640w, http://cebilbilitanos.com/wp-content/uploads/2017/09/Rogativa-cólera-2-212x300.jpg 212w" sizes="(max-width: 640px) 100vw, 640px" /><p id="caption-attachment-1765" class="wp-caption-text">En la relación epistolar con su familia era frecuente la aparición de los estragos producidos por el cólera. Rogativa del año 1885 en la iglesia de Capuchinas contra la epidemia de cólera.</p></div>
<p><a href="http://cebilbilitanos.com/?page_id=1756">Volver</a></p>

<p>Volver “Una tarde viene a morir junto a mis pies un nacional de caballería al lado de las columnas que sostienen el balcón en que predicó San Vicente en la plaza Mayor. ¡Tristes recuerdos los primeros de mi niñez” Vicente &hellip; <a href="http://cebilbilitanos.com/?page_id=1761">Sigue leyendo <span class="meta-nav">&rarr;</span></a></p>
