{"id":1733,"date":"2017-08-03T08:27:22","date_gmt":"2017-08-03T08:27:22","guid":{"rendered":"http:\/\/cebilbilitanos.com\/?page_id=1733"},"modified":"2017-08-03T08:34:48","modified_gmt":"2017-08-03T08:34:48","slug":"guia-de-las-orquideas-de-la-comunidad-de-calatayud","status":"publish","type":"page","link":"http:\/\/cebilbilitanos.com\/?page_id=1733","title":{"rendered":"Gu\u00eda de las orqu\u00eddeas de la Comunidad de Calatayud"},"content":{"rendered":"<p><img decoding=\"async\" loading=\"lazy\" class=\"aligncenter size-full wp-image-1734\" src=\"http:\/\/cebilbilitanos.com\/wp-content\/uploads\/2017\/08\/ORQUIDEAS.jpg\" alt=\"\" width=\"179\" height=\"250\" \/><\/p>\n<p><strong>AUTOR:\u00a0<\/strong><strong>Portero Garc\u00e9s, Alberto<\/strong><\/p>\n<p><strong>EDICI\u00d3N:<\/strong><\/p>\n<ul>\n<li><strong>Editado por:\u00a0<\/strong>IFC &#8211; Centro de Estudios Bilbilitanos<\/li>\n<li><strong>Edici\u00f3n:\u00a0<\/strong>134 p., il., 17 x 24 cm, ISBN 978-84-9911-414-9<\/li>\n<li><strong>A\u00f1o edici\u00f3n:\u00a0<\/strong>2016<\/li>\n<\/ul>\n<p><strong>COLECCI\u00d3N:\u00a0<\/strong>Centro de Estudios Bilbilitanos<\/p>\n<p><strong>N\u00ba PUBLICACI\u00d3N:\u00a0<\/strong>3503<\/p>\n<p><strong>PRECIO:\u00a0<\/strong>7,00 \u20ac<\/p>\n<p><strong>MATERIAS:<\/strong><\/p>\n<p><a href=\"http:\/\/ifc.dpz.es\/publicaciones\/listado\/categoria\/23\">CIENCIAS DE LA TIERRA. GEOGRAF\u00cdA. ECONOM\u00cdA<\/a>\u00a0&gt;\u00a0<a href=\"http:\/\/ifc.dpz.es\/publicaciones\/listado\/categoria\/29\">Biolog\u00eda. Fauna y flora. Ecolog\u00eda<\/a>\u00a0.\u00a0<a href=\"http:\/\/ifc.dpz.es\/publicaciones\/listado\/categoria\/91\">ESTUDIOS LOCALES Y COMARCALES<\/a>\u00a0&gt;\u00a0<a href=\"http:\/\/ifc.dpz.es\/publicaciones\/listado\/categoria\/95\">Calatayud<\/a><\/p>\n<p><strong>INFORMACI\u00d3N ADICIONAL:<\/strong><\/p>\n<p>Las orqu\u00eddeas colonizan todo el planeta, y, por supuesto, el continente europeo no es una excepci\u00f3n. En \u00e9l viven m\u00e1s de trescientas especies de este g\u00e9nero, de las que un centenar aproximadamente ocupan el territorio de la Pen\u00ednsula Ib\u00e9rica. Y de este centenar, ochenta y ocho habitan en Arag\u00f3n, de las que un 30%, veintis\u00e9is especies, las podemos encontrar en el territorio de la Comarca de la Comunidad de Calatayud. Los precisos textos y las magn\u00edficas fotograf\u00edas de este libro despertar\u00e1n, sin duda, la curiosidad del lector hacia un mundo maravilloso y sorprendente que est\u00e1 a la puerta de su casa, y servir\u00e1n de llamada de atenci\u00f3n sobre la protecci\u00f3n que debemos a nuestro entorno natural.<\/p>\n","protected":false},"excerpt":{"rendered":"<p>AUTOR:\u00a0Portero Garc\u00e9s, Alberto EDICI\u00d3N: Editado por:\u00a0IFC &#8211; Centro de Estudios Bilbilitanos Edici\u00f3n:\u00a0134 p., il., 17 x 24 cm, ISBN 978-84-9911-414-9 A\u00f1o edici\u00f3n:\u00a02016 COLECCI\u00d3N:\u00a0Centro de Estudios Bilbilitanos N\u00ba PUBLICACI\u00d3N:\u00a03503 PRECIO:\u00a07,00 \u20ac MATERIAS: CIENCIAS DE LA TIERRA. GEOGRAF\u00cdA. ECONOM\u00cdA\u00a0&gt;\u00a0Biolog\u00eda. Fauna y flora. &hellip; <a href=\"http:\/\/cebilbilitanos.com\/?page_id=1733\">Sigue leyendo <span class=\"meta-nav\">&rarr;<\/span><\/a><\/p>\n","protected":false},"author":1,"featured_media":0,"parent":193,"menu_order":0,"comment_status":"closed","ping_status":"closed","template":"","meta":[],"_links":{"self":[{"href":"http:\/\/cebilbilitanos.com\/index.php?rest_route=\/wp\/v2\/pages\/1733"}],"collection":[{"href":"http:\/\/cebilbilitanos.com\/index.php?rest_route=\/wp\/v2\/pages"}],"about":[{"href":"http:\/\/cebilbilitanos.com\/index.php?rest_route=\/wp\/v2\/types\/page"}],"author":[{"embeddable":true,"href":"http:\/\/cebilbilitanos.com\/index.php?rest_route=\/wp\/v2\/users\/1"}],"replies":[{"embeddable":true,"href":"http:\/\/cebilbilitanos.com\/index.php?rest_route=%2Fwp%2Fv2%2Fcomments&post=1733"}],"version-history":[{"count":1,"href":"http:\/\/cebilbilitanos.com\/index.php?rest_route=\/wp\/v2\/pages\/1733\/revisions"}],"predecessor-version":[{"id":1735,"href":"http:\/\/cebilbilitanos.com\/index.php?rest_route=\/wp\/v2\/pages\/1733\/revisions\/1735"}],"up":[{"embeddable":true,"href":"http:\/\/cebilbilitanos.com\/index.php?rest_route=\/wp\/v2\/pages\/193"}],"wp:attachment":[{"href":"http:\/\/cebilbilitanos.com\/index.php?rest_route=%2Fwp%2Fv2%2Fmedia&parent=1733"}],"curies":[{"name":"wp","href":"https:\/\/api.w.org\/{rel}","templated":true}]}}

Guía de las orquídeas de la Comunidad de Calatayud

<p><img decoding="async" loading="lazy" class="aligncenter size-full wp-image-1734" src="http://cebilbilitanos.com/wp-content/uploads/2017/08/ORQUIDEAS.jpg" alt="" width="179" height="250" /></p>
<p><strong>AUTOR: </strong><strong>Portero Garcés, Alberto</strong></p>
<p><strong>EDICIÓN:</strong></p>
<ul>
<li><strong>Editado por: </strong>IFC &#8211; Centro de Estudios Bilbilitanos</li>
<li><strong>Edición: </strong>134 p., il., 17 x 24 cm, ISBN 978-84-9911-414-9</li>
<li><strong>Año edición: </strong>2016</li>
</ul>
<p><strong>COLECCIÓN: </strong>Centro de Estudios Bilbilitanos</p>
<p><strong>Nº PUBLICACIÓN: </strong>3503</p>
<p><strong>PRECIO: </strong>7,00 €</p>
<p><strong>MATERIAS:</strong></p>
<p><a href="http://ifc.dpz.es/publicaciones/listado/categoria/23">CIENCIAS DE LA TIERRA. GEOGRAFÍA. ECONOMÍA</a> &gt; <a href="http://ifc.dpz.es/publicaciones/listado/categoria/29">Biología. Fauna y flora. Ecología</a> . <a href="http://ifc.dpz.es/publicaciones/listado/categoria/91">ESTUDIOS LOCALES Y COMARCALES</a> &gt; <a href="http://ifc.dpz.es/publicaciones/listado/categoria/95">Calatayud</a></p>
<p><strong>INFORMACIÓN ADICIONAL:</strong></p>
<p>Las orquídeas colonizan todo el planeta, y, por supuesto, el continente europeo no es una excepción. En él viven más de trescientas especies de este género, de las que un centenar aproximadamente ocupan el territorio de la Península Ibérica. Y de este centenar, ochenta y ocho habitan en Aragón, de las que un 30%, veintiséis especies, las podemos encontrar en el territorio de la Comarca de la Comunidad de Calatayud. Los precisos textos y las magníficas fotografías de este libro despertarán, sin duda, la curiosidad del lector hacia un mundo maravilloso y sorprendente que está a la puerta de su casa, y servirán de llamada de atención sobre la protección que debemos a nuestro entorno natural.</p>

<p>AUTOR: Portero Garcés, Alberto EDICIÓN: Editado por: IFC &#8211; Centro de Estudios Bilbilitanos Edición: 134 p., il., 17 x 24 cm, ISBN 978-84-9911-414-9 Año edición: 2016 COLECCIÓN: Centro de Estudios Bilbilitanos Nº PUBLICACIÓN: 3503 PRECIO: 7,00 € MATERIAS: CIENCIAS DE LA TIERRA. GEOGRAFÍA. ECONOMÍA &gt; Biología. Fauna y flora. &hellip; <a href="http://cebilbilitanos.com/?page_id=1733">Sigue leyendo <span class="meta-nav">&rarr;</span></a></p>
