{"id":1295,"date":"2016-12-13T16:37:57","date_gmt":"2016-12-13T16:37:57","guid":{"rendered":"http:\/\/cebilbilitanos.com\/?page_id=1295"},"modified":"2016-12-13T16:37:57","modified_gmt":"2016-12-13T16:37:57","slug":"fundacion-casa-de-los-alcaines","status":"publish","type":"page","link":"http:\/\/cebilbilitanos.com\/?page_id=1295","title":{"rendered":"Fundaci\u00f3n Casa de los Alca\u00ednes"},"content":{"rendered":"<h2>FUNDACI\u00d3N CASA DE LOS ALCA\u00cdNES<\/p>\n<p><img decoding=\"async\" loading=\"lazy\" class=\"aligncenter size-full wp-image-1302\" src=\"http:\/\/cebilbilitanos.com\/wp-content\/uploads\/2016\/12\/1.Casa-de-los-Alca\u00ednes-Villarroya.png\" alt=\"1-casa-de-los-alcaines-villarroya\" width=\"579\" height=\"364\" srcset=\"http:\/\/cebilbilitanos.com\/wp-content\/uploads\/2016\/12\/1.Casa-de-los-Alca\u00ednes-Villarroya.png 579w, http:\/\/cebilbilitanos.com\/wp-content\/uploads\/2016\/12\/1.Casa-de-los-Alca\u00ednes-Villarroya-300x189.png 300w\" sizes=\"(max-width: 579px) 100vw, 579px\" \/><\/h2>\n<h2>Contacto<\/h2>\n<ul>\n<li>P\u00e1gina web: <a href=\"http:\/\/fundalcain.jimdo.com\/\" target=\"_blank\">www.fundalcain.jimdo.com<\/a><\/li>\n<li>Correo electr\u00f3nico: <a href=\"mailto:fundalcain@gmail.com\">fundalcain@gmail.com<\/a><\/li>\n<\/ul>\n<h2>\u00c1mbito y l\u00edneas de investigaci\u00f3n:<\/h2>\n<p>Intentamos poner en valor y difundir los valores patrimoniales, de personas, arte, naturaleza de nuestro entorno m\u00e1s pr\u00f3ximo preocup\u00e1ndonos de ofrecer nuevas alternativas culturales en el \u00e1mbito rural.<\/p>\n<h2>Publicaciones:<\/h2>\n<p>Los trabajos pueden ser consultados en formato digital en nuestra p\u00e1gina web.<\/p>\n<h2>Actividades desarrolladas:<\/h2>\n<p>Hemos desarrollado exposiciones sobre los Carlistas en Villarroya, fotograf\u00edas y astrofotograf\u00eda. Tambi\u00e9n se han realizado charlas y exposiciones.<\/p>\n","protected":false},"excerpt":{"rendered":"<p>FUNDACI\u00d3N CASA DE LOS ALCA\u00cdNES Contacto P\u00e1gina web: www.fundalcain.jimdo.com Correo electr\u00f3nico: fundalcain@gmail.com \u00c1mbito y l\u00edneas de investigaci\u00f3n: Intentamos poner en valor y difundir los valores patrimoniales, de personas, arte, naturaleza de nuestro entorno m\u00e1s pr\u00f3ximo preocup\u00e1ndonos de ofrecer nuevas alternativas &hellip; <a href=\"http:\/\/cebilbilitanos.com\/?page_id=1295\">Sigue leyendo <span class=\"meta-nav\">&rarr;<\/span><\/a><\/p>\n","protected":false},"author":1,"featured_media":0,"parent":1290,"menu_order":0,"comment_status":"closed","ping_status":"closed","template":"","meta":[],"_links":{"self":[{"href":"http:\/\/cebilbilitanos.com\/index.php?rest_route=\/wp\/v2\/pages\/1295"}],"collection":[{"href":"http:\/\/cebilbilitanos.com\/index.php?rest_route=\/wp\/v2\/pages"}],"about":[{"href":"http:\/\/cebilbilitanos.com\/index.php?rest_route=\/wp\/v2\/types\/page"}],"author":[{"embeddable":true,"href":"http:\/\/cebilbilitanos.com\/index.php?rest_route=\/wp\/v2\/users\/1"}],"replies":[{"embeddable":true,"href":"http:\/\/cebilbilitanos.com\/index.php?rest_route=%2Fwp%2Fv2%2Fcomments&post=1295"}],"version-history":[{"count":1,"href":"http:\/\/cebilbilitanos.com\/index.php?rest_route=\/wp\/v2\/pages\/1295\/revisions"}],"predecessor-version":[{"id":1310,"href":"http:\/\/cebilbilitanos.com\/index.php?rest_route=\/wp\/v2\/pages\/1295\/revisions\/1310"}],"up":[{"embeddable":true,"href":"http:\/\/cebilbilitanos.com\/index.php?rest_route=\/wp\/v2\/pages\/1290"}],"wp:attachment":[{"href":"http:\/\/cebilbilitanos.com\/index.php?rest_route=%2Fwp%2Fv2%2Fmedia&parent=1295"}],"curies":[{"name":"wp","href":"https:\/\/api.w.org\/{rel}","templated":true}]}}